{"id":432,"date":"2014-11-12T11:14:08","date_gmt":"2014-11-12T10:14:08","guid":{"rendered":"http:\/\/lausitzer-museenland.de\/?page_id=432"},"modified":"2014-12-17T18:00:22","modified_gmt":"2014-12-17T17:00:22","slug":"waschtag","status":"publish","type":"page","link":"https:\/\/www.lausitzer-museenland.de\/dsb\/service\/kobi\/waschtag\/","title":{"rendered":"Waschtag im Niederlausitzer Heidemuseum Spremberg"},"content":{"rendered":"<p>Mit Zinkwanne, Waschbrett und W\u00e4scheleine wird im Bauerngarten gro\u00dfe und kleine W\u00e4sche wieder sauber. Hier erfahrt ihr einiges dar\u00fcber, was Waschfrauen alles leisten mussten und wie beschwerlich die Pflege der W\u00e4sche war.<\/p>\n<p>Das Angebot findet outdoor statt und richtet sich an Sch\u00fcler der Klassen 1 bis 5.<br \/>\nGruppengr\u00f6\u00dfe: 5 bis 20 Personen<br \/>\nTermine: nach Absprache<br \/>\nVoranmeldung: sp\u00e4testens 5 Tage vorher<br \/>\nDauer: ca. 1,5 Stunden<br \/>\nEintritt pro Person: 2,00 \u20ac<\/p>\n<p>Hinweise:<br \/>\nBei einer gr\u00f6\u00dferen Klassenst\u00e4rke ist es notwendig, die Klasse zu teilen. Deshalb bitte evtl. 1\/2 Stunde mehr Zeit einplanen.<\/p>\n<p><a title=\"Niederlausitzer Heidemuseum Spremberg \/ Dolno\u0142u\u017eyski g\u00f3la\u0144ski muzej Grodk\" href=\"\/museen\/niederlausitzer-heidemuseum-spremberg\/\">Niederlausitzer Heidemuseum Spremberg<\/a><\/p>","protected":false},"excerpt":{"rendered":"<p>Mit Zinkwanne, Waschbrett und W\u00e4scheleine wird im Bauerngarten gro\u00dfe und kleine W\u00e4sche wieder sauber. Hier erfahrt ihr einiges dar\u00fcber, was Waschfrauen alles leisten mussten und wie beschwerlich die Pflege der W\u00e4sche war. Das Angebot findet outdoor statt und richtet sich an Sch\u00fcler der Klassen 1 bis 5. Gruppengr\u00f6\u00dfe: 5 bis 20 Personen Termine: nach Absprache<\/p>","protected":false},"author":13,"featured_media":0,"parent":380,"menu_order":0,"comment_status":"closed","ping_status":"closed","template":"","meta":[],"_links":{"self":[{"href":"https:\/\/www.lausitzer-museenland.de\/dsb\/wp-json\/wp\/v2\/pages\/432"}],"collection":[{"href":"https:\/\/www.lausitzer-museenland.de\/dsb\/wp-json\/wp\/v2\/pages"}],"about":[{"href":"https:\/\/www.lausitzer-museenland.de\/dsb\/wp-json\/wp\/v2\/types\/page"}],"author":[{"embeddable":true,"href":"https:\/\/www.lausitzer-museenland.de\/dsb\/wp-json\/wp\/v2\/users\/13"}],"replies":[{"embeddable":true,"href":"https:\/\/www.lausitzer-museenland.de\/dsb\/wp-json\/wp\/v2\/comments?post=432"}],"version-history":[{"count":6,"href":"https:\/\/www.lausitzer-museenland.de\/dsb\/wp-json\/wp\/v2\/pages\/432\/revisions"}],"predecessor-version":[{"id":3669,"href":"https:\/\/www.lausitzer-museenland.de\/dsb\/wp-json\/wp\/v2\/pages\/432\/revisions\/3669"}],"up":[{"embeddable":true,"href":"https:\/\/www.lausitzer-museenland.de\/dsb\/wp-json\/wp\/v2\/pages\/380"}],"wp:attachment":[{"href":"https:\/\/www.lausitzer-museenland.de\/dsb\/wp-json\/wp\/v2\/media?parent=432"}],"curies":[{"name":"wp","href":"https:\/\/api.w.org\/{rel}","templated":true}]}}

<p>Mit Zinkwanne, Waschbrett und Wäscheleine wird im Bauerngarten große und kleine Wäsche wieder sauber. Hier erfahrt ihr einiges darüber, was Waschfrauen alles leisten mussten und wie beschwerlich die Pflege der Wäsche war.</p>
<p>Das Angebot findet outdoor statt und richtet sich an Schüler der Klassen 1 bis 5.<br />
Gruppengröße: 5 bis 20 Personen<br />
Termine: nach Absprache<br />
Voranmeldung: spätestens 5 Tage vorher<br />
Dauer: ca. 1,5 Stunden<br />
Eintritt pro Person: 2,00 €</p>
<p>Hinweise:<br />
Bei einer größeren Klassenstärke ist es notwendig, die Klasse zu teilen. Deshalb bitte evtl. 1/2 Stunde mehr Zeit einplanen.</p>
<p><a title="Niederlausitzer Heidemuseum Spremberg / Dolnołužyski gólański muzej Grodk" href="/museen/niederlausitzer-heidemuseum-spremberg/">Niederlausitzer Heidemuseum Spremberg</a></p>

<p>Mit Zinkwanne, Waschbrett und Wäscheleine wird im Bauerngarten große und kleine Wäsche wieder sauber. Hier erfahrt ihr einiges darüber, was Waschfrauen alles leisten mussten und wie beschwerlich die Pflege der Wäsche war. Das Angebot findet outdoor statt und richtet sich an Schüler der Klassen 1 bis 5. Gruppengröße: 5 bis 20 Personen Termine: nach Absprache</p>
