{"id":443,"date":"2014-11-12T11:22:16","date_gmt":"2014-11-12T10:22:16","guid":{"rendered":"http:\/\/lausitzer-museenland.de\/?page_id=443"},"modified":"2014-12-17T18:04:03","modified_gmt":"2014-12-17T17:04:03","slug":"aluminiumschaugiessen","status":"publish","type":"page","link":"https:\/\/www.lausitzer-museenland.de\/dsb\/service\/kobi\/aluminiumschaugiessen\/","title":{"rendered":"Aluminiumschaugie\u00dfen in der Gie\u00dferei des Eisenh\u00fcttenwerkes Peitz"},"content":{"rendered":"<p>Das Aluminiumschaugie\u00dfen mit dem traditionellen \u201eHandformen\u201c wird in der historischen Hochofenhalle des Eisenh\u00fctten- und Fischereimuseums durchgef\u00fchrt. Unsere G\u00e4ste erhalten w\u00e4hrend der Vorf\u00fchrung fachkundige Erl\u00e4uterungen von einem gelernten Former und Gie\u00dfer.<\/p>\n<p>Das Angebot findet indoor statt und richtet sich an Sch\u00fcler der Klassen 5 bis 13<br \/>\nTermine: nach Absprache<br \/>\nDauer: ca. 1 Stunde<br \/>\nVoranmeldung: sp\u00e4testens drei Wochen vorher<br \/>\nGruppenpreis: 120,00 \u20ac<\/p>\n<p><a title=\"Eisenh\u00fctten- und Fischereimuseum Peitz \/ Hutowy a rybarski muzej Picnjo\" href=\"\/museen\/eisenhuetten-und-fischereimuseum-peitz\/\">Eisenh\u00fctten- und Fischereimuseum Peitz<\/a><\/p>","protected":false},"excerpt":{"rendered":"<p>Das Aluminiumschaugie\u00dfen mit dem traditionellen \u201eHandformen\u201c wird in der historischen Hochofenhalle des Eisenh\u00fctten- und Fischereimuseums durchgef\u00fchrt. Unsere G\u00e4ste erhalten w\u00e4hrend der Vorf\u00fchrung fachkundige Erl\u00e4uterungen von einem gelernten Former und Gie\u00dfer. Das Angebot findet indoor statt und richtet sich an Sch\u00fcler der Klassen 5 bis 13 Termine: nach Absprache Dauer: ca. 1 Stunde Voranmeldung: sp\u00e4testens drei<\/p>","protected":false},"author":13,"featured_media":0,"parent":380,"menu_order":0,"comment_status":"closed","ping_status":"closed","template":"","meta":[],"_links":{"self":[{"href":"https:\/\/www.lausitzer-museenland.de\/dsb\/wp-json\/wp\/v2\/pages\/443"}],"collection":[{"href":"https:\/\/www.lausitzer-museenland.de\/dsb\/wp-json\/wp\/v2\/pages"}],"about":[{"href":"https:\/\/www.lausitzer-museenland.de\/dsb\/wp-json\/wp\/v2\/types\/page"}],"author":[{"embeddable":true,"href":"https:\/\/www.lausitzer-museenland.de\/dsb\/wp-json\/wp\/v2\/users\/13"}],"replies":[{"embeddable":true,"href":"https:\/\/www.lausitzer-museenland.de\/dsb\/wp-json\/wp\/v2\/comments?post=443"}],"version-history":[{"count":6,"href":"https:\/\/www.lausitzer-museenland.de\/dsb\/wp-json\/wp\/v2\/pages\/443\/revisions"}],"predecessor-version":[{"id":3673,"href":"https:\/\/www.lausitzer-museenland.de\/dsb\/wp-json\/wp\/v2\/pages\/443\/revisions\/3673"}],"up":[{"embeddable":true,"href":"https:\/\/www.lausitzer-museenland.de\/dsb\/wp-json\/wp\/v2\/pages\/380"}],"wp:attachment":[{"href":"https:\/\/www.lausitzer-museenland.de\/dsb\/wp-json\/wp\/v2\/media?parent=443"}],"curies":[{"name":"wp","href":"https:\/\/api.w.org\/{rel}","templated":true}]}}