{"id":445,"date":"2014-11-12T11:22:45","date_gmt":"2014-11-12T10:22:45","guid":{"rendered":"http:\/\/lausitzer-museenland.de\/?page_id=445"},"modified":"2014-12-17T18:05:57","modified_gmt":"2014-12-17T17:05:57","slug":"fossilien-hautnah","status":"publish","type":"page","link":"https:\/\/www.lausitzer-museenland.de\/dsb\/service\/kobi\/fossilien-hautnah\/","title":{"rendered":"Fossilien hautnah und zum Anfassen &#8211; ein Zeitsprung auf besondere Art in die Eem-Warmzeit im Freilichtmuseum &#8222;Zeitsprung&#8220; Klinge"},"content":{"rendered":"<p>Das Freilichtmuseum zeigt eine bilderbuchhafte Schichtenfolge der letzten zwei Eiszeiten und der dazwischenliegenden Eem-Warmzeit in ganz besonderer Art. Viele fossile Tier- und Pflanzenfunde machen dieses Gebiet bereits seit 1891 ber\u00fchmt. Man kann in dem begehbaren Bodendenkmal, entlang des Rundweges, auf dem Erlebnispfad und im Kuppelbau die Geschichte hautnah erleben und sich in die Eem-Warmzeit vor ca. 128 000- 115 000 Jahren hinein versetzen. Viele Informationstafeln k\u00f6nnen erforscht werden, und im \u201eFossilium\u201c- unserer Ausgrabungswerkstatt &#8211; kann unter Anleitung nach Fossilien gesucht werden. Auf einem Ausgrabungsprotokoll werden, genauso wie es die richtigen Geologen tun, alle Funde aufgeklebt, bestimmt und beschriftet.<\/p>\n<p>Weitere Informationen zum Angebot:<br \/>\nNach einer F\u00fchrung durch das Freilichtmuseum folgt die Arbeit im \u201eFossilium\u201c. Je nach Klassengr\u00f6\u00dfe kann in zwei bis drei Gruppen gearbeitet werden, siehe \u201eErg\u00e4nzende Angebote\u201c (Dauer ca. 2 Std.)<\/p>\n<p>Das Angebot findet outdoor statt und richtet sich an Sch\u00fcler der Klassen 5 bis 12.<br \/>\nTermine: nach Absprache von M\u00e4rz bis Oktober in der Zeit 9 bis 18 Uhr<br \/>\nVoranmeldung: sp\u00e4testens eine Woche vorher<br \/>\nEintritt pro Person: 2,00 \u20ac<\/p>\n<p>Erg\u00e4nzende Angebote:<br \/>\nje nach Klassenstufe R\u00e4tselrallye, Fossilien gie\u00dfen und bemalen, Information \u00fcber die Entstehung der Braunkohle.<\/p>\n<p><a title=\"Freilichtmuseum \u201cZeitsprung\u201d Klinge \/ Muzeum p\u00f3d go\u0142ym njebjom \u201eCasowy skok\u201c Klinka\" href=\"\/museen\/freilichtmuseum-zeitsprung-klinge\/\">Freilichtmuseum &#8222;Zeitsprung&#8220; Klinge<\/a><\/p>","protected":false},"excerpt":{"rendered":"<p>Das Freilichtmuseum zeigt eine bilderbuchhafte Schichtenfolge der letzten zwei Eiszeiten und der dazwischenliegenden Eem-Warmzeit in ganz besonderer Art. Viele fossile Tier- und Pflanzenfunde machen dieses Gebiet bereits seit 1891 ber\u00fchmt. Man kann in dem begehbaren Bodendenkmal, entlang des Rundweges, auf dem Erlebnispfad und im Kuppelbau die Geschichte hautnah erleben und sich in die Eem-Warmzeit vor<\/p>","protected":false},"author":13,"featured_media":0,"parent":380,"menu_order":0,"comment_status":"closed","ping_status":"closed","template":"","meta":[],"_links":{"self":[{"href":"https:\/\/www.lausitzer-museenland.de\/dsb\/wp-json\/wp\/v2\/pages\/445"}],"collection":[{"href":"https:\/\/www.lausitzer-museenland.de\/dsb\/wp-json\/wp\/v2\/pages"}],"about":[{"href":"https:\/\/www.lausitzer-museenland.de\/dsb\/wp-json\/wp\/v2\/types\/page"}],"author":[{"embeddable":true,"href":"https:\/\/www.lausitzer-museenland.de\/dsb\/wp-json\/wp\/v2\/users\/13"}],"replies":[{"embeddable":true,"href":"https:\/\/www.lausitzer-museenland.de\/dsb\/wp-json\/wp\/v2\/comments?post=445"}],"version-history":[{"count":8,"href":"https:\/\/www.lausitzer-museenland.de\/dsb\/wp-json\/wp\/v2\/pages\/445\/revisions"}],"predecessor-version":[{"id":3674,"href":"https:\/\/www.lausitzer-museenland.de\/dsb\/wp-json\/wp\/v2\/pages\/445\/revisions\/3674"}],"up":[{"embeddable":true,"href":"https:\/\/www.lausitzer-museenland.de\/dsb\/wp-json\/wp\/v2\/pages\/380"}],"wp:attachment":[{"href":"https:\/\/www.lausitzer-museenland.de\/dsb\/wp-json\/wp\/v2\/media?parent=445"}],"curies":[{"name":"wp","href":"https:\/\/api.w.org\/{rel}","templated":true}]}}