{"id":466,"date":"2014-11-12T11:36:40","date_gmt":"2014-11-12T10:36:40","guid":{"rendered":"http:\/\/lausitzer-museenland.de\/?page_id=466"},"modified":"2014-12-17T18:12:16","modified_gmt":"2014-12-17T17:12:16","slug":"erinnerungen-an-eine-schreckliche-zeit","status":"publish","type":"page","link":"https:\/\/www.lausitzer-museenland.de\/dsb\/service\/kobi\/erinnerungen-an-eine-schreckliche-zeit\/","title":{"rendered":"Erinnerungen an eine schreckliche Zeit &#8211; Unsere Heimat am Ende des 2. Weltkrieges &#8211; in der Heimatstube Gro\u00df K\u00f6lzig"},"content":{"rendered":"<p>Zeitzeugen erz\u00e4hlen aus den Kriegs- und Nachkriegszeiten.<\/p>\n<p>Das Angebot findet indoor und outdoor statt und richtet sich an Sch\u00fcler der Klassen 7 bis 10.<br \/>\nTermine: nach Absprache<br \/>\nVoranmeldung: sp\u00e4testens 5 Tage vorher<br \/>\nGruppengr\u00f6\u00dfe: 5 bis 30 Personen<br \/>\nEintritt pro Person: nach Absprache<\/p>\n<p><a title=\"Heimatstube Gro\u00df K\u00f6lzig \/ Domowniska \u015bpa Wjeliki K\u00f3lsk\" href=\"\/museen\/heimatstube-gross-koelzig\/\">Heimatstube Gro\u00df K\u00f6lzig<\/a><\/p>","protected":false},"excerpt":{"rendered":"<p>Zeitzeugen erz\u00e4hlen aus den Kriegs- und Nachkriegszeiten. Das Angebot findet indoor und outdoor statt und richtet sich an Sch\u00fcler der Klassen 7 bis 10. Termine: nach Absprache Voranmeldung: sp\u00e4testens 5 Tage vorher Gruppengr\u00f6\u00dfe: 5 bis 30 Personen Eintritt pro Person: nach Absprache Heimatstube Gro\u00df K\u00f6lzig<\/p>","protected":false},"author":13,"featured_media":0,"parent":380,"menu_order":0,"comment_status":"closed","ping_status":"closed","template":"","meta":[],"_links":{"self":[{"href":"https:\/\/www.lausitzer-museenland.de\/dsb\/wp-json\/wp\/v2\/pages\/466"}],"collection":[{"href":"https:\/\/www.lausitzer-museenland.de\/dsb\/wp-json\/wp\/v2\/pages"}],"about":[{"href":"https:\/\/www.lausitzer-museenland.de\/dsb\/wp-json\/wp\/v2\/types\/page"}],"author":[{"embeddable":true,"href":"https:\/\/www.lausitzer-museenland.de\/dsb\/wp-json\/wp\/v2\/users\/13"}],"replies":[{"embeddable":true,"href":"https:\/\/www.lausitzer-museenland.de\/dsb\/wp-json\/wp\/v2\/comments?post=466"}],"version-history":[{"count":6,"href":"https:\/\/www.lausitzer-museenland.de\/dsb\/wp-json\/wp\/v2\/pages\/466\/revisions"}],"predecessor-version":[{"id":3681,"href":"https:\/\/www.lausitzer-museenland.de\/dsb\/wp-json\/wp\/v2\/pages\/466\/revisions\/3681"}],"up":[{"embeddable":true,"href":"https:\/\/www.lausitzer-museenland.de\/dsb\/wp-json\/wp\/v2\/pages\/380"}],"wp:attachment":[{"href":"https:\/\/www.lausitzer-museenland.de\/dsb\/wp-json\/wp\/v2\/media?parent=466"}],"curies":[{"name":"wp","href":"https:\/\/api.w.org\/{rel}","templated":true}]}}

Erinnerungen an eine schreckliche Zeit &#8211; Unsere Heimat am Ende des 2. Weltkrieges &#8211; in der Heimatstube Groß Kölzig

<p>Zeitzeugen erzählen aus den Kriegs- und Nachkriegszeiten.</p>
<p>Das Angebot findet indoor und outdoor statt und richtet sich an Schüler der Klassen 7 bis 10.<br />
Termine: nach Absprache<br />
Voranmeldung: spätestens 5 Tage vorher<br />
Gruppengröße: 5 bis 30 Personen<br />
Eintritt pro Person: nach Absprache</p>
<p><a title="Heimatstube Groß Kölzig / Domowniska śpa Wjeliki Kólsk" href="/museen/heimatstube-gross-koelzig/">Heimatstube Groß Kölzig</a></p>

<p>Zeitzeugen erzählen aus den Kriegs- und Nachkriegszeiten. Das Angebot findet indoor und outdoor statt und richtet sich an Schüler der Klassen 7 bis 10. Termine: nach Absprache Voranmeldung: spätestens 5 Tage vorher Gruppengröße: 5 bis 30 Personen Eintritt pro Person: nach Absprache Heimatstube Groß Kölzig</p>
