{"id":469,"date":"2014-11-12T11:38:27","date_gmt":"2014-11-12T10:38:27","guid":{"rendered":"http:\/\/lausitzer-museenland.de\/?page_id=469"},"modified":"2017-09-26T12:49:56","modified_gmt":"2017-09-26T11:49:56","slug":"kunsthandwerk-und-dorfgeschichte","status":"publish","type":"page","link":"https:\/\/www.lausitzer-museenland.de\/dsb\/service\/kobi\/kunsthandwerk-und-dorfgeschichte\/","title":{"rendered":"Kunsthandwerk und Dorfgeschichte in der Heimatstube Klein K\u00f6lzig"},"content":{"rendered":"<p>In der Heimatstube wurden Exponate, Dokumente und Fotos zur Ortsgeschichte, zum d\u00f6rflichen Leben mit seinen Vereinen, zum Bergbau, zur Klein K\u00f6lziger Ziegelei und zum Kunsthandwerker des Ortes (Holzschnitzer Karl Gierscher) zusammengetragen.<\/p>\n<p>Das Angebot findet indoor statt und richtet sich an Sch\u00fcler der Klassen 1 bis 10.<br \/>\nTermine: nach Absprache<br \/>\nVoranmeldung: sp\u00e4testens 2 Wochen vorher<\/p>\n<p><a href=\"http:\/\/www.ziegeleibahn-klein-koelzig.de\" target=\"_blank\">Heimatstube Klein K\u00f6lzig<\/a><\/p>","protected":false},"excerpt":{"rendered":"<p>In der Heimatstube wurden Exponate, Dokumente und Fotos zur Ortsgeschichte, zum d\u00f6rflichen Leben mit seinen Vereinen, zum Bergbau, zur Klein K\u00f6lziger Ziegelei und zum Kunsthandwerker des Ortes (Holzschnitzer Karl Gierscher) zusammengetragen. Das Angebot findet indoor statt und richtet sich an Sch\u00fcler der Klassen 1 bis 10. Termine: nach Absprache Voranmeldung: sp\u00e4testens 2 Wochen vorher Heimatstube<\/p>","protected":false},"author":13,"featured_media":0,"parent":380,"menu_order":0,"comment_status":"closed","ping_status":"closed","template":"","meta":[],"_links":{"self":[{"href":"https:\/\/www.lausitzer-museenland.de\/dsb\/wp-json\/wp\/v2\/pages\/469"}],"collection":[{"href":"https:\/\/www.lausitzer-museenland.de\/dsb\/wp-json\/wp\/v2\/pages"}],"about":[{"href":"https:\/\/www.lausitzer-museenland.de\/dsb\/wp-json\/wp\/v2\/types\/page"}],"author":[{"embeddable":true,"href":"https:\/\/www.lausitzer-museenland.de\/dsb\/wp-json\/wp\/v2\/users\/13"}],"replies":[{"embeddable":true,"href":"https:\/\/www.lausitzer-museenland.de\/dsb\/wp-json\/wp\/v2\/comments?post=469"}],"version-history":[{"count":7,"href":"https:\/\/www.lausitzer-museenland.de\/dsb\/wp-json\/wp\/v2\/pages\/469\/revisions"}],"predecessor-version":[{"id":13284,"href":"https:\/\/www.lausitzer-museenland.de\/dsb\/wp-json\/wp\/v2\/pages\/469\/revisions\/13284"}],"up":[{"embeddable":true,"href":"https:\/\/www.lausitzer-museenland.de\/dsb\/wp-json\/wp\/v2\/pages\/380"}],"wp:attachment":[{"href":"https:\/\/www.lausitzer-museenland.de\/dsb\/wp-json\/wp\/v2\/media?parent=469"}],"curies":[{"name":"wp","href":"https:\/\/api.w.org\/{rel}","templated":true}]}}