{"id":473,"date":"2014-11-12T11:41:04","date_gmt":"2014-11-12T10:41:04","guid":{"rendered":"http:\/\/lausitzer-museenland.de\/?page_id=473"},"modified":"2018-08-16T09:18:08","modified_gmt":"2018-08-16T08:18:08","slug":"lieder-zum-zuhoeren-mitsingen-und-mitmachen","status":"publish","type":"page","link":"https:\/\/www.lausitzer-museenland.de\/dsb\/service\/kobi\/lieder-zum-zuhoeren-mitsingen-und-mitmachen\/","title":{"rendered":"H\u00f6r zu &#8211; mach mit! &#8211; Lieder zum Zuh\u00f6ren, Mitsingen und Mitmachen im Heimatmuseum Dissen"},"content":{"rendered":"<p>Lieder zum Zuh\u00f6ren, Mitsingen und Mitmachen: Warum der Drachen nicht die Prinzessin holt, Tiere im Feuerl\u00f6schteich, ein verliebter J\u00fcngling, Tr\u00e4ume von Afrika und die Ferien werden in Liedern vom Liederpoeten Pittkunings besungen.<\/p>\n<p>Das Angebot findet indoor statt und richtet sich an Vorschulkinder bis zur Klasse 4.<br \/>\nTermine: nach Absprache<br \/>\nVoranmeldung: sp\u00e4testens 2 Wochen vorher<br \/>\nGruppengr\u00f6\u00dfe: 6 bis 30 Personen<\/p>\n<p>Nach Absprache k\u00f6nnen verschiedene Angebote des Heimatmuseums miteinander kombiniert werden.<\/p>\n<p><a title=\"Heimatmuseum Dissen \/ Domowniski muzej De\u0161no\" href=\"\/museen\/heimatmuseum-dissen\/\">Heimatmuseum Dissen<\/a><\/p>","protected":false},"excerpt":{"rendered":"<p>Lieder zum Zuh\u00f6ren, Mitsingen und Mitmachen: Warum der Drachen nicht die Prinzessin holt, Tiere im Feuerl\u00f6schteich, ein verliebter J\u00fcngling, Tr\u00e4ume von Afrika und die Ferien werden in Liedern vom Liederpoeten Pittkunings besungen. Das Angebot findet indoor statt und richtet sich an Vorschulkinder bis zur Klasse 4. Termine: nach Absprache Voranmeldung: sp\u00e4testens 2 Wochen vorher Gruppengr\u00f6\u00dfe:<\/p>","protected":false},"author":13,"featured_media":0,"parent":380,"menu_order":0,"comment_status":"closed","ping_status":"closed","template":"","meta":[],"_links":{"self":[{"href":"https:\/\/www.lausitzer-museenland.de\/dsb\/wp-json\/wp\/v2\/pages\/473"}],"collection":[{"href":"https:\/\/www.lausitzer-museenland.de\/dsb\/wp-json\/wp\/v2\/pages"}],"about":[{"href":"https:\/\/www.lausitzer-museenland.de\/dsb\/wp-json\/wp\/v2\/types\/page"}],"author":[{"embeddable":true,"href":"https:\/\/www.lausitzer-museenland.de\/dsb\/wp-json\/wp\/v2\/users\/13"}],"replies":[{"embeddable":true,"href":"https:\/\/www.lausitzer-museenland.de\/dsb\/wp-json\/wp\/v2\/comments?post=473"}],"version-history":[{"count":8,"href":"https:\/\/www.lausitzer-museenland.de\/dsb\/wp-json\/wp\/v2\/pages\/473\/revisions"}],"predecessor-version":[{"id":24518,"href":"https:\/\/www.lausitzer-museenland.de\/dsb\/wp-json\/wp\/v2\/pages\/473\/revisions\/24518"}],"up":[{"embeddable":true,"href":"https:\/\/www.lausitzer-museenland.de\/dsb\/wp-json\/wp\/v2\/pages\/380"}],"wp:attachment":[{"href":"https:\/\/www.lausitzer-museenland.de\/dsb\/wp-json\/wp\/v2\/media?parent=473"}],"curies":[{"name":"wp","href":"https:\/\/api.w.org\/{rel}","templated":true}]}}

Hör zu &#8211; mach mit! &#8211; Lieder zum Zuhören, Mitsingen und Mitmachen im Heimatmuseum Dissen

<p>Lieder zum Zuhören, Mitsingen und Mitmachen: Warum der Drachen nicht die Prinzessin holt, Tiere im Feuerlöschteich, ein verliebter Jüngling, Träume von Afrika und die Ferien werden in Liedern vom Liederpoeten Pittkunings besungen.</p>
<p>Das Angebot findet indoor statt und richtet sich an Vorschulkinder bis zur Klasse 4.<br />
Termine: nach Absprache<br />
Voranmeldung: spätestens 2 Wochen vorher<br />
Gruppengröße: 6 bis 30 Personen</p>
<p>Nach Absprache können verschiedene Angebote des Heimatmuseums miteinander kombiniert werden.</p>
<p><a title="Heimatmuseum Dissen / Domowniski muzej Dešno" href="/museen/heimatmuseum-dissen/">Heimatmuseum Dissen</a></p>

<p>Lieder zum Zuhören, Mitsingen und Mitmachen: Warum der Drachen nicht die Prinzessin holt, Tiere im Feuerlöschteich, ein verliebter Jüngling, Träume von Afrika und die Ferien werden in Liedern vom Liederpoeten Pittkunings besungen. Das Angebot findet indoor statt und richtet sich an Vorschulkinder bis zur Klasse 4. Termine: nach Absprache Voranmeldung: spätestens 2 Wochen vorher Gruppengröße:</p>
