{"id":488,"date":"2014-11-12T11:52:33","date_gmt":"2014-11-12T10:52:33","guid":{"rendered":"http:\/\/lausitzer-museenland.de\/?page_id=488"},"modified":"2018-08-16T09:23:15","modified_gmt":"2018-08-16T08:23:15","slug":"bratapfel-und-maerchen-im-museum","status":"publish","type":"page","link":"https:\/\/www.lausitzer-museenland.de\/dsb\/service\/kobi\/bratapfel-und-maerchen-im-museum\/","title":{"rendered":"Bratapfelzeit &#8211; Bratapfel und M\u00e4rchen im Heimatmuseum Dissen"},"content":{"rendered":"<p>Das Herbst- und Weihnachtsangebot des Museums: Kinderlachen wird wieder zu h\u00f6ren sein, denn es ist Bratapfelzeit. Die Kinder f\u00fcllen ihren eigenen Apfel mit N\u00fcssen, selbstgemachter Marmelade und Rosinen. W\u00e4hrend der Apfel dann 40 Minuten im Ofen br\u00e4t, erz\u00e4hlt Bernd Pittkunings M\u00e4rchen und singt Lieder rund ums Essen. Danach k\u00f6nnen die Kinder endlich kosten, wie ein Bratapfel schmeckt.<\/p>\n<p>Das Angebot findet indoor statt und richtet sich an Vorschulkinder bis zur Klasse 7.<br \/>\nTermine: Oktober bis Februar nach Absprache Montag bis Freitag<br \/>\nVoranmeldung: sp\u00e4testens 2 Wochen vorher<br \/>\nGruppengr\u00f6\u00dfe: 6 bis 30 Personen<\/p>\n<p>Nach Absprache k\u00f6nnen verschiedene Angebote des Heimatmuseums miteinander kombiniert werden.<\/p>\n<p><a title=\"Heimatmuseum Dissen \/ Domowniski muzej De\u0161no\" href=\"\/museen\/heimatmuseum-dissen\/\">Heimatmuseum Dissen<\/a><\/p>","protected":false},"excerpt":{"rendered":"<p>Das Herbst- und Weihnachtsangebot des Museums: Kinderlachen wird wieder zu h\u00f6ren sein, denn es ist Bratapfelzeit. Die Kinder f\u00fcllen ihren eigenen Apfel mit N\u00fcssen, selbstgemachter Marmelade und Rosinen. W\u00e4hrend der Apfel dann 40 Minuten im Ofen br\u00e4t, erz\u00e4hlt Bernd Pittkunings M\u00e4rchen und singt Lieder rund ums Essen. Danach k\u00f6nnen die Kinder endlich kosten, wie ein<\/p>","protected":false},"author":13,"featured_media":0,"parent":380,"menu_order":0,"comment_status":"closed","ping_status":"closed","template":"","meta":[],"_links":{"self":[{"href":"https:\/\/www.lausitzer-museenland.de\/dsb\/wp-json\/wp\/v2\/pages\/488"}],"collection":[{"href":"https:\/\/www.lausitzer-museenland.de\/dsb\/wp-json\/wp\/v2\/pages"}],"about":[{"href":"https:\/\/www.lausitzer-museenland.de\/dsb\/wp-json\/wp\/v2\/types\/page"}],"author":[{"embeddable":true,"href":"https:\/\/www.lausitzer-museenland.de\/dsb\/wp-json\/wp\/v2\/users\/13"}],"replies":[{"embeddable":true,"href":"https:\/\/www.lausitzer-museenland.de\/dsb\/wp-json\/wp\/v2\/comments?post=488"}],"version-history":[{"count":7,"href":"https:\/\/www.lausitzer-museenland.de\/dsb\/wp-json\/wp\/v2\/pages\/488\/revisions"}],"predecessor-version":[{"id":25187,"href":"https:\/\/www.lausitzer-museenland.de\/dsb\/wp-json\/wp\/v2\/pages\/488\/revisions\/25187"}],"up":[{"embeddable":true,"href":"https:\/\/www.lausitzer-museenland.de\/dsb\/wp-json\/wp\/v2\/pages\/380"}],"wp:attachment":[{"href":"https:\/\/www.lausitzer-museenland.de\/dsb\/wp-json\/wp\/v2\/media?parent=488"}],"curies":[{"name":"wp","href":"https:\/\/api.w.org\/{rel}","templated":true}]}}

Bratapfelzeit &#8211; Bratapfel und Märchen im Heimatmuseum Dissen

<p>Das Herbst- und Weihnachtsangebot des Museums: Kinderlachen wird wieder zu hören sein, denn es ist Bratapfelzeit. Die Kinder füllen ihren eigenen Apfel mit Nüssen, selbstgemachter Marmelade und Rosinen. Während der Apfel dann 40 Minuten im Ofen brät, erzählt Bernd Pittkunings Märchen und singt Lieder rund ums Essen. Danach können die Kinder endlich kosten, wie ein Bratapfel schmeckt.</p>
<p>Das Angebot findet indoor statt und richtet sich an Vorschulkinder bis zur Klasse 7.<br />
Termine: Oktober bis Februar nach Absprache Montag bis Freitag<br />
Voranmeldung: spätestens 2 Wochen vorher<br />
Gruppengröße: 6 bis 30 Personen</p>
<p>Nach Absprache können verschiedene Angebote des Heimatmuseums miteinander kombiniert werden.</p>
<p><a title="Heimatmuseum Dissen / Domowniski muzej Dešno" href="/museen/heimatmuseum-dissen/">Heimatmuseum Dissen</a></p>

<p>Das Herbst- und Weihnachtsangebot des Museums: Kinderlachen wird wieder zu hören sein, denn es ist Bratapfelzeit. Die Kinder füllen ihren eigenen Apfel mit Nüssen, selbstgemachter Marmelade und Rosinen. Während der Apfel dann 40 Minuten im Ofen brät, erzählt Bernd Pittkunings Märchen und singt Lieder rund ums Essen. Danach können die Kinder endlich kosten, wie ein</p>
