{"id":502,"date":"2014-11-12T13:48:26","date_gmt":"2014-11-12T12:48:26","guid":{"rendered":"http:\/\/lausitzer-museenland.de\/?page_id=502"},"modified":"2014-12-17T18:25:48","modified_gmt":"2014-12-17T17:25:48","slug":"backofen-brauchtum-und-landestypischer-bauerngarten","status":"publish","type":"page","link":"https:\/\/www.lausitzer-museenland.de\/dsb\/service\/kobi\/backofen-brauchtum-und-landestypischer-bauerngarten\/","title":{"rendered":"Backofen, Brauchtum und landestypischer Bauerngarten im Heimatmuseum Tauer"},"content":{"rendered":"<p>Das liebevoll eingerichtete Museum befindet sich in einer ehemaligen Dorfb\u00e4ckerei. Es beherbergt Ausstellungsgegenst\u00e4nde und Inszenierungen zum Leben der l\u00e4ndlichen Bev\u00f6lkerung, zum sorbischen\/ wendischen Brauchtum und Details aus dem Leben ab dem 18. Jahrhundert in urspr\u00fcnglicher Atmosph\u00e4re. Besonderer Anziehungspunkt sind die niedersorbischen Trachten, von der b\u00e4uerlichen Arbeitstracht bis zur kunstvoll bestickten edlen Festtagstracht. Idyllisch wirkt der unverf\u00e4lschte Hof mit den Wirtschaftsgeb\u00e4uden sowie ein traditioneller Bauern- und Kr\u00e4utergarten.<\/p>\n<p>Das Angebot findet indoor statt und richtet sich an Sch\u00fcler der Klassen 1 bis 10.<br \/>\nTermine: nach Absprache<br \/>\nVoranmeldung: sp\u00e4testens 2 Wochen vorher<br \/>\nEintritt pro Person: 0,50 \u20ac<\/p>\n<p><a title=\"Heimatmuseum Tauer \/ Domowniski muzej Turjej\" href=\"\/museen\/heimatmuseum-tauer\/\">Heimatmuseum Tauer<\/a><\/p>","protected":false},"excerpt":{"rendered":"<p>Das liebevoll eingerichtete Museum befindet sich in einer ehemaligen Dorfb\u00e4ckerei. Es beherbergt Ausstellungsgegenst\u00e4nde und Inszenierungen zum Leben der l\u00e4ndlichen Bev\u00f6lkerung, zum sorbischen\/ wendischen Brauchtum und Details aus dem Leben ab dem 18. Jahrhundert in urspr\u00fcnglicher Atmosph\u00e4re. Besonderer Anziehungspunkt sind die niedersorbischen Trachten, von der b\u00e4uerlichen Arbeitstracht bis zur kunstvoll bestickten edlen Festtagstracht. Idyllisch wirkt der<\/p>","protected":false},"author":13,"featured_media":0,"parent":380,"menu_order":0,"comment_status":"closed","ping_status":"closed","template":"","meta":[],"_links":{"self":[{"href":"https:\/\/www.lausitzer-museenland.de\/dsb\/wp-json\/wp\/v2\/pages\/502"}],"collection":[{"href":"https:\/\/www.lausitzer-museenland.de\/dsb\/wp-json\/wp\/v2\/pages"}],"about":[{"href":"https:\/\/www.lausitzer-museenland.de\/dsb\/wp-json\/wp\/v2\/types\/page"}],"author":[{"embeddable":true,"href":"https:\/\/www.lausitzer-museenland.de\/dsb\/wp-json\/wp\/v2\/users\/13"}],"replies":[{"embeddable":true,"href":"https:\/\/www.lausitzer-museenland.de\/dsb\/wp-json\/wp\/v2\/comments?post=502"}],"version-history":[{"count":7,"href":"https:\/\/www.lausitzer-museenland.de\/dsb\/wp-json\/wp\/v2\/pages\/502\/revisions"}],"predecessor-version":[{"id":3695,"href":"https:\/\/www.lausitzer-museenland.de\/dsb\/wp-json\/wp\/v2\/pages\/502\/revisions\/3695"}],"up":[{"embeddable":true,"href":"https:\/\/www.lausitzer-museenland.de\/dsb\/wp-json\/wp\/v2\/pages\/380"}],"wp:attachment":[{"href":"https:\/\/www.lausitzer-museenland.de\/dsb\/wp-json\/wp\/v2\/media?parent=502"}],"curies":[{"name":"wp","href":"https:\/\/api.w.org\/{rel}","templated":true}]}}

<p>Das liebevoll eingerichtete Museum befindet sich in einer ehemaligen Dorfbäckerei. Es beherbergt Ausstellungsgegenstände und Inszenierungen zum Leben der ländlichen Bevölkerung, zum sorbischen/ wendischen Brauchtum und Details aus dem Leben ab dem 18. Jahrhundert in ursprünglicher Atmosphäre. Besonderer Anziehungspunkt sind die niedersorbischen Trachten, von der bäuerlichen Arbeitstracht bis zur kunstvoll bestickten edlen Festtagstracht. Idyllisch wirkt der unverfälschte Hof mit den Wirtschaftsgebäuden sowie ein traditioneller Bauern- und Kräutergarten.</p>
<p>Das Angebot findet indoor statt und richtet sich an Schüler der Klassen 1 bis 10.<br />
Termine: nach Absprache<br />
Voranmeldung: spätestens 2 Wochen vorher<br />
Eintritt pro Person: 0,50 €</p>
<p><a title="Heimatmuseum Tauer / Domowniski muzej Turjej" href="/museen/heimatmuseum-tauer/">Heimatmuseum Tauer</a></p>

<p>Das liebevoll eingerichtete Museum befindet sich in einer ehemaligen Dorfbäckerei. Es beherbergt Ausstellungsgegenstände und Inszenierungen zum Leben der ländlichen Bevölkerung, zum sorbischen/ wendischen Brauchtum und Details aus dem Leben ab dem 18. Jahrhundert in ursprünglicher Atmosphäre. Besonderer Anziehungspunkt sind die niedersorbischen Trachten, von der bäuerlichen Arbeitstracht bis zur kunstvoll bestickten edlen Festtagstracht. Idyllisch wirkt der</p>
