{"id":505,"date":"2014-11-12T13:50:26","date_gmt":"2014-11-12T12:50:26","guid":{"rendered":"http:\/\/lausitzer-museenland.de\/?page_id=505"},"modified":"2016-06-09T09:58:24","modified_gmt":"2016-06-09T08:58:24","slug":"zeugnisse-der-doeberner-ortsgeschichte","status":"publish","type":"page","link":"https:\/\/www.lausitzer-museenland.de\/dsb\/service\/kobi\/zeugnisse-der-doeberner-ortsgeschichte\/","title":{"rendered":"Zeugnisse der D\u00f6berner Ortsgeschichte in der Heimatstube D\u00f6bern"},"content":{"rendered":"<p>Das \u201eHeimatmuseum D\u00f6bern\u201c befindet sich im Geb\u00e4ude und auf dem Grundst\u00fcck der historischen \u201eAlten Sch\u00e4nke\u201c. Sie beherbergt Zeugnisse der D\u00f6berner Ortsgeschichte. Schwerpunktm\u00e4\u00dfig werden die Glasherstellung, die Bergbaugeschichte als Reviergeschichte und die Hauswirtschaft der l\u00e4ndlich-proletarischen Bev\u00f6lkerung mittels wechselnder Ausstellungsbereiche vorgestellt.<\/p>\n<p>Das Angebot findet indoor statt und richtet sich an Sch\u00fcler der Klassen 1 bis 10.<br \/>\nTermine: nach Absprache<br \/>\nVoranmeldung: sp\u00e4testens 2 Wochen vorher<\/p>\n<p><a title=\"Heimatstube D\u00f6bern \/ Domowniska \u015bpa Derbno\" href=\"\/museen\/heimatstube-doebern\/\">Heimatstube D\u00f6bern<\/a><\/p>","protected":false},"excerpt":{"rendered":"<p>Das \u201eHeimatmuseum D\u00f6bern\u201c befindet sich im Geb\u00e4ude und auf dem Grundst\u00fcck der historischen \u201eAlten Sch\u00e4nke\u201c. Sie beherbergt Zeugnisse der D\u00f6berner Ortsgeschichte. Schwerpunktm\u00e4\u00dfig werden die Glasherstellung, die Bergbaugeschichte als Reviergeschichte und die Hauswirtschaft der l\u00e4ndlich-proletarischen Bev\u00f6lkerung mittels wechselnder Ausstellungsbereiche vorgestellt. Das Angebot findet indoor statt und richtet sich an Sch\u00fcler der Klassen 1 bis 10. Termine:<\/p>","protected":false},"author":13,"featured_media":0,"parent":380,"menu_order":0,"comment_status":"closed","ping_status":"closed","template":"","meta":[],"_links":{"self":[{"href":"https:\/\/www.lausitzer-museenland.de\/dsb\/wp-json\/wp\/v2\/pages\/505"}],"collection":[{"href":"https:\/\/www.lausitzer-museenland.de\/dsb\/wp-json\/wp\/v2\/pages"}],"about":[{"href":"https:\/\/www.lausitzer-museenland.de\/dsb\/wp-json\/wp\/v2\/types\/page"}],"author":[{"embeddable":true,"href":"https:\/\/www.lausitzer-museenland.de\/dsb\/wp-json\/wp\/v2\/users\/13"}],"replies":[{"embeddable":true,"href":"https:\/\/www.lausitzer-museenland.de\/dsb\/wp-json\/wp\/v2\/comments?post=505"}],"version-history":[{"count":5,"href":"https:\/\/www.lausitzer-museenland.de\/dsb\/wp-json\/wp\/v2\/pages\/505\/revisions"}],"predecessor-version":[{"id":4659,"href":"https:\/\/www.lausitzer-museenland.de\/dsb\/wp-json\/wp\/v2\/pages\/505\/revisions\/4659"}],"up":[{"embeddable":true,"href":"https:\/\/www.lausitzer-museenland.de\/dsb\/wp-json\/wp\/v2\/pages\/380"}],"wp:attachment":[{"href":"https:\/\/www.lausitzer-museenland.de\/dsb\/wp-json\/wp\/v2\/media?parent=505"}],"curies":[{"name":"wp","href":"https:\/\/api.w.org\/{rel}","templated":true}]}}