{"id":509,"date":"2014-11-12T13:52:25","date_gmt":"2014-11-12T12:52:25","guid":{"rendered":"http:\/\/lausitzer-museenland.de\/?page_id=509"},"modified":"2018-08-16T09:34:19","modified_gmt":"2018-08-16T08:34:19","slug":"das-kirchenjahr-ler-projekt","status":"publish","type":"page","link":"https:\/\/www.lausitzer-museenland.de\/dsb\/service\/kobi\/das-kirchenjahr-ler-projekt\/","title":{"rendered":"Das Kirchenjahr &#8211; LER-Projekt in der Dissener Kirche"},"content":{"rendered":"<p>In diesem LER-Projekt f\u00fchrt Bernd Pittkunings, als ausgebildeter Katechet, durch die sch\u00f6n verzierte Dissener Kirche. Die Sch\u00fcler lernen alle kirchlichen Feiertage anhand der bemalten Emporen kennen und k\u00f6nnen ihre Fragen \u00fcber Kirche und Gottesdienst stellen.<\/p>\n<p>Das Angebot findet indoor statt und richtet sich an Vorschulkinder und Sch\u00fcler bis zur Klasse 7.<br \/>\nTermine: nach Absprache<br \/>\nVoranmeldung: mindestens 2 Wochen vorher<br \/>\nDauer: 45 Minuten<br \/>\nGruppengr\u00f6\u00dfe: 6 bis 30 Personen<\/p>\n<p>Nach Absprache k\u00f6nnen weitere Angebote des Heimatmuseums genutzt werden.<\/p>\n<p><a title=\"Heimatmuseum Dissen \/ Domowniski muzej De\u0161no\" href=\"\/museen\/heimatmuseum-dissen\/\">Heimatmuseum Dissen<\/a><\/p>","protected":false},"excerpt":{"rendered":"<p>In diesem LER-Projekt f\u00fchrt Bernd Pittkunings, als ausgebildeter Katechet, durch die sch\u00f6n verzierte Dissener Kirche. Die Sch\u00fcler lernen alle kirchlichen Feiertage anhand der bemalten Emporen kennen und k\u00f6nnen ihre Fragen \u00fcber Kirche und Gottesdienst stellen. Das Angebot findet indoor statt und richtet sich an Vorschulkinder und Sch\u00fcler bis zur Klasse 7. Termine: nach Absprache Voranmeldung:<\/p>","protected":false},"author":13,"featured_media":0,"parent":380,"menu_order":0,"comment_status":"closed","ping_status":"closed","template":"","meta":[],"_links":{"self":[{"href":"https:\/\/www.lausitzer-museenland.de\/dsb\/wp-json\/wp\/v2\/pages\/509"}],"collection":[{"href":"https:\/\/www.lausitzer-museenland.de\/dsb\/wp-json\/wp\/v2\/pages"}],"about":[{"href":"https:\/\/www.lausitzer-museenland.de\/dsb\/wp-json\/wp\/v2\/types\/page"}],"author":[{"embeddable":true,"href":"https:\/\/www.lausitzer-museenland.de\/dsb\/wp-json\/wp\/v2\/users\/13"}],"replies":[{"embeddable":true,"href":"https:\/\/www.lausitzer-museenland.de\/dsb\/wp-json\/wp\/v2\/comments?post=509"}],"version-history":[{"count":7,"href":"https:\/\/www.lausitzer-museenland.de\/dsb\/wp-json\/wp\/v2\/pages\/509\/revisions"}],"predecessor-version":[{"id":26358,"href":"https:\/\/www.lausitzer-museenland.de\/dsb\/wp-json\/wp\/v2\/pages\/509\/revisions\/26358"}],"up":[{"embeddable":true,"href":"https:\/\/www.lausitzer-museenland.de\/dsb\/wp-json\/wp\/v2\/pages\/380"}],"wp:attachment":[{"href":"https:\/\/www.lausitzer-museenland.de\/dsb\/wp-json\/wp\/v2\/media?parent=509"}],"curies":[{"name":"wp","href":"https:\/\/api.w.org\/{rel}","templated":true}]}}

<p>In diesem LER-Projekt führt Bernd Pittkunings, als ausgebildeter Katechet, durch die schön verzierte Dissener Kirche. Die Schüler lernen alle kirchlichen Feiertage anhand der bemalten Emporen kennen und können ihre Fragen über Kirche und Gottesdienst stellen.</p>
<p>Das Angebot findet indoor statt und richtet sich an Vorschulkinder und Schüler bis zur Klasse 7.<br />
Termine: nach Absprache<br />
Voranmeldung: mindestens 2 Wochen vorher<br />
Dauer: 45 Minuten<br />
Gruppengröße: 6 bis 30 Personen</p>
<p>Nach Absprache können weitere Angebote des Heimatmuseums genutzt werden.</p>
<p><a title="Heimatmuseum Dissen / Domowniski muzej Dešno" href="/museen/heimatmuseum-dissen/">Heimatmuseum Dissen</a></p>

<p>In diesem LER-Projekt führt Bernd Pittkunings, als ausgebildeter Katechet, durch die schön verzierte Dissener Kirche. Die Schüler lernen alle kirchlichen Feiertage anhand der bemalten Emporen kennen und können ihre Fragen über Kirche und Gottesdienst stellen. Das Angebot findet indoor statt und richtet sich an Vorschulkinder und Schüler bis zur Klasse 7. Termine: nach Absprache Voranmeldung:</p>
