{"id":552,"date":"2014-11-14T16:02:37","date_gmt":"2014-11-14T15:02:37","guid":{"rendered":"http:\/\/lausitzer-museenland.de\/?page_id=552"},"modified":"2014-12-17T16:33:42","modified_gmt":"2014-12-17T15:33:42","slug":"schulzeit-frueher-und-heute","status":"publish","type":"page","link":"https:\/\/www.lausitzer-museenland.de\/dsb\/service\/kobi\/schulzeit-frueher-und-heute\/","title":{"rendered":"Schulzeit &#8211; fr\u00fcher und heute in der -&#8222;Sprucker M\u00fchle&#8220; Guben"},"content":{"rendered":"<p>Den Sch\u00fclern wird im historischen Klassenzimmer des Heimatmuseums \u201eSprucker M\u00fchle&#8220; erkl\u00e4rt und gezeigt, wie und unter welchen Bedingungen fr\u00fcher gelernt wurde. Zugleich wird der Bezug zum \u201eHeute und Hier&#8220; hergestellt.<\/p>\n<p>Das Angebot findet indoor statt und richtet sich an Vorschulkinder sowie Sch\u00fcler der Klassen 1 bis 6.<br \/>\nTermine: nach Absprache<br \/>\nVoranmeldung: mindestens 2 Wochen vorher<br \/>\nDauer: ca. 45 Minuten<br \/>\nGruppengr\u00f6\u00dfe: bis 25 Personen<br \/>\nEintritt pro Person: 1,00 \u20ac bis 2,00 \u20ac (Gubener Kitas und Schulen haben freien Eintritt)<br \/>\nF\u00fcr F\u00fchrungen wird ein Entgelt pro Gruppe in H\u00f6he von 20,00 \u20ac erhoben.<\/p>\n<p><a title=\"\u201eSprucker M\u00fchle\u201c Guben \/ \u201eSprukojski m\u0142yn\u201d Gubin\" href=\"\/museen\/sprucker-muehle-guben\/\">Heimatmuseum Sprucker M\u00fchle<\/a><\/p>","protected":false},"excerpt":{"rendered":"<p>Den Sch\u00fclern wird im historischen Klassenzimmer des Heimatmuseums \u201eSprucker M\u00fchle&#8220; erkl\u00e4rt und gezeigt, wie und unter welchen Bedingungen fr\u00fcher gelernt wurde. Zugleich wird der Bezug zum \u201eHeute und Hier&#8220; hergestellt. Das Angebot findet indoor statt und richtet sich an Vorschulkinder sowie Sch\u00fcler der Klassen 1 bis 6. Termine: nach Absprache Voranmeldung: mindestens 2 Wochen vorher<\/p>","protected":false},"author":13,"featured_media":0,"parent":380,"menu_order":0,"comment_status":"closed","ping_status":"closed","template":"","meta":[],"_links":{"self":[{"href":"https:\/\/www.lausitzer-museenland.de\/dsb\/wp-json\/wp\/v2\/pages\/552"}],"collection":[{"href":"https:\/\/www.lausitzer-museenland.de\/dsb\/wp-json\/wp\/v2\/pages"}],"about":[{"href":"https:\/\/www.lausitzer-museenland.de\/dsb\/wp-json\/wp\/v2\/types\/page"}],"author":[{"embeddable":true,"href":"https:\/\/www.lausitzer-museenland.de\/dsb\/wp-json\/wp\/v2\/users\/13"}],"replies":[{"embeddable":true,"href":"https:\/\/www.lausitzer-museenland.de\/dsb\/wp-json\/wp\/v2\/comments?post=552"}],"version-history":[{"count":6,"href":"https:\/\/www.lausitzer-museenland.de\/dsb\/wp-json\/wp\/v2\/pages\/552\/revisions"}],"predecessor-version":[{"id":3582,"href":"https:\/\/www.lausitzer-museenland.de\/dsb\/wp-json\/wp\/v2\/pages\/552\/revisions\/3582"}],"up":[{"embeddable":true,"href":"https:\/\/www.lausitzer-museenland.de\/dsb\/wp-json\/wp\/v2\/pages\/380"}],"wp:attachment":[{"href":"https:\/\/www.lausitzer-museenland.de\/dsb\/wp-json\/wp\/v2\/media?parent=552"}],"curies":[{"name":"wp","href":"https:\/\/api.w.org\/{rel}","templated":true}]}}

Schulzeit &#8211; früher und heute in der -&#8222;Sprucker Mühle&#8220; Guben

<p>Den Schülern wird im historischen Klassenzimmer des Heimatmuseums „Sprucker Mühle&#8220; erklärt und gezeigt, wie und unter welchen Bedingungen früher gelernt wurde. Zugleich wird der Bezug zum „Heute und Hier&#8220; hergestellt.</p>
<p>Das Angebot findet indoor statt und richtet sich an Vorschulkinder sowie Schüler der Klassen 1 bis 6.<br />
Termine: nach Absprache<br />
Voranmeldung: mindestens 2 Wochen vorher<br />
Dauer: ca. 45 Minuten<br />
Gruppengröße: bis 25 Personen<br />
Eintritt pro Person: 1,00 € bis 2,00 € (Gubener Kitas und Schulen haben freien Eintritt)<br />
Für Führungen wird ein Entgelt pro Gruppe in Höhe von 20,00 € erhoben.</p>
<p><a title="„Sprucker Mühle“ Guben / „Sprukojski młyn” Gubin" href="/museen/sprucker-muehle-guben/">Heimatmuseum Sprucker Mühle</a></p>

<p>Den Schülern wird im historischen Klassenzimmer des Heimatmuseums „Sprucker Mühle&#8220; erklärt und gezeigt, wie und unter welchen Bedingungen früher gelernt wurde. Zugleich wird der Bezug zum „Heute und Hier&#8220; hergestellt. Das Angebot findet indoor statt und richtet sich an Vorschulkinder sowie Schüler der Klassen 1 bis 6. Termine: nach Absprache Voranmeldung: mindestens 2 Wochen vorher</p>
