{"id":555,"date":"2014-11-14T16:05:34","date_gmt":"2014-11-14T15:05:34","guid":{"rendered":"http:\/\/lausitzer-museenland.de\/?page_id=555"},"modified":"2014-12-17T16:34:24","modified_gmt":"2014-12-17T15:34:24","slug":"das-leben-der-menschen-von-damals","status":"publish","type":"page","link":"https:\/\/www.lausitzer-museenland.de\/dsb\/service\/kobi\/das-leben-der-menschen-von-damals\/","title":{"rendered":"Das Leben der Menschen von damals in der &#8222;Sprucker M\u00fchle&#8220; Guben"},"content":{"rendered":"<p>Im historischen Klassenzimmer und in der \u201eAlten K\u00fcche\u201c des Heimatmuseums \u201eSprucker M\u00fchle\u201c wird den Sch\u00fcler\/innen erkl\u00e4rt und gezeigt, wie und unter welchen Bedingungen fr\u00fcher gelernt und gelebt wurde.Zugleich wird der Bezug zum \u201eHeute und Hier\u201c hergestellt.<\/p>\n<p>Das Angebot findet indoor statt und richtet sich an Vorschulkinder sowie Sch\u00fcler der Klassen 1 bis 6.<br \/>\nTermine: nach Absprache<br \/>\nVoranmeldung: mindestens 2 Wochen vorher<br \/>\nDauer: ca. 45 Minuten<br \/>\nGruppengr\u00f6\u00dfe: bis 25 Personen<br \/>\nEintritt pro Person: 1,00 \u20ac bis 2,00 \u20ac (Gubener Kitas und Schulen haben freien Eintritt)<br \/>\nF\u00fcr F\u00fchrungen wird ein Entgelt pro Gruppe in H\u00f6he von 20,00 \u20ac erhoben.<\/p>\n<p><a title=\"\u201eSprucker M\u00fchle\u201c Guben \/ \u201eSprukojski m\u0142yn\u201d Gubin\" href=\"\/museen\/sprucker-muehle-guben\/\">Heimatmuseum &#8222;Sprucker M\u00fchle&#8220;<\/a><\/p>","protected":false},"excerpt":{"rendered":"<p>Im historischen Klassenzimmer und in der \u201eAlten K\u00fcche\u201c des Heimatmuseums \u201eSprucker M\u00fchle\u201c wird den Sch\u00fcler\/innen erkl\u00e4rt und gezeigt, wie und unter welchen Bedingungen fr\u00fcher gelernt und gelebt wurde.Zugleich wird der Bezug zum \u201eHeute und Hier\u201c hergestellt. Das Angebot findet indoor statt und richtet sich an Vorschulkinder sowie Sch\u00fcler der Klassen 1 bis 6. Termine: nach<\/p>","protected":false},"author":13,"featured_media":0,"parent":380,"menu_order":0,"comment_status":"closed","ping_status":"closed","template":"","meta":[],"_links":{"self":[{"href":"https:\/\/www.lausitzer-museenland.de\/dsb\/wp-json\/wp\/v2\/pages\/555"}],"collection":[{"href":"https:\/\/www.lausitzer-museenland.de\/dsb\/wp-json\/wp\/v2\/pages"}],"about":[{"href":"https:\/\/www.lausitzer-museenland.de\/dsb\/wp-json\/wp\/v2\/types\/page"}],"author":[{"embeddable":true,"href":"https:\/\/www.lausitzer-museenland.de\/dsb\/wp-json\/wp\/v2\/users\/13"}],"replies":[{"embeddable":true,"href":"https:\/\/www.lausitzer-museenland.de\/dsb\/wp-json\/wp\/v2\/comments?post=555"}],"version-history":[{"count":3,"href":"https:\/\/www.lausitzer-museenland.de\/dsb\/wp-json\/wp\/v2\/pages\/555\/revisions"}],"predecessor-version":[{"id":3583,"href":"https:\/\/www.lausitzer-museenland.de\/dsb\/wp-json\/wp\/v2\/pages\/555\/revisions\/3583"}],"up":[{"embeddable":true,"href":"https:\/\/www.lausitzer-museenland.de\/dsb\/wp-json\/wp\/v2\/pages\/380"}],"wp:attachment":[{"href":"https:\/\/www.lausitzer-museenland.de\/dsb\/wp-json\/wp\/v2\/media?parent=555"}],"curies":[{"name":"wp","href":"https:\/\/api.w.org\/{rel}","templated":true}]}}

Das Leben der Menschen von damals in der &#8222;Sprucker Mühle&#8220; Guben

<p>Im historischen Klassenzimmer und in der „Alten Küche“ des Heimatmuseums „Sprucker Mühle“ wird den Schüler/innen erklärt und gezeigt, wie und unter welchen Bedingungen früher gelernt und gelebt wurde.Zugleich wird der Bezug zum „Heute und Hier“ hergestellt.</p>
<p>Das Angebot findet indoor statt und richtet sich an Vorschulkinder sowie Schüler der Klassen 1 bis 6.<br />
Termine: nach Absprache<br />
Voranmeldung: mindestens 2 Wochen vorher<br />
Dauer: ca. 45 Minuten<br />
Gruppengröße: bis 25 Personen<br />
Eintritt pro Person: 1,00 € bis 2,00 € (Gubener Kitas und Schulen haben freien Eintritt)<br />
Für Führungen wird ein Entgelt pro Gruppe in Höhe von 20,00 € erhoben.</p>
<p><a title="„Sprucker Mühle“ Guben / „Sprukojski młyn” Gubin" href="/museen/sprucker-muehle-guben/">Heimatmuseum &#8222;Sprucker Mühle&#8220;</a></p>

<p>Im historischen Klassenzimmer und in der „Alten Küche“ des Heimatmuseums „Sprucker Mühle“ wird den Schüler/innen erklärt und gezeigt, wie und unter welchen Bedingungen früher gelernt und gelebt wurde.Zugleich wird der Bezug zum „Heute und Hier“ hergestellt. Das Angebot findet indoor statt und richtet sich an Vorschulkinder sowie Schüler der Klassen 1 bis 6. Termine: nach</p>
