{"id":564,"date":"2014-11-14T16:36:39","date_gmt":"2014-11-14T15:36:39","guid":{"rendered":"http:\/\/lausitzer-museenland.de\/?page_id=564"},"modified":"2014-12-17T16:37:29","modified_gmt":"2014-12-17T15:37:29","slug":"tuche-und-chemiefasern","status":"publish","type":"page","link":"https:\/\/www.lausitzer-museenland.de\/dsb\/service\/kobi\/tuche-und-chemiefasern\/","title":{"rendered":"Tuche und Chemiefasern beim &#8222;Gubener Tuche und Chemiefasern e.V.&#8220;"},"content":{"rendered":"<p>Die Projektteilnehmer besuchen die Ausstellungen zur \u201eGeschichte des ehemaligen Chemiefaserwerkes\u201c und \u201eGeschichte der Gubener Tuchmacher\u201c. Vorgef\u00fchrt wird ein Film \u00fcber die Historie Gubens, und in einem Quiz in beiden Ausstellungen k\u00f6nnen die Sch\u00fcler ihr Wissen unter Beweis stellen. Es erfolgt eine Auszeichnung der Besten. Auf Wunsch gibt es zu einem Unkostenbeitrag von 2,00 \u20ac eine Bratwurst vom Grill und ein Getr\u00e4nk.<\/p>\n<p><strong>Diese Arbeitsmaterialien m\u00fcssen mitgebracht werden:<\/strong><br \/>\nSchreibmaterialien, z. B. Bunt- oder Filzstifte<\/p>\n<p>Das Angebot findet indoor statt und richtet sich an Sch\u00fcler<br \/>\nder Klassen 3 bis 10.<br \/>\nTermine: nach Absprache<br \/>\nVoranmeldung: mindestens 3 Tage vorher<br \/>\nDauer: ca. 3,5 Stunden<br \/>\nGruppengr\u00f6\u00dfe: 8 bis 25 Personen<br \/>\nUnkostenbeitrag pro Person (f\u00fcr Material o.\u00e4.): 2,00 \u20ac<\/p>\n<p><strong>Erg\u00e4nzende Angebote:<br \/>\n<\/strong>Ein Besuch des Lehrgartens sowie der Apfelbaumgalerie vor Ort ist m\u00f6glich. Au\u00dferdem kann ein Fotoshooting mit historischen M\u00e4nteln und\/ oder auf dem Elektroschlepper wahrgenommen werden.<\/p>\n<p>Nat\u00fcrlich gibt es auch den Wettbewerb &#8222;Wer malt den sch\u00f6nsten Kobi&#8220;?<\/p>","protected":false},"excerpt":{"rendered":"<p>Die Projektteilnehmer besuchen die Ausstellungen zur \u201eGeschichte des ehemaligen Chemiefaserwerkes\u201c und \u201eGeschichte der Gubener Tuchmacher\u201c. Vorgef\u00fchrt wird ein Film \u00fcber die Historie Gubens, und in einem Quiz in beiden Ausstellungen k\u00f6nnen die Sch\u00fcler ihr Wissen unter Beweis stellen. Es erfolgt eine Auszeichnung der Besten. Auf Wunsch gibt es zu einem Unkostenbeitrag von 2,00 \u20ac eine<\/p>","protected":false},"author":13,"featured_media":0,"parent":380,"menu_order":0,"comment_status":"closed","ping_status":"closed","template":"","meta":[],"_links":{"self":[{"href":"https:\/\/www.lausitzer-museenland.de\/dsb\/wp-json\/wp\/v2\/pages\/564"}],"collection":[{"href":"https:\/\/www.lausitzer-museenland.de\/dsb\/wp-json\/wp\/v2\/pages"}],"about":[{"href":"https:\/\/www.lausitzer-museenland.de\/dsb\/wp-json\/wp\/v2\/types\/page"}],"author":[{"embeddable":true,"href":"https:\/\/www.lausitzer-museenland.de\/dsb\/wp-json\/wp\/v2\/users\/13"}],"replies":[{"embeddable":true,"href":"https:\/\/www.lausitzer-museenland.de\/dsb\/wp-json\/wp\/v2\/comments?post=564"}],"version-history":[{"count":5,"href":"https:\/\/www.lausitzer-museenland.de\/dsb\/wp-json\/wp\/v2\/pages\/564\/revisions"}],"predecessor-version":[{"id":3587,"href":"https:\/\/www.lausitzer-museenland.de\/dsb\/wp-json\/wp\/v2\/pages\/564\/revisions\/3587"}],"up":[{"embeddable":true,"href":"https:\/\/www.lausitzer-museenland.de\/dsb\/wp-json\/wp\/v2\/pages\/380"}],"wp:attachment":[{"href":"https:\/\/www.lausitzer-museenland.de\/dsb\/wp-json\/wp\/v2\/media?parent=564"}],"curies":[{"name":"wp","href":"https:\/\/api.w.org\/{rel}","templated":true}]}}