{"id":568,"date":"2014-11-14T16:39:45","date_gmt":"2014-11-14T15:39:45","guid":{"rendered":"http:\/\/lausitzer-museenland.de\/?page_id=568"},"modified":"2025-09-24T13:26:07","modified_gmt":"2025-09-24T11:26:07","slug":"sagengestalten-des-spreewaldes","status":"publish","type":"page","link":"https:\/\/www.lausitzer-museenland.de\/dsb\/service\/kobi\/sagengestalten-des-spreewaldes\/","title":{"rendered":"Sagengestalten des Spreewaldes in der Heimatstube Burg"},"content":{"rendered":"<p>1. Teil: Kurze allgemeine F\u00fchrung mit Informationen zum Dorf Burg (Spreewald), zur niedersorbischen\/wendischen Sprache und zu den niedersorbischen\/wendischen Trachten.<\/p>\n<p>2. Teil: Einige Kinder werden mit Kost\u00fcmen in Sagengestalten verwandelt. Mit Hilfe dieser erfahren sie Wissenswertes \u00fcber die Lebensbedingungen unserer Vorfahren, wobei Kenntnisse der Kinder mit einbezogen werden, aber nicht erforderlich sind. Es wird z. B. \u00fcber die Bedeutung des Wassers allgemein, die Wasserverh\u00e4ltnisse im Spreewald und \u00fcber die niedersorbische\/wendische Sprache gesprochen.<\/p>\n<p>3. Teil: Je nach Ausdauer und Interesse der Kinder werden noch zwei bis drei Sagen vorgelesen und kurz dar\u00fcber gesprochen.<\/p>\n<p>Das Angebot findet indoor statt und richtet sich an Sch\u00fcler<br \/>\nder Klassen 1 bis 6.<br \/>\nTermine: nach Absprache<br \/>\nVoranmeldung: mindestens 1 Woche vorher<br \/>\nDauer: ca. 1,5 Stunden (je nach Ausdauer der Kinder)<br \/>\nGruppengr\u00f6\u00dfe: bis 25 Personen<br \/>\nEintritt pro Person: 2,00 \u20ac<\/p>\n<p><a title=\"Heimatstube Burg \/ Domowniska \u015bpa B\u00f3rkowy\" href=\"\/museen\/heimatstube-burg\/\">Heimatstube Burg (Spreewald)<\/a><\/p>","protected":false},"excerpt":{"rendered":"<p>1. Teil: Kurze allgemeine F\u00fchrung mit Informationen zum Dorf Burg (Spreewald), zur niedersorbischen\/wendischen Sprache und zu den niedersorbischen\/wendischen Trachten. 2. Teil: Einige Kinder werden mit Kost\u00fcmen in Sagengestalten verwandelt. Mit Hilfe dieser erfahren sie Wissenswertes \u00fcber die Lebensbedingungen unserer Vorfahren, wobei Kenntnisse der Kinder mit einbezogen werden, aber nicht erforderlich sind. Es wird z. B.<\/p>","protected":false},"author":13,"featured_media":0,"parent":380,"menu_order":0,"comment_status":"closed","ping_status":"closed","template":"","meta":[],"_links":{"self":[{"href":"https:\/\/www.lausitzer-museenland.de\/dsb\/wp-json\/wp\/v2\/pages\/568"}],"collection":[{"href":"https:\/\/www.lausitzer-museenland.de\/dsb\/wp-json\/wp\/v2\/pages"}],"about":[{"href":"https:\/\/www.lausitzer-museenland.de\/dsb\/wp-json\/wp\/v2\/types\/page"}],"author":[{"embeddable":true,"href":"https:\/\/www.lausitzer-museenland.de\/dsb\/wp-json\/wp\/v2\/users\/13"}],"replies":[{"embeddable":true,"href":"https:\/\/www.lausitzer-museenland.de\/dsb\/wp-json\/wp\/v2\/comments?post=568"}],"version-history":[{"count":6,"href":"https:\/\/www.lausitzer-museenland.de\/dsb\/wp-json\/wp\/v2\/pages\/568\/revisions"}],"predecessor-version":[{"id":55790,"href":"https:\/\/www.lausitzer-museenland.de\/dsb\/wp-json\/wp\/v2\/pages\/568\/revisions\/55790"}],"up":[{"embeddable":true,"href":"https:\/\/www.lausitzer-museenland.de\/dsb\/wp-json\/wp\/v2\/pages\/380"}],"wp:attachment":[{"href":"https:\/\/www.lausitzer-museenland.de\/dsb\/wp-json\/wp\/v2\/media?parent=568"}],"curies":[{"name":"wp","href":"https:\/\/api.w.org\/{rel}","templated":true}]}}