{"id":570,"date":"2014-11-14T16:41:44","date_gmt":"2014-11-14T15:41:44","guid":{"rendered":"http:\/\/lausitzer-museenland.de\/?page_id=570"},"modified":"2025-09-24T13:22:19","modified_gmt":"2025-09-24T11:22:19","slug":"heimatstube-burg-spreewald","status":"publish","type":"page","link":"https:\/\/www.lausitzer-museenland.de\/dsb\/service\/kobi\/heimatstube-burg-spreewald\/","title":{"rendered":"Sagenhafte Entdeckungsreise in der Heimatstube Burg"},"content":{"rendered":"<p>Bei einem W\u00fcrfelspiel mit Sagengestalten als Spielfiguren erfahren unsere &#8222;jungen&#8220; G\u00e4ste viel Wissenswertes \u00fcber die Sagengestalten. Es ist eine regionale Wanderung von Vetschau \u00fcber Raddusch, Lehde, Straupitz, Cottbus, Briesen bis nach Burg. Mit Wissen kommt man im Spiel schneller voran. Zus\u00e4tzlich gibt es viele interessante Informationen \u00fcber unsere Region.<\/p>\n<p>Au\u00dfergew\u00f6hnliche Spielregeln und besonderes Zubeh\u00f6r gestalten das Spiel abwechslungsreich. So kann man z. B. zwischen einer mathematischen, einer sportlichen und einer gesunden Spielvariante ausw\u00e4hlen.<\/p>\n<p>Das Angebot findet indoor statt und richtet sich an Sch\u00fcler<br \/>\nder Klassen 1 bis 12, ist aber auch f\u00fcr Erwachsene geeignet.<br \/>\nTermine: nach Absprache<br \/>\nVoranmeldung: mindestens 1 Woche vorher<br \/>\nDauer: ca. 30 bis 60 Minuten (je nach Anzahl der Mitspieler)<br \/>\nGruppengr\u00f6\u00dfe: 2 bis 10 Personen<br \/>\nPreis: 40,00 \u20ac pro Gruppe<\/p>\n<p><a title=\"Heimatstube Burg \/ Domowniska \u015bpa B\u00f3rkowy\" href=\"\/museen\/heimatstube-burg\/\">Heimatstube Burg (Spreewald)<\/a><\/p>","protected":false},"excerpt":{"rendered":"<p>Bei einem W\u00fcrfelspiel mit Sagengestalten als Spielfiguren erfahren unsere &#8222;jungen&#8220; G\u00e4ste viel Wissenswertes \u00fcber die Sagengestalten. Es ist eine regionale Wanderung von Vetschau \u00fcber Raddusch, Lehde, Straupitz, Cottbus, Briesen bis nach Burg. Mit Wissen kommt man im Spiel schneller voran. Zus\u00e4tzlich gibt es viele interessante Informationen \u00fcber unsere Region. Au\u00dfergew\u00f6hnliche Spielregeln und besonderes Zubeh\u00f6r gestalten<\/p>","protected":false},"author":13,"featured_media":0,"parent":380,"menu_order":0,"comment_status":"closed","ping_status":"closed","template":"","meta":[],"_links":{"self":[{"href":"https:\/\/www.lausitzer-museenland.de\/dsb\/wp-json\/wp\/v2\/pages\/570"}],"collection":[{"href":"https:\/\/www.lausitzer-museenland.de\/dsb\/wp-json\/wp\/v2\/pages"}],"about":[{"href":"https:\/\/www.lausitzer-museenland.de\/dsb\/wp-json\/wp\/v2\/types\/page"}],"author":[{"embeddable":true,"href":"https:\/\/www.lausitzer-museenland.de\/dsb\/wp-json\/wp\/v2\/users\/13"}],"replies":[{"embeddable":true,"href":"https:\/\/www.lausitzer-museenland.de\/dsb\/wp-json\/wp\/v2\/comments?post=570"}],"version-history":[{"count":7,"href":"https:\/\/www.lausitzer-museenland.de\/dsb\/wp-json\/wp\/v2\/pages\/570\/revisions"}],"predecessor-version":[{"id":55789,"href":"https:\/\/www.lausitzer-museenland.de\/dsb\/wp-json\/wp\/v2\/pages\/570\/revisions\/55789"}],"up":[{"embeddable":true,"href":"https:\/\/www.lausitzer-museenland.de\/dsb\/wp-json\/wp\/v2\/pages\/380"}],"wp:attachment":[{"href":"https:\/\/www.lausitzer-museenland.de\/dsb\/wp-json\/wp\/v2\/media?parent=570"}],"curies":[{"name":"wp","href":"https:\/\/api.w.org\/{rel}","templated":true}]}}