{"id":615,"date":"2014-11-14T17:20:14","date_gmt":"2014-11-14T16:20:14","guid":{"rendered":"http:\/\/lausitzer-museenland.de\/?page_id=615"},"modified":"2014-12-17T17:17:08","modified_gmt":"2014-12-17T16:17:08","slug":"auf-den-spuren","status":"publish","type":"page","link":"https:\/\/www.lausitzer-museenland.de\/dsb\/service\/kobi\/auf-den-spuren\/","title":{"rendered":"Auf den Spuren von sorbischen\/wendischen Br\u00e4uchen im Dorfmuseum Sacro"},"content":{"rendered":"<p>Im Dorfmuseum sind Zeugnisse des Alltags zusammengetragen, die die d\u00f6rfliche Lebenweise in den Gemeinden n\u00f6rdlich von Forst und \u00f6stlich der Nei\u00dfe dokumentieren. Die volkskundliche Sammlung stellt besonders die Bez\u00fcge zur sorbischen\/wendischen Geschichte her. Interessant ist ein Fundus von historischen Originalfotografien aus den umliegenden D\u00f6rfern. Im Obergeschoss des Museums, welches sich als Fachwerkbau pr\u00e4sentiert, k\u00f6nnen eine Schlafstube aus dem Jahre 1900 sowie Festtagstrachten von Mann und Frau von 1805 besichtigt werden. Ein Streifzug durch das Obergeschoss, in dem Schulhefte von 1805, B\u00fccher von 1850 und eine historische Schultafel ausgestellt werden, erm\u00f6glicht Einblicke in die preu\u00dfische Volksschule.<\/p>\n<p>Das Angebot findet indoor statt und richtet sich an Sch\u00fcler<br \/>\nder Klassen 1 bis 10.<br \/>\nTermine: nach Absprache<br \/>\nVoranmeldung: mindestens 2 Wochen vorher<\/p>\n<p><a title=\"Dorfmuseum Sacro \/ Wejsny muzej Zakrjow\" href=\"\/museen\/dorfmuseum-sacro\/\">Dorfmuseum Sacro<\/a><\/p>","protected":false},"excerpt":{"rendered":"<p>Im Dorfmuseum sind Zeugnisse des Alltags zusammengetragen, die die d\u00f6rfliche Lebenweise in den Gemeinden n\u00f6rdlich von Forst und \u00f6stlich der Nei\u00dfe dokumentieren. Die volkskundliche Sammlung stellt besonders die Bez\u00fcge zur sorbischen\/wendischen Geschichte her. Interessant ist ein Fundus von historischen Originalfotografien aus den umliegenden D\u00f6rfern. Im Obergeschoss des Museums, welches sich als Fachwerkbau pr\u00e4sentiert, k\u00f6nnen eine<\/p>","protected":false},"author":13,"featured_media":0,"parent":380,"menu_order":0,"comment_status":"closed","ping_status":"closed","template":"","meta":[],"_links":{"self":[{"href":"https:\/\/www.lausitzer-museenland.de\/dsb\/wp-json\/wp\/v2\/pages\/615"}],"collection":[{"href":"https:\/\/www.lausitzer-museenland.de\/dsb\/wp-json\/wp\/v2\/pages"}],"about":[{"href":"https:\/\/www.lausitzer-museenland.de\/dsb\/wp-json\/wp\/v2\/types\/page"}],"author":[{"embeddable":true,"href":"https:\/\/www.lausitzer-museenland.de\/dsb\/wp-json\/wp\/v2\/users\/13"}],"replies":[{"embeddable":true,"href":"https:\/\/www.lausitzer-museenland.de\/dsb\/wp-json\/wp\/v2\/comments?post=615"}],"version-history":[{"count":4,"href":"https:\/\/www.lausitzer-museenland.de\/dsb\/wp-json\/wp\/v2\/pages\/615\/revisions"}],"predecessor-version":[{"id":3612,"href":"https:\/\/www.lausitzer-museenland.de\/dsb\/wp-json\/wp\/v2\/pages\/615\/revisions\/3612"}],"up":[{"embeddable":true,"href":"https:\/\/www.lausitzer-museenland.de\/dsb\/wp-json\/wp\/v2\/pages\/380"}],"wp:attachment":[{"href":"https:\/\/www.lausitzer-museenland.de\/dsb\/wp-json\/wp\/v2\/media?parent=615"}],"curies":[{"name":"wp","href":"https:\/\/api.w.org\/{rel}","templated":true}]}}