{"id":624,"date":"2014-11-14T17:29:43","date_gmt":"2014-11-14T16:29:43","guid":{"rendered":"http:\/\/lausitzer-museenland.de\/?page_id=624"},"modified":"2017-03-07T10:18:54","modified_gmt":"2017-03-07T09:18:54","slug":"luftfahrtgeschichte-des-flugplatzes","status":"publish","type":"page","link":"https:\/\/www.lausitzer-museenland.de\/dsb\/service\/kobi\/luftfahrtgeschichte-des-flugplatzes\/","title":{"rendered":"Luftfahrtgeschichte des Flugplatzes Cottbus"},"content":{"rendered":"<p>Die Ausstellung zur Geschichte des Flugplatzes Cottbus ist in drei zeitlich abgesteckte Bereiche gegliedert (die Jahre 1916 bis 1945, 1945 bis 1990 und von 1990 bis zur Gegenwart). Der Flugplatz wurde von 1933 bis 1990 f\u00fcr milit\u00e4rische Zwecke genutzt. Dar\u00fcber hinaus erfahren die Sch\u00fcler Wissenswertes \u00fcber die Luftfahrtgeschichte der Lausitz.<\/p>\n<p>Das Angebot findet indoor und outdoor statt und richtet sich an Sch\u00fcler<br \/>\nder Klassen 1 bis 10.<br \/>\nTermine: nach Absprache<br \/>\nVoranmeldung: mindestens 2 Wochen vorher<\/p>\n<p><a title=\"Flugplatzmuseum Cottbus \/ L\u011btani\u0161\u0107owy muzej Ch\u00f3\u015bebuz\" href=\"\/museen\/flugplatzmuseum-Cottbus\/\">Flugplatzmuseum Cottbus<\/a><\/p>","protected":false},"excerpt":{"rendered":"<p>Die Ausstellung zur Geschichte des Flugplatzes Cottbus ist in drei zeitlich abgesteckte Bereiche gegliedert (die Jahre 1916 bis 1945, 1945 bis 1990 und von 1990 bis zur Gegenwart). Der Flugplatz wurde von 1933 bis 1990 f\u00fcr milit\u00e4rische Zwecke genutzt. Dar\u00fcber hinaus erfahren die Sch\u00fcler Wissenswertes \u00fcber die Luftfahrtgeschichte der Lausitz. Das Angebot findet indoor und<\/p>","protected":false},"author":13,"featured_media":0,"parent":380,"menu_order":0,"comment_status":"closed","ping_status":"closed","template":"","meta":[],"_links":{"self":[{"href":"https:\/\/www.lausitzer-museenland.de\/dsb\/wp-json\/wp\/v2\/pages\/624"}],"collection":[{"href":"https:\/\/www.lausitzer-museenland.de\/dsb\/wp-json\/wp\/v2\/pages"}],"about":[{"href":"https:\/\/www.lausitzer-museenland.de\/dsb\/wp-json\/wp\/v2\/types\/page"}],"author":[{"embeddable":true,"href":"https:\/\/www.lausitzer-museenland.de\/dsb\/wp-json\/wp\/v2\/users\/13"}],"replies":[{"embeddable":true,"href":"https:\/\/www.lausitzer-museenland.de\/dsb\/wp-json\/wp\/v2\/comments?post=624"}],"version-history":[{"count":6,"href":"https:\/\/www.lausitzer-museenland.de\/dsb\/wp-json\/wp\/v2\/pages\/624\/revisions"}],"predecessor-version":[{"id":6338,"href":"https:\/\/www.lausitzer-museenland.de\/dsb\/wp-json\/wp\/v2\/pages\/624\/revisions\/6338"}],"up":[{"embeddable":true,"href":"https:\/\/www.lausitzer-museenland.de\/dsb\/wp-json\/wp\/v2\/pages\/380"}],"wp:attachment":[{"href":"https:\/\/www.lausitzer-museenland.de\/dsb\/wp-json\/wp\/v2\/media?parent=624"}],"curies":[{"name":"wp","href":"https:\/\/api.w.org\/{rel}","templated":true}]}}