{"id":638,"date":"2014-11-14T17:38:02","date_gmt":"2014-11-14T16:38:02","guid":{"rendered":"http:\/\/lausitzer-museenland.de\/?page_id=638"},"modified":"2017-04-05T12:56:57","modified_gmt":"2017-04-05T11:56:57","slug":"aus-einem-gewebten-tuch-wird-ein-deckchen","status":"publish","type":"page","link":"https:\/\/www.lausitzer-museenland.de\/dsb\/service\/kobi\/aus-einem-gewebten-tuch-wird-ein-deckchen\/","title":{"rendered":"Aus einem gewebten Tuch wird ein Deckchen im Brandenburgischen Textilmuseum Forst"},"content":{"rendered":"<p>Zu der historischen Ausstellung geh\u00f6ren unter anderem das Handspinnrad, das Handspulrad, der Sch\u00e4rrahmen und der Handwebstuhl. Die Sch\u00fcler sehen und h\u00f6ren, wie an den historischen Handger\u00e4ten gearbeitet wurde. In diesem Bereich k\u00f6nnen sie die Herstellung des Fadens und das Weben eines Tuches noch mit dem blo\u00dfen Auge erfassen. Jeder Sch\u00fcler erh\u00e4lt ein gewebtes St\u00fcck Tuch. Durch das Herausziehen von einzelnen F\u00e4den am Rande des Tuches entstehen Fransen, welche die Au\u00dfenseiten des Deckchens bilden. Weitere F\u00e4den k\u00f6nnen aus dem Innenteil des Deckchens herausgezogen werden. Dadurch entsteht ein dekoratives Muster im Deckchen.<\/p>\n<p>Das Angebot findet indoor statt und richtet sich an 5 bis 7-J\u00e4hrige bzw. Sch\u00fcler bis Klasse 2.<br \/>\nTermine: nach Absprache<br \/>\nVoranmeldung: mindestens 1 Woche vorher<br \/>\nDauer: ca. 1 Stunde<br \/>\nGruppengr\u00f6\u00dfe: 5 bis 30 Personen<br \/>\nEintritt pro Person: 3,50 \u20ac<\/p>\n<p><a title=\"Brandenburgisches Textilmuseum Forst (Lausitz) \/ Bramborski tekstilny muzej Bar\u0161\u0107 (\u0141u\u017eyca)\" href=\"\/museen\/brandenburgisches-textilmuseum-forst\/\">Brandenburgisches Textilmuseum Forst<\/a><\/p>","protected":false},"excerpt":{"rendered":"<p>Zu der historischen Ausstellung geh\u00f6ren unter anderem das Handspinnrad, das Handspulrad, der Sch\u00e4rrahmen und der Handwebstuhl. Die Sch\u00fcler sehen und h\u00f6ren, wie an den historischen Handger\u00e4ten gearbeitet wurde. In diesem Bereich k\u00f6nnen sie die Herstellung des Fadens und das Weben eines Tuches noch mit dem blo\u00dfen Auge erfassen. Jeder Sch\u00fcler erh\u00e4lt ein gewebtes St\u00fcck Tuch.<\/p>","protected":false},"author":13,"featured_media":0,"parent":380,"menu_order":0,"comment_status":"closed","ping_status":"closed","template":"","meta":[],"_links":{"self":[{"href":"https:\/\/www.lausitzer-museenland.de\/dsb\/wp-json\/wp\/v2\/pages\/638"}],"collection":[{"href":"https:\/\/www.lausitzer-museenland.de\/dsb\/wp-json\/wp\/v2\/pages"}],"about":[{"href":"https:\/\/www.lausitzer-museenland.de\/dsb\/wp-json\/wp\/v2\/types\/page"}],"author":[{"embeddable":true,"href":"https:\/\/www.lausitzer-museenland.de\/dsb\/wp-json\/wp\/v2\/users\/13"}],"replies":[{"embeddable":true,"href":"https:\/\/www.lausitzer-museenland.de\/dsb\/wp-json\/wp\/v2\/comments?post=638"}],"version-history":[{"count":5,"href":"https:\/\/www.lausitzer-museenland.de\/dsb\/wp-json\/wp\/v2\/pages\/638\/revisions"}],"predecessor-version":[{"id":9522,"href":"https:\/\/www.lausitzer-museenland.de\/dsb\/wp-json\/wp\/v2\/pages\/638\/revisions\/9522"}],"up":[{"embeddable":true,"href":"https:\/\/www.lausitzer-museenland.de\/dsb\/wp-json\/wp\/v2\/pages\/380"}],"wp:attachment":[{"href":"https:\/\/www.lausitzer-museenland.de\/dsb\/wp-json\/wp\/v2\/media?parent=638"}],"curies":[{"name":"wp","href":"https:\/\/api.w.org\/{rel}","templated":true}]}}