{"id":640,"date":"2014-11-14T17:39:24","date_gmt":"2014-11-14T16:39:24","guid":{"rendered":"http:\/\/lausitzer-museenland.de\/?page_id=640"},"modified":"2017-04-05T13:12:30","modified_gmt":"2017-04-05T12:12:30","slug":"bluetenzauber-aus-stoffresten","status":"publish","type":"page","link":"https:\/\/www.lausitzer-museenland.de\/dsb\/service\/kobi\/bluetenzauber-aus-stoffresten\/","title":{"rendered":"Bl\u00fctenzauber aus Stoffresten im Brandenburgischen Textilmuseum Forst"},"content":{"rendered":"<p>In der Tuchmacherschauwerkstatt erfahren die Sch\u00fcler, wie ein Tuch oder Stoff hergestellt wird. Sie sehen und h\u00f6ren, wie an den historischen Handger\u00e4ten und Maschinen gearbeitet wurde. Sie k\u00f6nnen unter anderem die technische Entwicklung vom Spinnrad zur Spinnmaschine verfolgen. In diesem museumsp\u00e4dagogischen Programm arbeiten die Sch\u00fcler mit farbigen Stoffresten aus Baumwolle oder Synthetik. Sie k\u00f6nnen die Farben frei nach ihren Empfindungen w\u00e4hlen. Das Gestalten einer Schmuckkugel ist eine reine Handarbeit und bedarf etwas mehr Zeit und Ausdauer.<br \/>\n(Verwendung als Raum- oder Fensterschmuck, passend zu den Jahreszeiten und zur Weihnachtszeit)<\/p>\n<p>In der Tuchmacherschauwerkstatt erfahren die Sch\u00fcler, wie ein Tuch oder Stoff hergestellt wird. Sie sehen und h\u00f6ren, wie an den historischen Handger\u00e4ten und Maschinen gearbeitet wurde. Sie k\u00f6nnen unter anderem die technische Entwicklung vom Spinnrad zur Spinnmaschine verfolgen. In diesem museumsp\u00e4dagogischen Programm arbeiten die Sch\u00fcler mit farbigen Stoffresten aus Baumwolle oder Synthetik. Sie k\u00f6nnen die Farben frei nach ihren Empfindungen w\u00e4hlen. Das Gestalten einer Schmuckkugel ist eine reine Handarbeit und bedarf etwas mehr Zeit und Ausdauer.<br \/>\n(Verwendung als Raum- oder Fensterschmuck, passend zu den Jahreszeiten und zur Weihnachtszeit)<\/p>\n<p>Das Angebot findet indoor statt und richtet sich an Sch\u00fcler<br \/>\nder Klassen 4 bis 6.<br \/>\nTermine: nach Absprache<br \/>\nVoranmeldung: mindestens 1 Woche vorher<br \/>\nDauer: ca. 2 bis 2,5 Stunden<br \/>\nGruppengr\u00f6\u00dfe: 5 bis 30 Personen<br \/>\nEintritt pro Person: 3,50 \u20ac<\/p>\n<p><a title=\"Brandenburgisches Textilmuseum Forst (Lausitz) \/ Bramborski tekstilny muzej Bar\u0161\u0107 (\u0141u\u017eyca)\" href=\"\/museen\/brandenburgisches-textilmuseum-forst\/\">Brandenburgisches Textilmuseum Forst<\/a><\/p>","protected":false},"excerpt":{"rendered":"<p>In der Tuchmacherschauwerkstatt erfahren die Sch\u00fcler, wie ein Tuch oder Stoff hergestellt wird. Sie sehen und h\u00f6ren, wie an den historischen Handger\u00e4ten und Maschinen gearbeitet wurde. Sie k\u00f6nnen unter anderem die technische Entwicklung vom Spinnrad zur Spinnmaschine verfolgen. In diesem museumsp\u00e4dagogischen Programm arbeiten die Sch\u00fcler mit farbigen Stoffresten aus Baumwolle oder Synthetik. Sie k\u00f6nnen die<\/p>","protected":false},"author":13,"featured_media":0,"parent":380,"menu_order":0,"comment_status":"closed","ping_status":"closed","template":"","meta":[],"_links":{"self":[{"href":"https:\/\/www.lausitzer-museenland.de\/dsb\/wp-json\/wp\/v2\/pages\/640"}],"collection":[{"href":"https:\/\/www.lausitzer-museenland.de\/dsb\/wp-json\/wp\/v2\/pages"}],"about":[{"href":"https:\/\/www.lausitzer-museenland.de\/dsb\/wp-json\/wp\/v2\/types\/page"}],"author":[{"embeddable":true,"href":"https:\/\/www.lausitzer-museenland.de\/dsb\/wp-json\/wp\/v2\/users\/13"}],"replies":[{"embeddable":true,"href":"https:\/\/www.lausitzer-museenland.de\/dsb\/wp-json\/wp\/v2\/comments?post=640"}],"version-history":[{"count":4,"href":"https:\/\/www.lausitzer-museenland.de\/dsb\/wp-json\/wp\/v2\/pages\/640\/revisions"}],"predecessor-version":[{"id":11172,"href":"https:\/\/www.lausitzer-museenland.de\/dsb\/wp-json\/wp\/v2\/pages\/640\/revisions\/11172"}],"up":[{"embeddable":true,"href":"https:\/\/www.lausitzer-museenland.de\/dsb\/wp-json\/wp\/v2\/pages\/380"}],"wp:attachment":[{"href":"https:\/\/www.lausitzer-museenland.de\/dsb\/wp-json\/wp\/v2\/media?parent=640"}],"curies":[{"name":"wp","href":"https:\/\/api.w.org\/{rel}","templated":true}]}}