{"id":642,"date":"2014-11-14T17:40:58","date_gmt":"2014-11-14T16:40:58","guid":{"rendered":"http:\/\/lausitzer-museenland.de\/?page_id=642"},"modified":"2017-04-05T13:11:33","modified_gmt":"2017-04-05T12:11:33","slug":"das-biebersteiner-wappen-und-das-forster-stadtwappen","status":"publish","type":"page","link":"https:\/\/www.lausitzer-museenland.de\/dsb\/service\/kobi\/das-biebersteiner-wappen-und-das-forster-stadtwappen\/","title":{"rendered":"Das Biebersteiner Wappen und das Forster Stadtwappen &#8211; im Brandenburgischen Textilmuseum Forst"},"content":{"rendered":"<p>In diesem Programm erfahren die Sch\u00fcler Interessantes \u00fcber Namensgebung und Wappenkunde. Viele Namen, wie Meier, Schulze und Lehmann, wurden fr\u00fcher mit Wappen belegt. Auch die Herren von Bieberstein hatten verschiedene Wappen. Aus dem gro\u00dfen Biebersteiner Wappen ist das Forster Stadtwappen hervorgegangen. Wie es aussieht, welche Form und Farbe es hat, wird den Sch\u00fclern in diesem Programm vermittelt.<\/p>\n<p>Aktion: Arbeitsbl\u00e4tter mit Wappen zum farbigen Gestalten<\/p>\n<p>Das Angebot findet indoor statt und richtet sich an Sch\u00fcler<br \/>\nder Klassen 3 bis 6.<br \/>\nTermine: nach Absprache<br \/>\nVoranmeldung: mindestens 1 Woche vorher<br \/>\nDauer: ca. 1 bis 1,5 Stunden<br \/>\nGruppengr\u00f6\u00dfe: 5 bis 30 Personen<br \/>\nEintritt pro Person: 3,50 \u20ac<\/p>\n<p><a title=\"Brandenburgisches Textilmuseum Forst (Lausitz) \/ Bramborski tekstilny muzej Bar\u0161\u0107 (\u0141u\u017eyca)\" href=\"\/museen\/brandenburgisches-textilmuseum-forst\/\">Brandenburgisches Textilmuseum Forst<\/a><\/p>","protected":false},"excerpt":{"rendered":"<p>In diesem Programm erfahren die Sch\u00fcler Interessantes \u00fcber Namensgebung und Wappenkunde. Viele Namen, wie Meier, Schulze und Lehmann, wurden fr\u00fcher mit Wappen belegt. Auch die Herren von Bieberstein hatten verschiedene Wappen. Aus dem gro\u00dfen Biebersteiner Wappen ist das Forster Stadtwappen hervorgegangen. Wie es aussieht, welche Form und Farbe es hat, wird den Sch\u00fclern in diesem<\/p>","protected":false},"author":13,"featured_media":0,"parent":380,"menu_order":0,"comment_status":"closed","ping_status":"closed","template":"","meta":[],"_links":{"self":[{"href":"https:\/\/www.lausitzer-museenland.de\/dsb\/wp-json\/wp\/v2\/pages\/642"}],"collection":[{"href":"https:\/\/www.lausitzer-museenland.de\/dsb\/wp-json\/wp\/v2\/pages"}],"about":[{"href":"https:\/\/www.lausitzer-museenland.de\/dsb\/wp-json\/wp\/v2\/types\/page"}],"author":[{"embeddable":true,"href":"https:\/\/www.lausitzer-museenland.de\/dsb\/wp-json\/wp\/v2\/users\/13"}],"replies":[{"embeddable":true,"href":"https:\/\/www.lausitzer-museenland.de\/dsb\/wp-json\/wp\/v2\/comments?post=642"}],"version-history":[{"count":4,"href":"https:\/\/www.lausitzer-museenland.de\/dsb\/wp-json\/wp\/v2\/pages\/642\/revisions"}],"predecessor-version":[{"id":11007,"href":"https:\/\/www.lausitzer-museenland.de\/dsb\/wp-json\/wp\/v2\/pages\/642\/revisions\/11007"}],"up":[{"embeddable":true,"href":"https:\/\/www.lausitzer-museenland.de\/dsb\/wp-json\/wp\/v2\/pages\/380"}],"wp:attachment":[{"href":"https:\/\/www.lausitzer-museenland.de\/dsb\/wp-json\/wp\/v2\/media?parent=642"}],"curies":[{"name":"wp","href":"https:\/\/api.w.org\/{rel}","templated":true}]}}

<p>In diesem Programm erfahren die Schüler Interessantes über Namensgebung und Wappenkunde. Viele Namen, wie Meier, Schulze und Lehmann, wurden früher mit Wappen belegt. Auch die Herren von Bieberstein hatten verschiedene Wappen. Aus dem großen Biebersteiner Wappen ist das Forster Stadtwappen hervorgegangen. Wie es aussieht, welche Form und Farbe es hat, wird den Schülern in diesem Programm vermittelt.</p>
<p>Aktion: Arbeitsblätter mit Wappen zum farbigen Gestalten</p>
<p>Das Angebot findet indoor statt und richtet sich an Schüler<br />
der Klassen 3 bis 6.<br />
Termine: nach Absprache<br />
Voranmeldung: mindestens 1 Woche vorher<br />
Dauer: ca. 1 bis 1,5 Stunden<br />
Gruppengröße: 5 bis 30 Personen<br />
Eintritt pro Person: 3,50 €</p>
<p><a title="Brandenburgisches Textilmuseum Forst (Lausitz) / Bramborski tekstilny muzej Baršć (Łužyca)" href="/museen/brandenburgisches-textilmuseum-forst/">Brandenburgisches Textilmuseum Forst</a></p>

<p>In diesem Programm erfahren die Schüler Interessantes über Namensgebung und Wappenkunde. Viele Namen, wie Meier, Schulze und Lehmann, wurden früher mit Wappen belegt. Auch die Herren von Bieberstein hatten verschiedene Wappen. Aus dem großen Biebersteiner Wappen ist das Forster Stadtwappen hervorgegangen. Wie es aussieht, welche Form und Farbe es hat, wird den Schülern in diesem</p>
