{"id":644,"date":"2014-11-14T17:42:34","date_gmt":"2014-11-14T16:42:34","guid":{"rendered":"http:\/\/lausitzer-museenland.de\/?page_id=644"},"modified":"2017-04-05T12:57:59","modified_gmt":"2017-04-05T11:57:59","slug":"forster-wasserturm","status":"publish","type":"page","link":"https:\/\/www.lausitzer-museenland.de\/dsb\/service\/kobi\/forster-wasserturm\/","title":{"rendered":"\u201eDer Dicke\u201c &#8211; Forster Wasserturm &#8211; im Brandenburgischen Textilmuseum Forst"},"content":{"rendered":"<p>Die Besucher erfahren viel Interessantes \u00fcber die Geschichte und Funktionsweise des Forster Wasserturms. In kurzen Streifz\u00fcgen werden die Wasserversorgungen in fr\u00fcherer und heutiger Zeit aufgezeigt.Auf Wunsch kann eine Besichtigung des Wasserturms erfolgen.<\/p>\n<p>Aktion: Nachgestaltung des Wasserturms auf dem Handwebrahmen.<\/p>\n<p>Das Angebot findet indoor und outdoor statt und richtet sich an Sch\u00fcler der Klassen 1 bis 6.<br \/>\nTermine: nach Absprache<br \/>\nVoranmeldung mindestens 1 Woche im Voraus<br \/>\nDauer: ca. 3 bis 4 Stunden<br \/>\nGruppengr\u00f6\u00dfe: 5 bis 20 Personen<br \/>\nEintritt pro Person: 3,50 \u20ac<\/p>\n<p><a title=\"Brandenburgisches Textilmuseum Forst (Lausitz) \/ Bramborski tekstilny muzej Bar\u0161\u0107 (\u0141u\u017eyca)\" href=\"\/museen\/brandenburgisches-textilmuseum-forst\/\">Brandenburgisches Textilmuseum Forst<\/a><\/p>","protected":false},"excerpt":{"rendered":"<p>Die Besucher erfahren viel Interessantes \u00fcber die Geschichte und Funktionsweise des Forster Wasserturms. In kurzen Streifz\u00fcgen werden die Wasserversorgungen in fr\u00fcherer und heutiger Zeit aufgezeigt.Auf Wunsch kann eine Besichtigung des Wasserturms erfolgen. Aktion: Nachgestaltung des Wasserturms auf dem Handwebrahmen. Das Angebot findet indoor und outdoor statt und richtet sich an Sch\u00fcler der Klassen 1 bis<\/p>","protected":false},"author":13,"featured_media":0,"parent":380,"menu_order":0,"comment_status":"closed","ping_status":"closed","template":"","meta":[],"_links":{"self":[{"href":"https:\/\/www.lausitzer-museenland.de\/dsb\/wp-json\/wp\/v2\/pages\/644"}],"collection":[{"href":"https:\/\/www.lausitzer-museenland.de\/dsb\/wp-json\/wp\/v2\/pages"}],"about":[{"href":"https:\/\/www.lausitzer-museenland.de\/dsb\/wp-json\/wp\/v2\/types\/page"}],"author":[{"embeddable":true,"href":"https:\/\/www.lausitzer-museenland.de\/dsb\/wp-json\/wp\/v2\/users\/13"}],"replies":[{"embeddable":true,"href":"https:\/\/www.lausitzer-museenland.de\/dsb\/wp-json\/wp\/v2\/comments?post=644"}],"version-history":[{"count":6,"href":"https:\/\/www.lausitzer-museenland.de\/dsb\/wp-json\/wp\/v2\/pages\/644\/revisions"}],"predecessor-version":[{"id":9687,"href":"https:\/\/www.lausitzer-museenland.de\/dsb\/wp-json\/wp\/v2\/pages\/644\/revisions\/9687"}],"up":[{"embeddable":true,"href":"https:\/\/www.lausitzer-museenland.de\/dsb\/wp-json\/wp\/v2\/pages\/380"}],"wp:attachment":[{"href":"https:\/\/www.lausitzer-museenland.de\/dsb\/wp-json\/wp\/v2\/media?parent=644"}],"curies":[{"name":"wp","href":"https:\/\/api.w.org\/{rel}","templated":true}]}}

<p>Die Besucher erfahren viel Interessantes über die Geschichte und Funktionsweise des Forster Wasserturms. In kurzen Streifzügen werden die Wasserversorgungen in früherer und heutiger Zeit aufgezeigt.Auf Wunsch kann eine Besichtigung des Wasserturms erfolgen.</p>
<p>Aktion: Nachgestaltung des Wasserturms auf dem Handwebrahmen.</p>
<p>Das Angebot findet indoor und outdoor statt und richtet sich an Schüler der Klassen 1 bis 6.<br />
Termine: nach Absprache<br />
Voranmeldung mindestens 1 Woche im Voraus<br />
Dauer: ca. 3 bis 4 Stunden<br />
Gruppengröße: 5 bis 20 Personen<br />
Eintritt pro Person: 3,50 €</p>
<p><a title="Brandenburgisches Textilmuseum Forst (Lausitz) / Bramborski tekstilny muzej Baršć (Łužyca)" href="/museen/brandenburgisches-textilmuseum-forst/">Brandenburgisches Textilmuseum Forst</a></p>

<p>Die Besucher erfahren viel Interessantes über die Geschichte und Funktionsweise des Forster Wasserturms. In kurzen Streifzügen werden die Wasserversorgungen in früherer und heutiger Zeit aufgezeigt.Auf Wunsch kann eine Besichtigung des Wasserturms erfolgen. Aktion: Nachgestaltung des Wasserturms auf dem Handwebrahmen. Das Angebot findet indoor und outdoor statt und richtet sich an Schüler der Klassen 1 bis</p>
