{"id":654,"date":"2014-11-14T17:48:10","date_gmt":"2014-11-14T16:48:10","guid":{"rendered":"http:\/\/lausitzer-museenland.de\/?page_id=654"},"modified":"2017-04-05T13:13:27","modified_gmt":"2017-04-05T12:13:27","slug":"herzen-aus-stoff","status":"publish","type":"page","link":"https:\/\/www.lausitzer-museenland.de\/dsb\/service\/kobi\/herzen-aus-stoff\/","title":{"rendered":"Herzen aus Stoff im Brandenburgischen Textilmuseum Forst"},"content":{"rendered":"<p>In der Tuchmacherschauwerkstatt erfahren die Sch\u00fcler, wie ein Tuch hergestellt wird. Sie sehen und h\u00f6ren, wie an den historischen Handger\u00e4ten und Maschinen gearbeitet wurde. Sie k\u00f6nnen insbesondere die technische Entwicklung vom Handwebstuhl zum mechanischen Webstuhl verfolgen. Des Weiteren erfahren die Besucher in einer kurzen Einf\u00fchrung viel Wissenswertes zur geschichtlichen Entwicklung der Handarbeitstechnik \u201ePatchwork\u201c. Ein \u201ePatchwork\u201c hei\u00dft in der \u00dcbersetzung \u201eFlickenarbeit\u201c. Die Sch\u00fcler arbeiten in der einfachen Patchwork- Klebetechnik. Sie setzen die verschiedenfarbig gemusterten Stoffteile aneinander und verbinden diese durch Kleben und N\u00e4hen.<\/p>\n<p>Das Angebot findet indoor statt und richtet sich an Sch\u00fcler<br \/>\nder Klassen 3 bis 6.<br \/>\nTermine: nach Absprache<br \/>\nVoranmeldung: mindestens 1 Woche vorher<br \/>\nDauer: ca. 2 Stunden<br \/>\nGruppengr\u00f6\u00dfe: 5 bis 30 Personen<br \/>\nEintritt pro Person: 3,50 \u20ac<\/p>\n<p><a title=\"Brandenburgisches Textilmuseum Forst (Lausitz) \/ Bramborski tekstilny muzej Bar\u0161\u0107 (\u0141u\u017eyca)\" href=\"\/museen\/brandenburgisches-textilmuseum-forst\/\">Brandenburgisches Textilmuseum Forst<\/a><\/p>","protected":false},"excerpt":{"rendered":"<p>In der Tuchmacherschauwerkstatt erfahren die Sch\u00fcler, wie ein Tuch hergestellt wird. Sie sehen und h\u00f6ren, wie an den historischen Handger\u00e4ten und Maschinen gearbeitet wurde. Sie k\u00f6nnen insbesondere die technische Entwicklung vom Handwebstuhl zum mechanischen Webstuhl verfolgen. Des Weiteren erfahren die Besucher in einer kurzen Einf\u00fchrung viel Wissenswertes zur geschichtlichen Entwicklung der Handarbeitstechnik \u201ePatchwork\u201c. Ein \u201ePatchwork\u201c<\/p>","protected":false},"author":13,"featured_media":0,"parent":380,"menu_order":0,"comment_status":"closed","ping_status":"closed","template":"","meta":[],"_links":{"self":[{"href":"https:\/\/www.lausitzer-museenland.de\/dsb\/wp-json\/wp\/v2\/pages\/654"}],"collection":[{"href":"https:\/\/www.lausitzer-museenland.de\/dsb\/wp-json\/wp\/v2\/pages"}],"about":[{"href":"https:\/\/www.lausitzer-museenland.de\/dsb\/wp-json\/wp\/v2\/types\/page"}],"author":[{"embeddable":true,"href":"https:\/\/www.lausitzer-museenland.de\/dsb\/wp-json\/wp\/v2\/users\/13"}],"replies":[{"embeddable":true,"href":"https:\/\/www.lausitzer-museenland.de\/dsb\/wp-json\/wp\/v2\/comments?post=654"}],"version-history":[{"count":4,"href":"https:\/\/www.lausitzer-museenland.de\/dsb\/wp-json\/wp\/v2\/pages\/654\/revisions"}],"predecessor-version":[{"id":11337,"href":"https:\/\/www.lausitzer-museenland.de\/dsb\/wp-json\/wp\/v2\/pages\/654\/revisions\/11337"}],"up":[{"embeddable":true,"href":"https:\/\/www.lausitzer-museenland.de\/dsb\/wp-json\/wp\/v2\/pages\/380"}],"wp:attachment":[{"href":"https:\/\/www.lausitzer-museenland.de\/dsb\/wp-json\/wp\/v2\/media?parent=654"}],"curies":[{"name":"wp","href":"https:\/\/api.w.org\/{rel}","templated":true}]}}