{"id":665,"date":"2014-11-14T17:52:56","date_gmt":"2014-11-14T16:52:56","guid":{"rendered":"http:\/\/lausitzer-museenland.de\/?page_id=665"},"modified":"2017-04-05T13:06:15","modified_gmt":"2017-04-05T12:06:15","slug":"schwarze-jule-forster-stadteisenbahn","status":"publish","type":"page","link":"https:\/\/www.lausitzer-museenland.de\/dsb\/service\/kobi\/schwarze-jule-forster-stadteisenbahn\/","title":{"rendered":"\u201eSchwarze Jule\u201c &#8211; Forster Stadteisenbahn &#8211; im Brandenburgischen Textilmuseum Forst"},"content":{"rendered":"<p>Die Geschichte der Forster Stadteisenbahn ist im Museum in Bild und Wort zu erleben. Interessantes erfahren die Besucher in dieser Veranstaltung von der ersten Fahrt 1893 bis zur letzten Fahrt 1965. Es werden viele Fragen gekl\u00e4rt. Warum wurde die Stadteisenbahn gebaut? Wem nutzte diese Bahn? Was transportierte sie? Warum wurde sie aus dem Stadtbild und aus dem Transportwesen verdr\u00e4ngt?<\/p>\n<p>Aktion: Dia &#8211; Vortrag, Spielerische Aktivit\u00e4t im Nachbau der \u201eSchwarzen Jule&#8220; (Bastelbogen\/Papier)<\/p>\n<p>Das Angebot findet indoor statt und richtet sich an Sch\u00fcler<br \/>\nder Klassen 2 bis 5.<br \/>\nTermine: nach Absprache<br \/>\nVoranmeldung: mindestens 1 Woche vorher<br \/>\nDauer: ca. 1,5 bis 2 Stunden<br \/>\nGruppengr\u00f6\u00dfe: 5 bis 30 Personen<br \/>\nEintritt pro Person: 3,50 \u20ac<\/p>\n<p><a title=\"Brandenburgisches Textilmuseum Forst (Lausitz) \/ Bramborski tekstilny muzej Bar\u0161\u0107 (\u0141u\u017eyca)\" href=\"\/museen\/brandenburgisches-textilmuseum-forst\/\">Brandenburgisches Textilmuseum Forst<\/a><\/p>","protected":false},"excerpt":{"rendered":"<p>Die Geschichte der Forster Stadteisenbahn ist im Museum in Bild und Wort zu erleben. Interessantes erfahren die Besucher in dieser Veranstaltung von der ersten Fahrt 1893 bis zur letzten Fahrt 1965. Es werden viele Fragen gekl\u00e4rt. Warum wurde die Stadteisenbahn gebaut? Wem nutzte diese Bahn? Was transportierte sie? Warum wurde sie aus dem Stadtbild und<\/p>","protected":false},"author":13,"featured_media":0,"parent":380,"menu_order":0,"comment_status":"closed","ping_status":"closed","template":"","meta":[],"_links":{"self":[{"href":"https:\/\/www.lausitzer-museenland.de\/dsb\/wp-json\/wp\/v2\/pages\/665"}],"collection":[{"href":"https:\/\/www.lausitzer-museenland.de\/dsb\/wp-json\/wp\/v2\/pages"}],"about":[{"href":"https:\/\/www.lausitzer-museenland.de\/dsb\/wp-json\/wp\/v2\/types\/page"}],"author":[{"embeddable":true,"href":"https:\/\/www.lausitzer-museenland.de\/dsb\/wp-json\/wp\/v2\/users\/13"}],"replies":[{"embeddable":true,"href":"https:\/\/www.lausitzer-museenland.de\/dsb\/wp-json\/wp\/v2\/comments?post=665"}],"version-history":[{"count":4,"href":"https:\/\/www.lausitzer-museenland.de\/dsb\/wp-json\/wp\/v2\/pages\/665\/revisions"}],"predecessor-version":[{"id":10842,"href":"https:\/\/www.lausitzer-museenland.de\/dsb\/wp-json\/wp\/v2\/pages\/665\/revisions\/10842"}],"up":[{"embeddable":true,"href":"https:\/\/www.lausitzer-museenland.de\/dsb\/wp-json\/wp\/v2\/pages\/380"}],"wp:attachment":[{"href":"https:\/\/www.lausitzer-museenland.de\/dsb\/wp-json\/wp\/v2\/media?parent=665"}],"curies":[{"name":"wp","href":"https:\/\/api.w.org\/{rel}","templated":true}]}}

<p>Die Geschichte der Forster Stadteisenbahn ist im Museum in Bild und Wort zu erleben. Interessantes erfahren die Besucher in dieser Veranstaltung von der ersten Fahrt 1893 bis zur letzten Fahrt 1965. Es werden viele Fragen geklärt. Warum wurde die Stadteisenbahn gebaut? Wem nutzte diese Bahn? Was transportierte sie? Warum wurde sie aus dem Stadtbild und aus dem Transportwesen verdrängt?</p>
<p>Aktion: Dia &#8211; Vortrag, Spielerische Aktivität im Nachbau der „Schwarzen Jule&#8220; (Bastelbogen/Papier)</p>
<p>Das Angebot findet indoor statt und richtet sich an Schüler<br />
der Klassen 2 bis 5.<br />
Termine: nach Absprache<br />
Voranmeldung: mindestens 1 Woche vorher<br />
Dauer: ca. 1,5 bis 2 Stunden<br />
Gruppengröße: 5 bis 30 Personen<br />
Eintritt pro Person: 3,50 €</p>
<p><a title="Brandenburgisches Textilmuseum Forst (Lausitz) / Bramborski tekstilny muzej Baršć (Łužyca)" href="/museen/brandenburgisches-textilmuseum-forst/">Brandenburgisches Textilmuseum Forst</a></p>

<p>Die Geschichte der Forster Stadteisenbahn ist im Museum in Bild und Wort zu erleben. Interessantes erfahren die Besucher in dieser Veranstaltung von der ersten Fahrt 1893 bis zur letzten Fahrt 1965. Es werden viele Fragen geklärt. Warum wurde die Stadteisenbahn gebaut? Wem nutzte diese Bahn? Was transportierte sie? Warum wurde sie aus dem Stadtbild und</p>
