{"id":675,"date":"2014-11-14T17:56:57","date_gmt":"2014-11-14T16:56:57","guid":{"rendered":"http:\/\/lausitzer-museenland.de\/?page_id=675"},"modified":"2014-12-17T17:49:30","modified_gmt":"2014-12-17T16:49:30","slug":"sieben-pruefungen-durch-die-vorgeschichte","status":"publish","type":"page","link":"https:\/\/www.lausitzer-museenland.de\/dsb\/service\/kobi\/sieben-pruefungen-durch-die-vorgeschichte\/","title":{"rendered":"Sieben Pr\u00fcfungen durch die Vorgeschichte im Arch\u00e4otechnischen Zentrum Welzow"},"content":{"rendered":"<p>Die Besucher bekommen an 7 Stationen je eine typische Aufgabe, die in der Gruppe jeweils in einer halben Stunde gel\u00f6st werden muss. Dann wird die Station gewechselt. Die Veranstaltung beinhaltet Feuer machen, Leder schneiden, T\u00f6pfern, Bohren, Wandaufbau, Wachs gie\u00dfen und eine Ausgrabung. Nebenbei wird f\u00fcr alle gekocht, und es gibt leckeres Essen aus dem Hordentopf und dem Lehmbackofen.<\/p>\n<p>Das Angebot findet outdoor statt und richtet sich an Sch\u00fcler der<br \/>\nKlassen 1 bis 10.<br \/>\nTermine: nach Absprache<br \/>\nVoranmeldung: mindestens 2 Wochen vorher<br \/>\nDauer: mindestens 6 Stunden<br \/>\nGruppengr\u00f6\u00dfe: 20 bis 80 Personen<br \/>\nEintritt pro Person: 15,00 \u20ac<br \/>\nZur Dokumentation k\u00f6nnen Kameras oder Fotohandys mitgebracht werden.<\/p>\n<p><a title=\"Arch\u00e4otechnisches Zentrum Welzow\" href=\"\/museen\/archaeotechnisches-zentrum-welzow\/\">Arch\u00e4otechnisches Zentrum Welzow<\/a><\/p>","protected":false},"excerpt":{"rendered":"<p>Die Besucher bekommen an 7 Stationen je eine typische Aufgabe, die in der Gruppe jeweils in einer halben Stunde gel\u00f6st werden muss. Dann wird die Station gewechselt. Die Veranstaltung beinhaltet Feuer machen, Leder schneiden, T\u00f6pfern, Bohren, Wandaufbau, Wachs gie\u00dfen und eine Ausgrabung. Nebenbei wird f\u00fcr alle gekocht, und es gibt leckeres Essen aus dem Hordentopf<\/p>","protected":false},"author":13,"featured_media":0,"parent":380,"menu_order":0,"comment_status":"closed","ping_status":"closed","template":"","meta":[],"_links":{"self":[{"href":"https:\/\/www.lausitzer-museenland.de\/dsb\/wp-json\/wp\/v2\/pages\/675"}],"collection":[{"href":"https:\/\/www.lausitzer-museenland.de\/dsb\/wp-json\/wp\/v2\/pages"}],"about":[{"href":"https:\/\/www.lausitzer-museenland.de\/dsb\/wp-json\/wp\/v2\/types\/page"}],"author":[{"embeddable":true,"href":"https:\/\/www.lausitzer-museenland.de\/dsb\/wp-json\/wp\/v2\/users\/13"}],"replies":[{"embeddable":true,"href":"https:\/\/www.lausitzer-museenland.de\/dsb\/wp-json\/wp\/v2\/comments?post=675"}],"version-history":[{"count":6,"href":"https:\/\/www.lausitzer-museenland.de\/dsb\/wp-json\/wp\/v2\/pages\/675\/revisions"}],"predecessor-version":[{"id":3654,"href":"https:\/\/www.lausitzer-museenland.de\/dsb\/wp-json\/wp\/v2\/pages\/675\/revisions\/3654"}],"up":[{"embeddable":true,"href":"https:\/\/www.lausitzer-museenland.de\/dsb\/wp-json\/wp\/v2\/pages\/380"}],"wp:attachment":[{"href":"https:\/\/www.lausitzer-museenland.de\/dsb\/wp-json\/wp\/v2\/media?parent=675"}],"curies":[{"name":"wp","href":"https:\/\/api.w.org\/{rel}","templated":true}]}}