{"id":689,"date":"2014-11-14T18:03:18","date_gmt":"2014-11-14T17:03:18","guid":{"rendered":"http:\/\/lausitzer-museenland.de\/?page_id=689"},"modified":"2014-12-17T18:00:47","modified_gmt":"2014-12-17T17:00:47","slug":"ausstellung-in-der-alten-muehle","status":"publish","type":"page","link":"https:\/\/www.lausitzer-museenland.de\/dsb\/service\/kobi\/ausstellung-in-der-alten-muehle\/","title":{"rendered":"Ausstellung von Landtechnik und b\u00e4uerliche Lebensweise in der \u201eAlten M\u00fchle\u201c Proschim"},"content":{"rendered":"<p>Eine Exkursion in die regionale Volkskunde mittels kleinb\u00e4uerlicher Agrartechnik sowie d\u00f6rflichen Lebens und Handwerks.<\/p>\n<p>EG: Geschichte der M\u00fchle und des Dorfes Proschim sowie Ausstellung M\u00fchlenmodelle und Schrotm\u00fchlen<\/p>\n<p>1. OG: Strohverarbeitung, Buttern, Backen, Getreidesorten, Konservierung von Erntegut, W\u00e4schepflege, Wohnr\u00e4ume, K\u00fcche, Kinderbetreuung, Textilien, Sattlermaschine<\/p>\n<p>2. OG: Kartoffelanbau, Bodenbearbeitung, Gartenger\u00e4te, Schuhmacherei, Weben, Spinnen, Imkerei, Aufzug und Transmission<\/p>\n<p>Hof: Kleintierhaltung, Hausschlachtung, Backstube, W\u00e4schereinigung, Fahrradausstellung<\/p>\n<p>Das Angebot findet in der &#8222;Alten M\u00fchle&#8220; und auf dem M\u00fchlenhof statt. Es richtet sich an Sch\u00fcler der Klassen 1 bis 12.<br \/>\nVoranmeldung: eine Woche vorher<br \/>\nDauer: ca. 2 Std.<br \/>\nGruppengr\u00f6\u00dfe: 10 bis 40 Personen<br \/>\nEintritt pro Person: 1,50 \u20ac<\/p>\n<p><a title=\"Stary m\u0142yn Pro\u017eym\" href=\"\/museen\/alte-muehle-proschim\/\">&#8222;Alte M\u00fchle&#8220; Proschim<\/a><\/p>","protected":false},"excerpt":{"rendered":"<p>Eine Exkursion in die regionale Volkskunde mittels kleinb\u00e4uerlicher Agrartechnik sowie d\u00f6rflichen Lebens und Handwerks. EG: Geschichte der M\u00fchle und des Dorfes Proschim sowie Ausstellung M\u00fchlenmodelle und Schrotm\u00fchlen 1. OG: Strohverarbeitung, Buttern, Backen, Getreidesorten, Konservierung von Erntegut, W\u00e4schepflege, Wohnr\u00e4ume, K\u00fcche, Kinderbetreuung, Textilien, Sattlermaschine 2. OG: Kartoffelanbau, Bodenbearbeitung, Gartenger\u00e4te, Schuhmacherei, Weben, Spinnen, Imkerei, Aufzug und Transmission Hof:<\/p>","protected":false},"author":13,"featured_media":0,"parent":380,"menu_order":0,"comment_status":"closed","ping_status":"closed","template":"","meta":[],"_links":{"self":[{"href":"https:\/\/www.lausitzer-museenland.de\/dsb\/wp-json\/wp\/v2\/pages\/689"}],"collection":[{"href":"https:\/\/www.lausitzer-museenland.de\/dsb\/wp-json\/wp\/v2\/pages"}],"about":[{"href":"https:\/\/www.lausitzer-museenland.de\/dsb\/wp-json\/wp\/v2\/types\/page"}],"author":[{"embeddable":true,"href":"https:\/\/www.lausitzer-museenland.de\/dsb\/wp-json\/wp\/v2\/users\/13"}],"replies":[{"embeddable":true,"href":"https:\/\/www.lausitzer-museenland.de\/dsb\/wp-json\/wp\/v2\/comments?post=689"}],"version-history":[{"count":7,"href":"https:\/\/www.lausitzer-museenland.de\/dsb\/wp-json\/wp\/v2\/pages\/689\/revisions"}],"predecessor-version":[{"id":3670,"href":"https:\/\/www.lausitzer-museenland.de\/dsb\/wp-json\/wp\/v2\/pages\/689\/revisions\/3670"}],"up":[{"embeddable":true,"href":"https:\/\/www.lausitzer-museenland.de\/dsb\/wp-json\/wp\/v2\/pages\/380"}],"wp:attachment":[{"href":"https:\/\/www.lausitzer-museenland.de\/dsb\/wp-json\/wp\/v2\/media?parent=689"}],"curies":[{"name":"wp","href":"https:\/\/api.w.org\/{rel}","templated":true}]}}