{"id":432,"date":"2014-11-12T11:14:08","date_gmt":"2014-11-12T10:14:08","guid":{"rendered":"http:\/\/lausitzer-museenland.de\/?page_id=432"},"modified":"2014-12-17T18:00:22","modified_gmt":"2014-12-17T17:00:22","slug":"waschtag","status":"publish","type":"page","link":"https:\/\/www.lausitzer-museenland.de\/en\/service\/kobi\/washday\/","title":{"rendered":"Washing Day at the Lower Lusatian Heath Museum Spremberg"},"content":{"rendered":"<p>With a zinc tub, washboard and clothesline, large and small laundry gets clean again in the farm garden. Here you can learn a lot about what washerwomen had to do and how arduous the care of the laundry was.<\/p>\n<p>The programme takes place outdoors and is aimed at pupils in grades 1 to 5.<br \/>\nGroup size: 5 to 20 people<br \/>\nDates: by arrangement<br \/>\nPre-registration: 5 days before at the latest<br \/>\nDuration: approx. 1.5 hours<br \/>\nAdmission per person: \u20ac 2.00<\/p>\n<p>Notes:<br \/>\nIn case of a larger class size, it is necessary to divide the class. Therefore, please allow 1\/2 hour more time.<\/p>\n<p><a title=\"Niederlausitzer Heidemuseum Spremberg \/ Dolno\u0142u\u017eyski g\u00f3la\u0144ski muzej Grodk\" href=\"\/museen\/niederlausitzer-heidemuseum-spremberg\/\">Lower Lusatian Heath Museum Spremberg<\/a><\/p>","protected":false},"excerpt":{"rendered":"<p>With a zinc tub, washboard and clothesline, large and small laundry gets clean again in the farm garden. Here you can learn a lot about what washerwomen had to do and how difficult it was to take care of the laundry. The activity takes place outdoors and is aimed at pupils in classes 1 to 5. Group size: 5 to 20 people Dates: by arrangement<\/p>","protected":false},"author":13,"featured_media":0,"parent":380,"menu_order":0,"comment_status":"closed","ping_status":"closed","template":"","meta":[],"_links":{"self":[{"href":"https:\/\/www.lausitzer-museenland.de\/en\/wp-json\/wp\/v2\/pages\/432"}],"collection":[{"href":"https:\/\/www.lausitzer-museenland.de\/en\/wp-json\/wp\/v2\/pages"}],"about":[{"href":"https:\/\/www.lausitzer-museenland.de\/en\/wp-json\/wp\/v2\/types\/page"}],"author":[{"embeddable":true,"href":"https:\/\/www.lausitzer-museenland.de\/en\/wp-json\/wp\/v2\/users\/13"}],"replies":[{"embeddable":true,"href":"https:\/\/www.lausitzer-museenland.de\/en\/wp-json\/wp\/v2\/comments?post=432"}],"version-history":[{"count":6,"href":"https:\/\/www.lausitzer-museenland.de\/en\/wp-json\/wp\/v2\/pages\/432\/revisions"}],"predecessor-version":[{"id":3669,"href":"https:\/\/www.lausitzer-museenland.de\/en\/wp-json\/wp\/v2\/pages\/432\/revisions\/3669"}],"up":[{"embeddable":true,"href":"https:\/\/www.lausitzer-museenland.de\/en\/wp-json\/wp\/v2\/pages\/380"}],"wp:attachment":[{"href":"https:\/\/www.lausitzer-museenland.de\/en\/wp-json\/wp\/v2\/media?parent=432"}],"curies":[{"name":"wp","href":"https:\/\/api.w.org\/{rel}","templated":true}]}}

<p>With a zinc tub, washboard and clothesline, large and small laundry gets clean again in the farm garden. Here you can learn a lot about what washerwomen had to do and how arduous the care of the laundry was.</p>
<p>The programme takes place outdoors and is aimed at pupils in grades 1 to 5.<br />
Group size: 5 to 20 people<br />
Dates: by arrangement<br />
Pre-registration: 5 days before at the latest<br />
Duration: approx. 1.5 hours<br />
Admission per person: € 2.00</p>
<p>Notes:<br />
In case of a larger class size, it is necessary to divide the class. Therefore, please allow 1/2 hour more time.</p>
<p><a title="Niederlausitzer Heidemuseum Spremberg / Dolnołužyski gólański muzej Grodk" href="/museen/niederlausitzer-heidemuseum-spremberg/">Lower Lusatian Heath Museum Spremberg</a></p>
