{"id":626,"date":"2014-11-14T17:30:49","date_gmt":"2014-11-14T16:30:49","guid":{"rendered":"http:\/\/lausitzer-museenland.de\/?page_id=626"},"modified":"2014-12-17T17:19:24","modified_gmt":"2014-12-17T16:19:24","slug":"flugplatzgeschichte-von-welzow","status":"publish","type":"page","link":"https:\/\/www.lausitzer-museenland.de\/en\/service\/kobi\/airfield-history-ofwelzow\/","title":{"rendered":"Welzow airfield history"},"content":{"rendered":"<p>Presentation of the history of the airfield from 1927 to the present, including aviation technology. Visitors can marvel at original exhibits, primarily from the time of the Second World War and the time when the airfield was used by the Soviet Army. The entire history of the airfield can be experienced in eight period and theme-related rooms.<\/p>\n<p>The offer takes place indoors and is aimed at schoolchildren.<br \/>\nof grades 5 to 12.<br \/>\nDates: by arrangement<br \/>\nPre-registration: at least 1 week in advance<br \/>\nDuration: approx. 2 hours<br \/>\nGroup size: 10 to 30 people<br \/>\nAdmission per person: \u20ac 2.00<\/p>\n<p><a title=\"Welzow Airfield Museum \/ L\u011btani\u0161\u0107owy muzej Wjelcej\" href=\"\/museen\/flugplatzmuseum-welzow\/\">Welzow Airfield Museum<\/a><\/p>","protected":false},"excerpt":{"rendered":"<p>Presentation of the history of the airfield from 1927 to the present, including aviation technology. Visitors can marvel at original exhibits, primarily from the time of the Second World War and the time when the airfield was used by the Soviet Army. The entire history of the airfield can be experienced in eight period and theme-related rooms. The offer takes place indoors and is aimed at<\/p>","protected":false},"author":13,"featured_media":0,"parent":380,"menu_order":0,"comment_status":"closed","ping_status":"closed","template":"","meta":[],"_links":{"self":[{"href":"https:\/\/www.lausitzer-museenland.de\/en\/wp-json\/wp\/v2\/pages\/626"}],"collection":[{"href":"https:\/\/www.lausitzer-museenland.de\/en\/wp-json\/wp\/v2\/pages"}],"about":[{"href":"https:\/\/www.lausitzer-museenland.de\/en\/wp-json\/wp\/v2\/types\/page"}],"author":[{"embeddable":true,"href":"https:\/\/www.lausitzer-museenland.de\/en\/wp-json\/wp\/v2\/users\/13"}],"replies":[{"embeddable":true,"href":"https:\/\/www.lausitzer-museenland.de\/en\/wp-json\/wp\/v2\/comments?post=626"}],"version-history":[{"count":3,"href":"https:\/\/www.lausitzer-museenland.de\/en\/wp-json\/wp\/v2\/pages\/626\/revisions"}],"predecessor-version":[{"id":3617,"href":"https:\/\/www.lausitzer-museenland.de\/en\/wp-json\/wp\/v2\/pages\/626\/revisions\/3617"}],"up":[{"embeddable":true,"href":"https:\/\/www.lausitzer-museenland.de\/en\/wp-json\/wp\/v2\/pages\/380"}],"wp:attachment":[{"href":"https:\/\/www.lausitzer-museenland.de\/en\/wp-json\/wp\/v2\/media?parent=626"}],"curies":[{"name":"wp","href":"https:\/\/api.w.org\/{rel}","templated":true}]}}

<p>Presentation of the history of the airfield from 1927 to the present, including aviation technology. Visitors can marvel at original exhibits, primarily from the time of the Second World War and the time when the airfield was used by the Soviet Army. The entire history of the airfield can be experienced in eight period and theme-related rooms.</p>
<p>The offer takes place indoors and is aimed at schoolchildren.<br />
of grades 5 to 12.<br />
Dates: by arrangement<br />
Pre-registration: at least 1 week in advance<br />
Duration: approx. 2 hours<br />
Group size: 10 to 30 people<br />
Admission per person: € 2.00</p>
<p><a title="Welzow Airfield Museum / Lětanišćowy muzej Wjelcej" href="/museen/flugplatzmuseum-welzow/">Welzow Airfield Museum</a></p>
