{"id":412,"date":"2014-11-12T10:57:47","date_gmt":"2014-11-12T09:57:47","guid":{"rendered":"http:\/\/lausitzer-museenland.de\/?page_id=412"},"modified":"2014-12-17T17:43:02","modified_gmt":"2014-12-17T16:43:02","slug":"sorbische-osterbraeuche","status":"publish","type":"page","link":"https:\/\/www.lausitzer-museenland.de\/pl\/serwis\/kobi\/sorbijskie-wschodnie-broki\/","title":{"rendered":"Serbskie zwyczaje wielkanocne w Wendyjsko-Niemieckim Muzeum Historii Lokalnej w J\u00e4nschwalde"},"content":{"rendered":"<p>Dzie\u0144 projektu po\u015bwi\u0119cony jest zwyczajom wielkanocnym ludno\u015bci serbo\u0142u\u017cycko-wendyjskiej na Dolnych \u0141u\u017cycach. W zale\u017cno\u015bci od ch\u0119ci, malowanie pisanek lub wielkanocne barwienie jaj b\u0119dzie praktykowane przez same dzieci. Dzieci mog\u0105 wykaza\u0107 si\u0119 zr\u0119czno\u015bci\u0105 w wy\u015bcigu z jajkiem, a entuzjazmu dostarcza tak\u017ce tradycyjne wielkanocne ognisko.<br \/>\nOferta odbywa si\u0119 wewn\u0105trz i na zewn\u0105trz budynk\u00f3w i jest skierowana do<br \/>\nDzieci w wieku przedszkolnym do klasy 6.<br \/>\nTerminy: po uzgodnieniu w okresie wielkanocnym<br \/>\nRejestracja wst\u0119pna: najp\u00f3\u017aniej 2 tygodnie przed<br \/>\nWielko\u015b\u0107 grupy: od 2 do 25 os\u00f3b<br \/>\nWst\u0119p dla jednej osoby: 1,50 \u20ac<br \/>\nWk\u0142ad w wydatki na osob\u0119 (na materia\u0142y itp.): po uzgodnieniu<\/p>\n<p><a title=\"Wendyjsko-niemieckie Muzeum Historii Lokalnej J\u00e4nschwalde \/ Serbsko-nimski domowniski muzej Jan\u0161ojce\" href=\"\/museen\/wendisch-deutsches-heimatmuseum-jaenschwalde\/\">Wendyjsko-Niemieckie Muzeum Historii Lokalnej J\u00e4nschwalde<\/a><\/p>","protected":false},"excerpt":{"rendered":"<p>Dzie\u0144 projektu po\u015bwi\u0119cony jest zwyczajom wielkanocnym ludno\u015bci serbo\u0142u\u017cycko-wendyjskiej na Dolnych \u0141u\u017cycach. W zale\u017cno\u015bci od ch\u0119ci, malowanie pisanek lub wielkanocne barwienie jaj b\u0119dzie praktykowane przez same dzieci. Dzieci b\u0119d\u0105 mog\u0142y wykaza\u0107 si\u0119 zr\u0119czno\u015bci\u0105 w wy\u015bcigu z jajkiem, a emocji dostarczy tak\u017ce tradycyjne wielkanocne ognisko. Zaj\u0119cia odbywaj\u0105 si\u0119 w pomieszczeniach i na zewn\u0105trz i s\u0105 skierowane do dzieci w wieku przedszkolnym.<\/p>","protected":false},"author":13,"featured_media":0,"parent":380,"menu_order":0,"comment_status":"closed","ping_status":"closed","template":"","meta":[],"_links":{"self":[{"href":"https:\/\/www.lausitzer-museenland.de\/pl\/wp-json\/wp\/v2\/pages\/412"}],"collection":[{"href":"https:\/\/www.lausitzer-museenland.de\/pl\/wp-json\/wp\/v2\/pages"}],"about":[{"href":"https:\/\/www.lausitzer-museenland.de\/pl\/wp-json\/wp\/v2\/types\/page"}],"author":[{"embeddable":true,"href":"https:\/\/www.lausitzer-museenland.de\/pl\/wp-json\/wp\/v2\/users\/13"}],"replies":[{"embeddable":true,"href":"https:\/\/www.lausitzer-museenland.de\/pl\/wp-json\/wp\/v2\/comments?post=412"}],"version-history":[{"count":5,"href":"https:\/\/www.lausitzer-museenland.de\/pl\/wp-json\/wp\/v2\/pages\/412\/revisions"}],"predecessor-version":[{"id":3646,"href":"https:\/\/www.lausitzer-museenland.de\/pl\/wp-json\/wp\/v2\/pages\/412\/revisions\/3646"}],"up":[{"embeddable":true,"href":"https:\/\/www.lausitzer-museenland.de\/pl\/wp-json\/wp\/v2\/pages\/380"}],"wp:attachment":[{"href":"https:\/\/www.lausitzer-museenland.de\/pl\/wp-json\/wp\/v2\/media?parent=412"}],"curies":[{"name":"wp","href":"https:\/\/api.w.org\/{rel}","templated":true}]}}

Serbskie zwyczaje wielkanocne w Wendyjsko-Niemieckim Muzeum Historii Lokalnej w Jänschwalde

<p>Dzień projektu poświęcony jest zwyczajom wielkanocnym ludności serbołużycko-wendyjskiej na Dolnych Łużycach. W zależności od chęci, malowanie pisanek lub wielkanocne barwienie jaj będzie praktykowane przez same dzieci. Dzieci mogą wykazać się zręcznością w wyścigu z jajkiem, a entuzjazmu dostarcza także tradycyjne wielkanocne ognisko.<br />
Oferta odbywa się wewnątrz i na zewnątrz budynków i jest skierowana do<br />
Dzieci w wieku przedszkolnym do klasy 6.<br />
Terminy: po uzgodnieniu w okresie wielkanocnym<br />
Rejestracja wstępna: najpóźniej 2 tygodnie przed<br />
Wielkość grupy: od 2 do 25 osób<br />
Wstęp dla jednej osoby: 1,50 €<br />
Wkład w wydatki na osobę (na materiały itp.): po uzgodnieniu</p>
<p><a title="Wendyjsko-niemieckie Muzeum Historii Lokalnej Jänschwalde / Serbsko-nimski domowniski muzej Janšojce" href="/museen/wendisch-deutsches-heimatmuseum-jaenschwalde/">Wendyjsko-Niemieckie Muzeum Historii Lokalnej Jänschwalde</a></p>

<p>Dzień projektu poświęcony jest zwyczajom wielkanocnym ludności serbołużycko-wendyjskiej na Dolnych Łużycach. W zależności od chęci, malowanie pisanek lub wielkanocne barwienie jaj będzie praktykowane przez same dzieci. Dzieci będą mogły wykazać się zręcznością w wyścigu z jajkiem, a emocji dostarczy także tradycyjne wielkanocne ognisko. Zajęcia odbywają się w pomieszczeniach i na zewnątrz i są skierowane do dzieci w wieku przedszkolnym.</p>
