{"id":4131,"date":"2017-09-28T09:30:28","date_gmt":"2017-09-28T08:30:28","guid":{"rendered":"http:\/\/lausitzer-museenland.de\/?page_id=4131"},"modified":"2026-02-24T09:49:25","modified_gmt":"2026-02-24T08:49:25","slug":"schloss-und-festung-senftenberg","status":"publish","type":"page","link":"https:\/\/www.lausitzer-museenland.de\/pl\/muzea\/zamek-i-forteca-senftenberg\/","title":{"rendered":"Zamek i twierdza Senftenberg \/ Grod a twardnica Z\u0142y Komorow"},"content":{"rendered":"<p><a href=\"https:\/\/www.lausitzer-museenland.de\/wp-content\/uploads\/2016\/01\/schloss_senftenberg.jpg\"><img loading=\"lazy\" class=\"aligncenter size-full wp-image-4222\" src=\"https:\/\/www.lausitzer-museenland.de\/wp-content\/uploads\/2016\/01\/schloss_senftenberg.jpg\" alt=\"zamek_senftenberg\" width=\"708\" height=\"398\" \/><\/a><\/p>\n\n<h3 class=\"tiny_p\"><strong>Zdob\u0105d\u017a twierdz\u0119 Saksonia w Brandenburgii!<\/strong><\/h3>\n<h3>Po\u0142o\u017cenie budynku\/dzia\u0142ki<\/h3>\n<div>Imponuj\u0105cy kompleks zamkowo-twierdzowy zosta\u0142 zbudowany w XVI wieku w celu zabezpieczenia granicy z Saksoni\u0105 na fundamentach \u015bredniowiecznego zamku. Dzi\u015b jest to jedyna zachowana w Niemczech fortyfikacja otoczona tak pot\u0119\u017cnym murem ziemnym. Podczas zwiedzania twierdzy odkryjesz tajne przej\u015bcia, wie\u017c\u0119 prochow\u0105 i sprytnie zaplanowany portal twierdzy, kt\u00f3ry nie da\u0142 si\u0119 tak \u0142atwo zdoby\u0107.<\/div>\n<h3>Charakterystyka<\/h3>\n<div>Od ponad 100 lat w zamku mie\u015bci si\u0119 muzeum, kt\u00f3rego nowoczesne ekspozycje zapraszaj\u0105 zwiedzaj\u0105cych do odbycia niezwyk\u0142ej podr\u00f3\u017cy po regionie. Od \u015bwietno\u015bci czas\u00f3w saskich w dzisiejszej Brandenburgii i czas\u00f3w \u015bwietno\u015bci twierdzy, przez tradycje g\u00f3rnicze \u0141u\u017cyc lub histori\u0119 ma\u0142ego miasteczka po sztuk\u0119 wsp\u00f3\u0142czesn\u0105 - jest tu co odkrywa\u0107. W\u015br\u00f3d eksponat\u00f3w znajduj\u0105 si\u0119 m.in. najstarsza stra\u017c po\u017carna Senftenbergu, serbo\u0142u\u017cycka izba gospodarcza, cenne inwentarze ko\u015bcielne oraz najwi\u0119ksza w regionie prasa do produkcji wina.<br \/>\nNajbardziej niezwyk\u0142e miejsce w zamku Senftenberg prowadzi \"pod ziemi\u0119\" do kopalni pokazowej. Tutaj mo\u017cna zanurzy\u0107 si\u0119 w pocz\u0105tkach g\u00f3rnictwa na \u0141u\u017cycach, kiedy to uruchomiono pierwsze kopalnie w\u0119gla, a rolnicy stali si\u0119 g\u00f3rnikami.<\/div>\n<p>&nbsp;<\/p>\n<h3>Wystawy specjalne \/ oferty towarzysz\u0105ce<a id=\"austellungen_am_proschim\"><\/a><\/h3>\n<div>Mo\u017cna tu znale\u017a\u0107 oferty dla o\u015brodk\u00f3w opieki dziennej, szk\u00f3\u0142 i rodzin <a href=\"https:\/\/museums-entdecker.de\/home\/fuer-schulen-kindergaerten\/\" target=\"_blank\" rel=\"noopener\">tutaj<\/a>.<\/div>\n<div>Znajdziesz tu wystawy specjalne <a href=\"https:\/\/museums-entdecker.de\/kalender-museum\/\" target=\"_blank\" rel=\"noopener\">tutaj<\/a>.<\/div>","protected":false},"excerpt":{"rendered":"<p>Zdob\u0105d\u017a twierdz\u0119 Saksonii w Brandenburgii! Budynek \/ sytuacja na miejscu Imponuj\u0105cy kompleks zamkowo-twierdzowy zosta\u0142 zbudowany w XVI wieku w celu zabezpieczenia granicy saskiej na fundamentach \u015bredniowiecznego zamku. Dzi\u015b jest to jedyna zachowana w Niemczech fortyfikacja otoczona tak pot\u0119\u017cnym murem ziemnym. Podczas zwiedzania twierdzy odkryjesz tajne przej\u015bcia, Baszt\u0119 Prochow\u0105 i<\/p>","protected":false},"author":13,"featured_media":0,"parent":113,"menu_order":0,"comment_status":"closed","ping_status":"closed","template":"","meta":[],"_links":{"self":[{"href":"https:\/\/www.lausitzer-museenland.de\/pl\/wp-json\/wp\/v2\/pages\/4131"}],"collection":[{"href":"https:\/\/www.lausitzer-museenland.de\/pl\/wp-json\/wp\/v2\/pages"}],"about":[{"href":"https:\/\/www.lausitzer-museenland.de\/pl\/wp-json\/wp\/v2\/types\/page"}],"author":[{"embeddable":true,"href":"https:\/\/www.lausitzer-museenland.de\/pl\/wp-json\/wp\/v2\/users\/13"}],"replies":[{"embeddable":true,"href":"https:\/\/www.lausitzer-museenland.de\/pl\/wp-json\/wp\/v2\/comments?post=4131"}],"version-history":[{"count":13,"href":"https:\/\/www.lausitzer-museenland.de\/pl\/wp-json\/wp\/v2\/pages\/4131\/revisions"}],"predecessor-version":[{"id":55950,"href":"https:\/\/www.lausitzer-museenland.de\/pl\/wp-json\/wp\/v2\/pages\/4131\/revisions\/55950"}],"up":[{"embeddable":true,"href":"https:\/\/www.lausitzer-museenland.de\/pl\/wp-json\/wp\/v2\/pages\/113"}],"wp:attachment":[{"href":"https:\/\/www.lausitzer-museenland.de\/pl\/wp-json\/wp\/v2\/media?parent=4131"}],"curies":[{"name":"wp","href":"https:\/\/api.w.org\/{rel}","templated":true}]}}

Zamek i twierdza Senftenberg / Grod a twardnica Zły Komorow

<p><a href="https://www.lausitzer-museenland.de/wp-content/uploads/2016/01/schloss_senftenberg.jpg"><img loading="lazy" class="aligncenter size-full wp-image-4222" src="https://www.lausitzer-museenland.de/wp-content/uploads/2016/01/schloss_senftenberg.jpg" alt="zamek_senftenberg" width="708" height="398" /></a></p>

<h3 class="tiny_p"><strong>Zdobądź twierdzę Saksonia w Brandenburgii!</strong></h3>
<h3>Położenie budynku/działki</h3>
<div>Imponujący kompleks zamkowo-twierdzowy został zbudowany w XVI wieku w celu zabezpieczenia granicy z Saksonią na fundamentach średniowiecznego zamku. Dziś jest to jedyna zachowana w Niemczech fortyfikacja otoczona tak potężnym murem ziemnym. Podczas zwiedzania twierdzy odkryjesz tajne przejścia, wieżę prochową i sprytnie zaplanowany portal twierdzy, który nie dał się tak łatwo zdobyć.</div>
<h3>Charakterystyka</h3>
<div>Od ponad 100 lat w zamku mieści się muzeum, którego nowoczesne ekspozycje zapraszają zwiedzających do odbycia niezwykłej podróży po regionie. Od świetności czasów saskich w dzisiejszej Brandenburgii i czasów świetności twierdzy, przez tradycje górnicze Łużyc lub historię małego miasteczka po sztukę współczesną - jest tu co odkrywać. Wśród eksponatów znajdują się m.in. najstarsza straż pożarna Senftenbergu, serbołużycka izba gospodarcza, cenne inwentarze kościelne oraz największa w regionie prasa do produkcji wina.<br />
Najbardziej niezwykłe miejsce w zamku Senftenberg prowadzi "pod ziemię" do kopalni pokazowej. Tutaj można zanurzyć się w początkach górnictwa na Łużycach, kiedy to uruchomiono pierwsze kopalnie węgla, a rolnicy stali się górnikami.</div>
<p>&nbsp;</p>
<h3>Wystawy specjalne / oferty towarzyszące<a id="austellungen_am_proschim"></a></h3>
<div>Można tu znaleźć oferty dla ośrodków opieki dziennej, szkół i rodzin <a href="https://museums-entdecker.de/home/fuer-schulen-kindergaerten/" target="_blank" rel="noopener">tutaj</a>.</div>
<div>Znajdziesz tu wystawy specjalne <a href="https://museums-entdecker.de/kalender-museum/" target="_blank" rel="noopener">tutaj</a>.</div>

<p>Zdobądź twierdzę Saksonii w Brandenburgii! Budynek / sytuacja na miejscu Imponujący kompleks zamkowo-twierdzowy został zbudowany w XVI wieku w celu zabezpieczenia granicy saskiej na fundamentach średniowiecznego zamku. Dziś jest to jedyna zachowana w Niemczech fortyfikacja otoczona tak potężnym murem ziemnym. Podczas zwiedzania twierdzy odkryjesz tajne przejścia, Basztę Prochową i</p>
