{"id":432,"date":"2014-11-12T11:14:08","date_gmt":"2014-11-12T10:14:08","guid":{"rendered":"http:\/\/lausitzer-museenland.de\/?page_id=432"},"modified":"2014-12-17T18:00:22","modified_gmt":"2014-12-17T17:00:22","slug":"waschtag","status":"publish","type":"page","link":"https:\/\/www.lausitzer-museenland.de\/pl\/serwis\/kobi\/dzien-dobry\/","title":{"rendered":"Dzie\u0144 Prania w Muzeum Wrzos\u00f3w Dolnych \u0141u\u017cyc Spremberg"},"content":{"rendered":"<p>Dzi\u0119ki cynkowej wannie, desce do prania i wieszakowi na ubrania, du\u017ce i ma\u0142e pranie zn\u00f3w staje si\u0119 czyste w ogrodzie gospodarczym. Mo\u017cna si\u0119 tu wiele dowiedzie\u0107 o tym, co musia\u0142y robi\u0107 praczki i jak uci\u0105\u017cliwe by\u0142o dbanie o pranie.<\/p>\n<p>Program odbywa si\u0119 na \u015bwie\u017cym powietrzu i jest skierowany do uczni\u00f3w klas 1-5.<br \/>\nWielko\u015b\u0107 grupy: od 5 do 20 os\u00f3b<br \/>\nTerminy: po uzgodnieniu<br \/>\nRejestracja wst\u0119pna: najp\u00f3\u017aniej 5 dni przed<br \/>\nCzas trwania: ok. 1,5 godz.<br \/>\nWst\u0119p dla jednej osoby: 2,00 \u20ac<\/p>\n<p>Uwagi:<br \/>\nW przypadku wi\u0119kszej liczebno\u015bci klasy konieczne jest jej podzielenie. W zwi\u0105zku z tym prosimy o przeznaczenie 1\/2 godziny wi\u0119cej czasu.<\/p>\n<p><a title=\"Niederlausitzer Heidemuseum Spremberg \/ Dolno\u0142u\u017eyski g\u00f3la\u0144ski muzej Grodk\" href=\"\/museen\/niederlausitzer-heidemuseum-spremberg\/\">Muzeum Wrzosowisk Dolnych \u0141u\u017cyc Spremberg<\/a><\/p>","protected":false},"excerpt":{"rendered":"<p>Dzi\u0119ki cynkowej wannie, desce do prania i sznurkowi na ubrania, du\u017ce i ma\u0142e pranie staje si\u0119 ponownie czyste w ogrodzie gospodarczym. Tutaj mo\u017cna dowiedzie\u0107 si\u0119 wiele o tym, co musia\u0142y robi\u0107 praczki i jak trudno by\u0142o zaj\u0105\u0107 si\u0119 praniem. Zaj\u0119cia odbywaj\u0105 si\u0119 na \u015bwie\u017cym powietrzu i s\u0105 skierowane do uczni\u00f3w klas 1-5 Wielko\u015b\u0107 grupy: od 5 do 20 os\u00f3b Terminy: do uzgodnienia<\/p>","protected":false},"author":13,"featured_media":0,"parent":380,"menu_order":0,"comment_status":"closed","ping_status":"closed","template":"","meta":[],"_links":{"self":[{"href":"https:\/\/www.lausitzer-museenland.de\/pl\/wp-json\/wp\/v2\/pages\/432"}],"collection":[{"href":"https:\/\/www.lausitzer-museenland.de\/pl\/wp-json\/wp\/v2\/pages"}],"about":[{"href":"https:\/\/www.lausitzer-museenland.de\/pl\/wp-json\/wp\/v2\/types\/page"}],"author":[{"embeddable":true,"href":"https:\/\/www.lausitzer-museenland.de\/pl\/wp-json\/wp\/v2\/users\/13"}],"replies":[{"embeddable":true,"href":"https:\/\/www.lausitzer-museenland.de\/pl\/wp-json\/wp\/v2\/comments?post=432"}],"version-history":[{"count":6,"href":"https:\/\/www.lausitzer-museenland.de\/pl\/wp-json\/wp\/v2\/pages\/432\/revisions"}],"predecessor-version":[{"id":3669,"href":"https:\/\/www.lausitzer-museenland.de\/pl\/wp-json\/wp\/v2\/pages\/432\/revisions\/3669"}],"up":[{"embeddable":true,"href":"https:\/\/www.lausitzer-museenland.de\/pl\/wp-json\/wp\/v2\/pages\/380"}],"wp:attachment":[{"href":"https:\/\/www.lausitzer-museenland.de\/pl\/wp-json\/wp\/v2\/media?parent=432"}],"curies":[{"name":"wp","href":"https:\/\/api.w.org\/{rel}","templated":true}]}}

Dzień Prania w Muzeum Wrzosów Dolnych Łużyc Spremberg

<p>Dzięki cynkowej wannie, desce do prania i wieszakowi na ubrania, duże i małe pranie znów staje się czyste w ogrodzie gospodarczym. Można się tu wiele dowiedzieć o tym, co musiały robić praczki i jak uciążliwe było dbanie o pranie.</p>
<p>Program odbywa się na świeżym powietrzu i jest skierowany do uczniów klas 1-5.<br />
Wielkość grupy: od 5 do 20 osób<br />
Terminy: po uzgodnieniu<br />
Rejestracja wstępna: najpóźniej 5 dni przed<br />
Czas trwania: ok. 1,5 godz.<br />
Wstęp dla jednej osoby: 2,00 €</p>
<p>Uwagi:<br />
W przypadku większej liczebności klasy konieczne jest jej podzielenie. W związku z tym prosimy o przeznaczenie 1/2 godziny więcej czasu.</p>
<p><a title="Niederlausitzer Heidemuseum Spremberg / Dolnołužyski gólański muzej Grodk" href="/museen/niederlausitzer-heidemuseum-spremberg/">Muzeum Wrzosowisk Dolnych Łużyc Spremberg</a></p>

<p>Dzięki cynkowej wannie, desce do prania i sznurkowi na ubrania, duże i małe pranie staje się ponownie czyste w ogrodzie gospodarczym. Tutaj można dowiedzieć się wiele o tym, co musiały robić praczki i jak trudno było zająć się praniem. Zajęcia odbywają się na świeżym powietrzu i są skierowane do uczniów klas 1-5 Wielkość grupy: od 5 do 20 osób Terminy: do uzgodnienia</p>
