{"id":449,"date":"2014-11-12T11:24:15","date_gmt":"2014-11-12T10:24:15","guid":{"rendered":"http:\/\/lausitzer-museenland.de\/?page_id=449"},"modified":"2014-12-17T18:06:48","modified_gmt":"2014-12-17T17:06:48","slug":"aus-dem-tagebuch-der-erde","status":"publish","type":"page","link":"https:\/\/www.lausitzer-museenland.de\/pl\/serwis\/kobi\/from-the-earth-diary\/","title":{"rendered":"Z pami\u0119tnika Ziemi - Historyczny rozw\u00f3j naszego rodzimego krajobrazu w Muzeum Historii Lokalnej Gro\u00df K\u00f6lzig"},"content":{"rendered":"<p>Podczas zwiedzania starego g\u00f3rnictwa uczniowie dowiaduj\u0105 si\u0119, jak powstawa\u0142 w\u0119giel, w jakich warunkach by\u0142 dawniej wydobywany, a nast\u0119pnie transportowany do zak\u0142ad\u00f3w przemys\u0142owych. Projekt jest oferowany jako wycieczka piesza lub rowerowa.<\/p>\n<p>Program odbywa si\u0119 na \u015bwie\u017cym powietrzu i jest skierowany do uczni\u00f3w klas 7-10.<br \/>\nTerminy: po uzgodnieniu<br \/>\nRejestracja wst\u0119pna: najp\u00f3\u017aniej 5 dni przed<br \/>\nWst\u0119p dla jednej osoby: po uzgodnieniu<\/p>\n<p><a title=\"Heimatstube Gro\u00df K\u00f6lzig \/ Domowniska \u015bpa Wjeliki K\u00f3lsk\" href=\"\/museen\/heimatstube-gross-koelzig\/\">Sala historii lokalnej Gro\u00df K\u00f6lzig<\/a><\/p>","protected":false},"excerpt":{"rendered":"<p>Na starej trasie g\u00f3rniczej uczniowie dowiaduj\u0105 si\u0119 jak powsta\u0142 w\u0119giel, w jakich okoliczno\u015bciach by\u0142 wydobywany w przesz\u0142o\u015bci, a nast\u0119pnie transportowany do zak\u0142ad\u00f3w przemys\u0142owych. Projekt jest oferowany jako wycieczka piesza lub rowerowa. Oferta odbywa si\u0119 w plenerze i jest skierowana do uczni\u00f3w klas 7-10 Terminy: po uzgodnieniu Zapisy wst\u0119pne: najp\u00f3\u017aniej 5 dni wcze\u015bniej<\/p>","protected":false},"author":13,"featured_media":0,"parent":380,"menu_order":0,"comment_status":"closed","ping_status":"closed","template":"","meta":[],"_links":{"self":[{"href":"https:\/\/www.lausitzer-museenland.de\/pl\/wp-json\/wp\/v2\/pages\/449"}],"collection":[{"href":"https:\/\/www.lausitzer-museenland.de\/pl\/wp-json\/wp\/v2\/pages"}],"about":[{"href":"https:\/\/www.lausitzer-museenland.de\/pl\/wp-json\/wp\/v2\/types\/page"}],"author":[{"embeddable":true,"href":"https:\/\/www.lausitzer-museenland.de\/pl\/wp-json\/wp\/v2\/users\/13"}],"replies":[{"embeddable":true,"href":"https:\/\/www.lausitzer-museenland.de\/pl\/wp-json\/wp\/v2\/comments?post=449"}],"version-history":[{"count":7,"href":"https:\/\/www.lausitzer-museenland.de\/pl\/wp-json\/wp\/v2\/pages\/449\/revisions"}],"predecessor-version":[{"id":3675,"href":"https:\/\/www.lausitzer-museenland.de\/pl\/wp-json\/wp\/v2\/pages\/449\/revisions\/3675"}],"up":[{"embeddable":true,"href":"https:\/\/www.lausitzer-museenland.de\/pl\/wp-json\/wp\/v2\/pages\/380"}],"wp:attachment":[{"href":"https:\/\/www.lausitzer-museenland.de\/pl\/wp-json\/wp\/v2\/media?parent=449"}],"curies":[{"name":"wp","href":"https:\/\/api.w.org\/{rel}","templated":true}]}}

Z pamiętnika Ziemi - Historyczny rozwój naszego rodzimego krajobrazu w Muzeum Historii Lokalnej Groß Kölzig

<p>Podczas zwiedzania starego górnictwa uczniowie dowiadują się, jak powstawał węgiel, w jakich warunkach był dawniej wydobywany, a następnie transportowany do zakładów przemysłowych. Projekt jest oferowany jako wycieczka piesza lub rowerowa.</p>
<p>Program odbywa się na świeżym powietrzu i jest skierowany do uczniów klas 7-10.<br />
Terminy: po uzgodnieniu<br />
Rejestracja wstępna: najpóźniej 5 dni przed<br />
Wstęp dla jednej osoby: po uzgodnieniu</p>
<p><a title="Heimatstube Groß Kölzig / Domowniska śpa Wjeliki Kólsk" href="/museen/heimatstube-gross-koelzig/">Sala historii lokalnej Groß Kölzig</a></p>

<p>Na starej trasie górniczej uczniowie dowiadują się jak powstał węgiel, w jakich okolicznościach był wydobywany w przeszłości, a następnie transportowany do zakładów przemysłowych. Projekt jest oferowany jako wycieczka piesza lub rowerowa. Oferta odbywa się w plenerze i jest skierowana do uczniów klas 7-10 Terminy: po uzgodnieniu Zapisy wstępne: najpóźniej 5 dni wcześniej</p>
