{"id":452,"date":"2014-11-12T11:25:57","date_gmt":"2014-11-12T10:25:57","guid":{"rendered":"http:\/\/lausitzer-museenland.de\/?page_id=452"},"modified":"2014-12-17T18:07:45","modified_gmt":"2014-12-17T17:07:45","slug":"woher-wir-wissen-was-frueher-geschah","status":"publish","type":"page","link":"https:\/\/www.lausitzer-museenland.de\/pl\/serwis\/kobi\/jak-wiemy-co-sie-zdarzylo-wczesniej\/","title":{"rendered":"Jak wiemy, co si\u0119 dzia\u0142o w przesz\u0142o\u015bci - w sali historii lokalnej Gro\u00df K\u00f6lzig"},"content":{"rendered":"<p>\u015awiadectwa przesz\u0142o\u015bci pokazuj\u0105 na pi\u015bmie, zdj\u0119ciach i przedmiotach, jak dawniej \u017cyli i pracowali ludzie.<\/p>\n<p>Program odbywa si\u0119 w pomieszczeniach i na \u015bwie\u017cym powietrzu i jest skierowany do uczni\u00f3w klas 4-6.<br \/>\nTerminy: po uzgodnieniu<br \/>\nRejestracja wst\u0119pna: najp\u00f3\u017aniej 5 dni przed<br \/>\nWielko\u015b\u0107 grupy: od 5 do 30 os\u00f3b<br \/>\nWst\u0119p dla jednej osoby: po uzgodnieniu<\/p>\n<p><a title=\"Heimatstube Gro\u00df K\u00f6lzig \/ Domowniska \u015bpa Wjeliki K\u00f3lsk\" href=\"\/museen\/heimatstube-gross-koelzig\/\">Sala historii lokalnej Gro\u00df K\u00f6lzig<\/a><\/p>","protected":false},"excerpt":{"rendered":"<p>\u015awiadectwa przesz\u0142o\u015bci pokazuj\u0105 na pi\u015bmie, zdj\u0119ciach i przedmiotach, jak dawniej ludzie \u017cyli i pracowali. Oferta odbywa si\u0119 w pomieszczeniach i na zewn\u0105trz i jest skierowana do uczni\u00f3w klas 4-6. Terminy: do uzgodnienia Zg\u0142oszenie wst\u0119pne: z co najmniej 5-dniowym wyprzedzeniem Liczebno\u015b\u0107 grupy: 5 do 30 os\u00f3b Wst\u0119p od osoby: do uzgodnienia Heimatstube Gro\u00df<\/p>","protected":false},"author":13,"featured_media":0,"parent":380,"menu_order":0,"comment_status":"closed","ping_status":"closed","template":"","meta":[],"_links":{"self":[{"href":"https:\/\/www.lausitzer-museenland.de\/pl\/wp-json\/wp\/v2\/pages\/452"}],"collection":[{"href":"https:\/\/www.lausitzer-museenland.de\/pl\/wp-json\/wp\/v2\/pages"}],"about":[{"href":"https:\/\/www.lausitzer-museenland.de\/pl\/wp-json\/wp\/v2\/types\/page"}],"author":[{"embeddable":true,"href":"https:\/\/www.lausitzer-museenland.de\/pl\/wp-json\/wp\/v2\/users\/13"}],"replies":[{"embeddable":true,"href":"https:\/\/www.lausitzer-museenland.de\/pl\/wp-json\/wp\/v2\/comments?post=452"}],"version-history":[{"count":5,"href":"https:\/\/www.lausitzer-museenland.de\/pl\/wp-json\/wp\/v2\/pages\/452\/revisions"}],"predecessor-version":[{"id":3676,"href":"https:\/\/www.lausitzer-museenland.de\/pl\/wp-json\/wp\/v2\/pages\/452\/revisions\/3676"}],"up":[{"embeddable":true,"href":"https:\/\/www.lausitzer-museenland.de\/pl\/wp-json\/wp\/v2\/pages\/380"}],"wp:attachment":[{"href":"https:\/\/www.lausitzer-museenland.de\/pl\/wp-json\/wp\/v2\/media?parent=452"}],"curies":[{"name":"wp","href":"https:\/\/api.w.org\/{rel}","templated":true}]}}

Jak wiemy, co się działo w przeszłości - w sali historii lokalnej Groß Kölzig

<p>Świadectwa przeszłości pokazują na piśmie, zdjęciach i przedmiotach, jak dawniej żyli i pracowali ludzie.</p>
<p>Program odbywa się w pomieszczeniach i na świeżym powietrzu i jest skierowany do uczniów klas 4-6.<br />
Terminy: po uzgodnieniu<br />
Rejestracja wstępna: najpóźniej 5 dni przed<br />
Wielkość grupy: od 5 do 30 osób<br />
Wstęp dla jednej osoby: po uzgodnieniu</p>
<p><a title="Heimatstube Groß Kölzig / Domowniska śpa Wjeliki Kólsk" href="/museen/heimatstube-gross-koelzig/">Sala historii lokalnej Groß Kölzig</a></p>

<p>Świadectwa przeszłości pokazują na piśmie, zdjęciach i przedmiotach, jak dawniej ludzie żyli i pracowali. Oferta odbywa się w pomieszczeniach i na zewnątrz i jest skierowana do uczniów klas 4-6. Terminy: do uzgodnienia Zgłoszenie wstępne: z co najmniej 5-dniowym wyprzedzeniem Liczebność grupy: 5 do 30 osób Wstęp od osoby: do uzgodnienia Heimatstube Groß</p>
