{"id":454,"date":"2014-11-12T11:26:19","date_gmt":"2014-11-12T10:26:19","guid":{"rendered":"http:\/\/lausitzer-museenland.de\/?page_id=454"},"modified":"2014-12-17T18:08:38","modified_gmt":"2014-12-17T17:08:38","slug":"aus-alter-zeit-heimatsagen-und-spukgeschichten","status":"publish","type":"page","link":"https:\/\/www.lausitzer-museenland.de\/pl\/serwis\/kobi\/old-time-homeland-saga-and-spook-stories\/","title":{"rendered":"Z dawnych czas\u00f3w - lokalne legendy i opowie\u015bci o duchach w sali historii lokalnej Gro\u00df K\u00f6lzig"},"content":{"rendered":"<p>Wok\u00f3\u0142 Gro\u00df K\u00f6lzig, podobnie jak na ca\u0142ych Dolnych \u0141u\u017cycach, od zawsze kr\u0105\u017cy\u0142y legendy i opowie\u015bci. Niekt\u00f3re miejsca \u015bwiadcz\u0105 o tym do dzi\u015b i mog\u0105 by\u0107 zwiedzane przez uczni\u00f3w.<\/p>\n<p>Program odbywa si\u0119 w pomieszczeniach i na \u015bwie\u017cym powietrzu i jest skierowany do uczni\u00f3w klas 1-7.<br \/>\nTerminy: po uzgodnieniu<br \/>\nRejestracja wst\u0119pna: najp\u00f3\u017aniej 5 dni przed<br \/>\nWielko\u015b\u0107 grupy: od 5 do 30 os\u00f3b<br \/>\nWst\u0119p dla jednej osoby: po uzgodnieniu<\/p>\n<p><a title=\"Heimatstube Gro\u00df K\u00f6lzig \/ Domowniska \u015bpa Wjeliki K\u00f3lsk\" href=\"\/museen\/heimatstube-gross-koelzig\/\">Sala historii lokalnej Gro\u00df K\u00f6lzig<\/a><\/p>","protected":false},"excerpt":{"rendered":"<p>Wok\u00f3\u0142 Gro\u00df K\u00f6lzig, podobnie jak na ca\u0142ych Dolnych \u0141u\u017cycach, od zawsze kr\u0105\u017cy\u0142y legendy i opowie\u015bci. Niekt\u00f3re miejsca \u015bwiadcz\u0105 o tym do dzi\u015b i mog\u0105 by\u0107 eksplorowane przez uczni\u00f3w. Program odbywa si\u0119 w pomieszczeniach i na zewn\u0105trz i jest skierowany do uczni\u00f3w klas od 1 do 7. Terminy: po uzgodnieniu Wst\u0119pne zapisy: co najmniej 5 dni wcze\u015bniej Liczebno\u015b\u0107 grupy:<\/p>","protected":false},"author":13,"featured_media":0,"parent":380,"menu_order":0,"comment_status":"closed","ping_status":"closed","template":"","meta":[],"_links":{"self":[{"href":"https:\/\/www.lausitzer-museenland.de\/pl\/wp-json\/wp\/v2\/pages\/454"}],"collection":[{"href":"https:\/\/www.lausitzer-museenland.de\/pl\/wp-json\/wp\/v2\/pages"}],"about":[{"href":"https:\/\/www.lausitzer-museenland.de\/pl\/wp-json\/wp\/v2\/types\/page"}],"author":[{"embeddable":true,"href":"https:\/\/www.lausitzer-museenland.de\/pl\/wp-json\/wp\/v2\/users\/13"}],"replies":[{"embeddable":true,"href":"https:\/\/www.lausitzer-museenland.de\/pl\/wp-json\/wp\/v2\/comments?post=454"}],"version-history":[{"count":7,"href":"https:\/\/www.lausitzer-museenland.de\/pl\/wp-json\/wp\/v2\/pages\/454\/revisions"}],"predecessor-version":[{"id":3677,"href":"https:\/\/www.lausitzer-museenland.de\/pl\/wp-json\/wp\/v2\/pages\/454\/revisions\/3677"}],"up":[{"embeddable":true,"href":"https:\/\/www.lausitzer-museenland.de\/pl\/wp-json\/wp\/v2\/pages\/380"}],"wp:attachment":[{"href":"https:\/\/www.lausitzer-museenland.de\/pl\/wp-json\/wp\/v2\/media?parent=454"}],"curies":[{"name":"wp","href":"https:\/\/api.w.org\/{rel}","templated":true}]}}

Z dawnych czasów - lokalne legendy i opowieści o duchach w sali historii lokalnej Groß Kölzig

<p>Wokół Groß Kölzig, podobnie jak na całych Dolnych Łużycach, od zawsze krążyły legendy i opowieści. Niektóre miejsca świadczą o tym do dziś i mogą być zwiedzane przez uczniów.</p>
<p>Program odbywa się w pomieszczeniach i na świeżym powietrzu i jest skierowany do uczniów klas 1-7.<br />
Terminy: po uzgodnieniu<br />
Rejestracja wstępna: najpóźniej 5 dni przed<br />
Wielkość grupy: od 5 do 30 osób<br />
Wstęp dla jednej osoby: po uzgodnieniu</p>
<p><a title="Heimatstube Groß Kölzig / Domowniska śpa Wjeliki Kólsk" href="/museen/heimatstube-gross-koelzig/">Sala historii lokalnej Groß Kölzig</a></p>

<p>Wokół Groß Kölzig, podobnie jak na całych Dolnych Łużycach, od zawsze krążyły legendy i opowieści. Niektóre miejsca świadczą o tym do dziś i mogą być eksplorowane przez uczniów. Program odbywa się w pomieszczeniach i na zewnątrz i jest skierowany do uczniów klas od 1 do 7. Terminy: po uzgodnieniu Wstępne zapisy: co najmniej 5 dni wcześniej Liczebność grupy:</p>
