{"id":464,"date":"2014-11-12T11:31:10","date_gmt":"2014-11-12T10:31:10","guid":{"rendered":"http:\/\/lausitzer-museenland.de\/?page_id=464"},"modified":"2014-12-17T18:11:27","modified_gmt":"2014-12-17T17:11:27","slug":"wie-schule-frueher-war-in-koelzig","status":"publish","type":"page","link":"https:\/\/www.lausitzer-museenland.de\/pl\/serwis\/kobi\/jak-szkola-byla-w-koelzig\/","title":{"rendered":"Jak dawniej wygl\u0105da\u0142a szko\u0142a w Gro\u00df K\u00f6lzig"},"content":{"rendered":"<p>Dzieci prze\u017cywaj\u0105 lekcj\u0119 w szkole, jak za czas\u00f3w babci i dziadka, i dowiaduj\u0105 si\u0119, jak\u0105 rol\u0119 odgrywa\u0142a w niej laska.<\/p>\n<p>Oferta odbywa si\u0119 w pomieszczeniach zamkni\u0119tych i jest skierowana do uczni\u00f3w klas 1-7.<br \/>\nTerminy: po uzgodnieniu<br \/>\nRejestracja wst\u0119pna: najp\u00f3\u017aniej 5 dni przed<br \/>\nWielko\u015b\u0107 grupy: od 5 do 30 os\u00f3b<br \/>\nWst\u0119p dla jednej osoby: po uzgodnieniu<\/p>\n<p><a title=\"Heimatstube Gro\u00df K\u00f6lzig \/ Domowniska \u015bpa Wjeliki K\u00f3lsk\" href=\"\/museen\/heimatstube-gross-koelzig\/\">Sala historii lokalnej Gro\u00df K\u00f6lzig<\/a><\/p>","protected":false},"excerpt":{"rendered":"<p>Dzieci prze\u017cywaj\u0105 lekcj\u0119 w szkole, jak to by\u0142o za czas\u00f3w babci i dziadka oraz poznaj\u0105 rol\u0119, jak\u0105 pe\u0142ni\u0142a laska. Oferta odbywa si\u0119 w pomieszczeniach zamkni\u0119tych i jest skierowana do uczni\u00f3w klas 1-7. Terminy: do uzgodnienia Zapisy: najp\u00f3\u017aniej 5 dni wcze\u015bniej Liczebno\u015b\u0107 grupy: 5 do 30 os\u00f3b Wst\u0119p od osoby: do uzgodnienia Heimatstube Gro\u00df<\/p>","protected":false},"author":13,"featured_media":0,"parent":380,"menu_order":0,"comment_status":"closed","ping_status":"closed","template":"","meta":[],"_links":{"self":[{"href":"https:\/\/www.lausitzer-museenland.de\/pl\/wp-json\/wp\/v2\/pages\/464"}],"collection":[{"href":"https:\/\/www.lausitzer-museenland.de\/pl\/wp-json\/wp\/v2\/pages"}],"about":[{"href":"https:\/\/www.lausitzer-museenland.de\/pl\/wp-json\/wp\/v2\/types\/page"}],"author":[{"embeddable":true,"href":"https:\/\/www.lausitzer-museenland.de\/pl\/wp-json\/wp\/v2\/users\/13"}],"replies":[{"embeddable":true,"href":"https:\/\/www.lausitzer-museenland.de\/pl\/wp-json\/wp\/v2\/comments?post=464"}],"version-history":[{"count":7,"href":"https:\/\/www.lausitzer-museenland.de\/pl\/wp-json\/wp\/v2\/pages\/464\/revisions"}],"predecessor-version":[{"id":3680,"href":"https:\/\/www.lausitzer-museenland.de\/pl\/wp-json\/wp\/v2\/pages\/464\/revisions\/3680"}],"up":[{"embeddable":true,"href":"https:\/\/www.lausitzer-museenland.de\/pl\/wp-json\/wp\/v2\/pages\/380"}],"wp:attachment":[{"href":"https:\/\/www.lausitzer-museenland.de\/pl\/wp-json\/wp\/v2\/media?parent=464"}],"curies":[{"name":"wp","href":"https:\/\/api.w.org\/{rel}","templated":true}]}}

Jak dawniej wyglądała szkoła w Groß Kölzig

<p>Dzieci przeżywają lekcję w szkole, jak za czasów babci i dziadka, i dowiadują się, jaką rolę odgrywała w niej laska.</p>
<p>Oferta odbywa się w pomieszczeniach zamkniętych i jest skierowana do uczniów klas 1-7.<br />
Terminy: po uzgodnieniu<br />
Rejestracja wstępna: najpóźniej 5 dni przed<br />
Wielkość grupy: od 5 do 30 osób<br />
Wstęp dla jednej osoby: po uzgodnieniu</p>
<p><a title="Heimatstube Groß Kölzig / Domowniska śpa Wjeliki Kólsk" href="/museen/heimatstube-gross-koelzig/">Sala historii lokalnej Groß Kölzig</a></p>

<p>Dzieci przeżywają lekcję w szkole, jak to było za czasów babci i dziadka oraz poznają rolę, jaką pełniła laska. Oferta odbywa się w pomieszczeniach zamkniętych i jest skierowana do uczniów klas 1-7. Terminy: do uzgodnienia Zapisy: najpóźniej 5 dni wcześniej Liczebność grupy: 5 do 30 osób Wstęp od osoby: do uzgodnienia Heimatstube Groß</p>
