{"id":477,"date":"2014-11-12T11:43:04","date_gmt":"2014-11-12T10:43:04","guid":{"rendered":"http:\/\/lausitzer-museenland.de\/?page_id=477"},"modified":"2018-08-16T09:19:29","modified_gmt":"2018-08-16T08:19:29","slug":"ueber-die-vorratshaltung-und-speisenfolge","status":"publish","type":"page","link":"https:\/\/www.lausitzer-museenland.de\/pl\/serwis\/kobi\/o-zamowieniu-zapasow-i-zywnosci\/","title":{"rendered":"Jedzenie i picie \u0142\u0105czy cia\u0142o i dusz\u0119 - o zapasach i kolejno\u015bci posi\u0142k\u00f3w w Muzeum Historii Lokalnej Dissen"},"content":{"rendered":"<p>Dzieci s\u0105 oprowadzane po muzeum na temat \"\u017bywienie w dawnych czasach\". Poznaj\u0105 dania i sekwencje potraw na festiwalach, potrafi\u0105 samodzielnie zrobi\u0107 mas\u0142o i twar\u00f3g zio\u0142owy. Dzieci zbieraj\u0105 zio\u0142a i przetwarzaj\u0105 je na zio\u0142owy twar\u00f3g. Wolno im ubija\u0107 w\u0142asne mas\u0142o i je\u015b\u0107 je ze \u015bwie\u017cym chlebem.<\/p>\n<p>Program odbywa si\u0119 w pomieszczeniach i na \u015bwie\u017cym powietrzu i jest skierowany do dzieci w wieku przedszkolnym do 12 klasy.<br \/>\nTerminy: po uzgodnieniu<br \/>\nRejestracja wst\u0119pna: najp\u00f3\u017aniej 2 tygodnie przed<br \/>\nWielko\u015b\u0107 grupy: od 6 do 30 os\u00f3b<\/p>\n<p>Po uzgodnieniu mo\u017cna po\u0142\u0105czy\u0107 ze sob\u0105 r\u00f3\u017cne oferty lokalnego muzeum historii.<\/p>\n<p><a title=\"Heimatmuseum Dissen \/ Domowniski muzej De\u0161no\" href=\"\/museen\/heimatmuseum-dissen\/\">Muzeum historii lokalnej Dissen<\/a><\/p>","protected":false},"excerpt":{"rendered":"<p>Dzieci s\u0105 oprowadzane po muzeum na temat \"\u017bywienie w dawnych czasach\". Poznaj\u0105 potrawy i sekwencje jedzenia na festiwalach, potrafi\u0105 samodzielnie zrobi\u0107 mas\u0142o i zio\u0142owy twar\u00f3g. Dzieci zbieraj\u0105 zio\u0142a i przetwarzaj\u0105 je na zio\u0142owy twar\u00f3g. Mog\u0105 ubija\u0107 w\u0142asne mas\u0142o i je\u015b\u0107 je ze \u015bwie\u017cym chlebem. Program odbywa si\u0119 w pomieszczeniach i na zewn\u0105trz<\/p>","protected":false},"author":13,"featured_media":0,"parent":380,"menu_order":0,"comment_status":"closed","ping_status":"closed","template":"","meta":[],"_links":{"self":[{"href":"https:\/\/www.lausitzer-museenland.de\/pl\/wp-json\/wp\/v2\/pages\/477"}],"collection":[{"href":"https:\/\/www.lausitzer-museenland.de\/pl\/wp-json\/wp\/v2\/pages"}],"about":[{"href":"https:\/\/www.lausitzer-museenland.de\/pl\/wp-json\/wp\/v2\/types\/page"}],"author":[{"embeddable":true,"href":"https:\/\/www.lausitzer-museenland.de\/pl\/wp-json\/wp\/v2\/users\/13"}],"replies":[{"embeddable":true,"href":"https:\/\/www.lausitzer-museenland.de\/pl\/wp-json\/wp\/v2\/comments?post=477"}],"version-history":[{"count":9,"href":"https:\/\/www.lausitzer-museenland.de\/pl\/wp-json\/wp\/v2\/pages\/477\/revisions"}],"predecessor-version":[{"id":24685,"href":"https:\/\/www.lausitzer-museenland.de\/pl\/wp-json\/wp\/v2\/pages\/477\/revisions\/24685"}],"up":[{"embeddable":true,"href":"https:\/\/www.lausitzer-museenland.de\/pl\/wp-json\/wp\/v2\/pages\/380"}],"wp:attachment":[{"href":"https:\/\/www.lausitzer-museenland.de\/pl\/wp-json\/wp\/v2\/media?parent=477"}],"curies":[{"name":"wp","href":"https:\/\/api.w.org\/{rel}","templated":true}]}}

Jedzenie i picie łączy ciało i duszę - o zapasach i kolejności posiłków w Muzeum Historii Lokalnej Dissen

<p>Dzieci są oprowadzane po muzeum na temat "Żywienie w dawnych czasach". Poznają dania i sekwencje potraw na festiwalach, potrafią samodzielnie zrobić masło i twaróg ziołowy. Dzieci zbierają zioła i przetwarzają je na ziołowy twaróg. Wolno im ubijać własne masło i jeść je ze świeżym chlebem.</p>
<p>Program odbywa się w pomieszczeniach i na świeżym powietrzu i jest skierowany do dzieci w wieku przedszkolnym do 12 klasy.<br />
Terminy: po uzgodnieniu<br />
Rejestracja wstępna: najpóźniej 2 tygodnie przed<br />
Wielkość grupy: od 6 do 30 osób</p>
<p>Po uzgodnieniu można połączyć ze sobą różne oferty lokalnego muzeum historii.</p>
<p><a title="Heimatmuseum Dissen / Domowniski muzej Dešno" href="/museen/heimatmuseum-dissen/">Muzeum historii lokalnej Dissen</a></p>

<p>Dzieci są oprowadzane po muzeum na temat "Żywienie w dawnych czasach". Poznają potrawy i sekwencje jedzenia na festiwalach, potrafią samodzielnie zrobić masło i ziołowy twaróg. Dzieci zbierają zioła i przetwarzają je na ziołowy twaróg. Mogą ubijać własne masło i jeść je ze świeżym chlebem. Program odbywa się w pomieszczeniach i na zewnątrz</p>
