{"id":488,"date":"2014-11-12T11:52:33","date_gmt":"2014-11-12T10:52:33","guid":{"rendered":"http:\/\/lausitzer-museenland.de\/?page_id=488"},"modified":"2018-08-16T09:23:15","modified_gmt":"2018-08-16T08:23:15","slug":"bratapfel-und-maerchen-im-museum","status":"publish","type":"page","link":"https:\/\/www.lausitzer-museenland.de\/pl\/serwis\/kobi\/pieczen-ananasowa-i-majeranek-w-muzeum\/","title":{"rendered":"Baked Apple Time - Pieczone jab\u0142ka i bajki w Muzeum Historii Lokalnej w Dissen"},"content":{"rendered":"<p>Jesienna i \u015bwi\u0105teczna oferta muzeum: zn\u00f3w b\u0119dzie s\u0142ycha\u0107 \u015bmiech dzieci, bo to czas pieczonych jab\u0142ek. Dzieci wype\u0142niaj\u0105 swoje w\u0142asne jab\u0142ka orzechami, domowym d\u017cemem i su\u0142tankami. Podczas gdy jab\u0142ka piek\u0105 si\u0119 w piekarniku przez 40 minut, Bernd Pittkunings opowiada bajki i \u015bpiewa piosenki o jedzeniu. Nast\u0119pnie dzieci mog\u0105 wreszcie spr\u00f3bowa\u0107, jak smakuje pieczone jab\u0142ko.<\/p>\n<p>Oferta odbywa si\u0119 w pomieszczeniach zamkni\u0119tych i jest skierowana do dzieci w wieku przedszkolnym do klasy 7.<br \/>\nDaty: Od pa\u017adziernika do lutego po uzgodnieniu od poniedzia\u0142ku do pi\u0105tku<br \/>\nRejestracja wst\u0119pna: najp\u00f3\u017aniej 2 tygodnie przed<br \/>\nWielko\u015b\u0107 grupy: od 6 do 30 os\u00f3b<\/p>\n<p>Po uzgodnieniu mo\u017cna po\u0142\u0105czy\u0107 ze sob\u0105 r\u00f3\u017cne oferty lokalnego muzeum historii.<\/p>\n<p><a title=\"Heimatmuseum Dissen \/ Domowniski muzej De\u0161no\" href=\"\/museen\/heimatmuseum-dissen\/\">Muzeum historii lokalnej Dissen<\/a><\/p>","protected":false},"excerpt":{"rendered":"<p>Jesienno-\u015bwi\u0105teczna oferta muzeum: zn\u00f3w rozlegnie si\u0119 \u015bmiech dzieci, bo to czas pieczonych jab\u0142ek. Dzieci nape\u0142niaj\u0105 w\u0142asne jab\u0142ko orzechami, domowym d\u017cemem i su\u0142tankami. Podczas gdy jab\u0142ka piek\u0105 si\u0119 w piekarniku przez 40 minut, Bernd Pittkunings opowiada bajki i \u015bpiewa piosenki o jedzeniu. Potem dzieci mog\u0105 wreszcie spr\u00f3bowa\u0107, jak<\/p>","protected":false},"author":13,"featured_media":0,"parent":380,"menu_order":0,"comment_status":"closed","ping_status":"closed","template":"","meta":[],"_links":{"self":[{"href":"https:\/\/www.lausitzer-museenland.de\/pl\/wp-json\/wp\/v2\/pages\/488"}],"collection":[{"href":"https:\/\/www.lausitzer-museenland.de\/pl\/wp-json\/wp\/v2\/pages"}],"about":[{"href":"https:\/\/www.lausitzer-museenland.de\/pl\/wp-json\/wp\/v2\/types\/page"}],"author":[{"embeddable":true,"href":"https:\/\/www.lausitzer-museenland.de\/pl\/wp-json\/wp\/v2\/users\/13"}],"replies":[{"embeddable":true,"href":"https:\/\/www.lausitzer-museenland.de\/pl\/wp-json\/wp\/v2\/comments?post=488"}],"version-history":[{"count":7,"href":"https:\/\/www.lausitzer-museenland.de\/pl\/wp-json\/wp\/v2\/pages\/488\/revisions"}],"predecessor-version":[{"id":25187,"href":"https:\/\/www.lausitzer-museenland.de\/pl\/wp-json\/wp\/v2\/pages\/488\/revisions\/25187"}],"up":[{"embeddable":true,"href":"https:\/\/www.lausitzer-museenland.de\/pl\/wp-json\/wp\/v2\/pages\/380"}],"wp:attachment":[{"href":"https:\/\/www.lausitzer-museenland.de\/pl\/wp-json\/wp\/v2\/media?parent=488"}],"curies":[{"name":"wp","href":"https:\/\/api.w.org\/{rel}","templated":true}]}}

Baked Apple Time - Pieczone jabłka i bajki w Muzeum Historii Lokalnej w Dissen

<p>Jesienna i świąteczna oferta muzeum: znów będzie słychać śmiech dzieci, bo to czas pieczonych jabłek. Dzieci wypełniają swoje własne jabłka orzechami, domowym dżemem i sułtankami. Podczas gdy jabłka pieką się w piekarniku przez 40 minut, Bernd Pittkunings opowiada bajki i śpiewa piosenki o jedzeniu. Następnie dzieci mogą wreszcie spróbować, jak smakuje pieczone jabłko.</p>
<p>Oferta odbywa się w pomieszczeniach zamkniętych i jest skierowana do dzieci w wieku przedszkolnym do klasy 7.<br />
Daty: Od października do lutego po uzgodnieniu od poniedziałku do piątku<br />
Rejestracja wstępna: najpóźniej 2 tygodnie przed<br />
Wielkość grupy: od 6 do 30 osób</p>
<p>Po uzgodnieniu można połączyć ze sobą różne oferty lokalnego muzeum historii.</p>
<p><a title="Heimatmuseum Dissen / Domowniski muzej Dešno" href="/museen/heimatmuseum-dissen/">Muzeum historii lokalnej Dissen</a></p>

<p>Jesienno-świąteczna oferta muzeum: znów rozlegnie się śmiech dzieci, bo to czas pieczonych jabłek. Dzieci napełniają własne jabłko orzechami, domowym dżemem i sułtankami. Podczas gdy jabłka pieką się w piekarniku przez 40 minut, Bernd Pittkunings opowiada bajki i śpiewa piosenki o jedzeniu. Potem dzieci mogą wreszcie spróbować, jak</p>
