{"id":493,"date":"2014-11-12T11:55:53","date_gmt":"2014-11-12T10:55:53","guid":{"rendered":"http:\/\/lausitzer-museenland.de\/?page_id=493"},"modified":"2018-08-16T09:26:25","modified_gmt":"2018-08-16T08:26:25","slug":"sorbische-ostereier-selbst-verzieren","status":"publish","type":"page","link":"https:\/\/www.lausitzer-museenland.de\/pl\/serwis\/kobi\/sorbijskie-jajka-wielkanocne-samodzielne-dekorowanie\/","title":{"rendered":"Ozdabianie w\u0142asnych serbo\u0142u\u017cyckich pisanek w Muzeum Historii Lokalnej Dissen"},"content":{"rendered":"<p>Ka\u017cdy ucze\u0144 mo\u017ce pi\u0119knie ozdobi\u0107 w\u0142asne pisanki z motywami serbo\u0142u\u017cyckimi technik\u0105 rezerwy woskowej i dowiedzie\u0107 si\u0119 ciekawych fakt\u00f3w na temat symboliki wzor\u00f3w.<\/p>\n<p>Te materia\u0142y robocze nale\u017cy przywie\u017a\u0107 ze sob\u0105:<br \/>\nJajka ugotowane na twardo lub wydmuszki<\/p>\n<p>Oferta odbywa si\u0119 w pomieszczeniach zamkni\u0119tych i jest skierowana do dzieci w wieku przedszkolnym do klasy 7.<br \/>\nDaty: 4 tygodnie przed Wielkanoc\u0105 po uzgodnieniu<br \/>\nRejestracja wst\u0119pna: najp\u00f3\u017aniej na 4 tygodnie przed<br \/>\nCzas trwania: ok. 1,5 godz.<br \/>\nWielko\u015b\u0107 grupy: od 6 do 30 os\u00f3b<\/p>\n<p>Po uzgodnieniu mo\u017cna po\u0142\u0105czy\u0107 ze sob\u0105 r\u00f3\u017cne oferty lokalnego muzeum historii.<\/p>\n<p><a title=\"Heimatmuseum Dissen \/ Domowniski muzej De\u0161no\" href=\"\/museen\/heimatmuseum-dissen\/\">Muzeum historii lokalnej Dissen<\/a><\/p>","protected":false},"excerpt":{"rendered":"<p>Ka\u017cdy ucze\u0144 mo\u017ce pi\u0119knie ozdobi\u0107 w\u0142asne pisanki z motywami serbo\u0142u\u017cyckimi technik\u0105 rezerwy woskowej oraz pozna\u0107 ciekawostki dotycz\u0105ce symboliki wzor\u00f3w. Te materia\u0142y do pracy nale\u017cy przynie\u015b\u0107: jajka ugotowane na twardo lub wydmuszki Oferta odbywa si\u0119 w pomieszczeniach zamkni\u0119tych i jest skierowana do dzieci w wieku przedszkolnym do klasy 7. Terminy: 4 tygodnie przed Wielkanoc\u0105 po wcze\u015bniejszym uzgodnieniu Zapisy:<\/p>","protected":false},"author":13,"featured_media":0,"parent":380,"menu_order":0,"comment_status":"closed","ping_status":"closed","template":"","meta":[],"_links":{"self":[{"href":"https:\/\/www.lausitzer-museenland.de\/pl\/wp-json\/wp\/v2\/pages\/493"}],"collection":[{"href":"https:\/\/www.lausitzer-museenland.de\/pl\/wp-json\/wp\/v2\/pages"}],"about":[{"href":"https:\/\/www.lausitzer-museenland.de\/pl\/wp-json\/wp\/v2\/types\/page"}],"author":[{"embeddable":true,"href":"https:\/\/www.lausitzer-museenland.de\/pl\/wp-json\/wp\/v2\/users\/13"}],"replies":[{"embeddable":true,"href":"https:\/\/www.lausitzer-museenland.de\/pl\/wp-json\/wp\/v2\/comments?post=493"}],"version-history":[{"count":8,"href":"https:\/\/www.lausitzer-museenland.de\/pl\/wp-json\/wp\/v2\/pages\/493\/revisions"}],"predecessor-version":[{"id":25522,"href":"https:\/\/www.lausitzer-museenland.de\/pl\/wp-json\/wp\/v2\/pages\/493\/revisions\/25522"}],"up":[{"embeddable":true,"href":"https:\/\/www.lausitzer-museenland.de\/pl\/wp-json\/wp\/v2\/pages\/380"}],"wp:attachment":[{"href":"https:\/\/www.lausitzer-museenland.de\/pl\/wp-json\/wp\/v2\/media?parent=493"}],"curies":[{"name":"wp","href":"https:\/\/api.w.org\/{rel}","templated":true}]}}

Ozdabianie własnych serbołużyckich pisanek w Muzeum Historii Lokalnej Dissen

<p>Każdy uczeń może pięknie ozdobić własne pisanki z motywami serbołużyckimi techniką rezerwy woskowej i dowiedzieć się ciekawych faktów na temat symboliki wzorów.</p>
<p>Te materiały robocze należy przywieźć ze sobą:<br />
Jajka ugotowane na twardo lub wydmuszki</p>
<p>Oferta odbywa się w pomieszczeniach zamkniętych i jest skierowana do dzieci w wieku przedszkolnym do klasy 7.<br />
Daty: 4 tygodnie przed Wielkanocą po uzgodnieniu<br />
Rejestracja wstępna: najpóźniej na 4 tygodnie przed<br />
Czas trwania: ok. 1,5 godz.<br />
Wielkość grupy: od 6 do 30 osób</p>
<p>Po uzgodnieniu można połączyć ze sobą różne oferty lokalnego muzeum historii.</p>
<p><a title="Heimatmuseum Dissen / Domowniski muzej Dešno" href="/museen/heimatmuseum-dissen/">Muzeum historii lokalnej Dissen</a></p>

<p>Każdy uczeń może pięknie ozdobić własne pisanki z motywami serbołużyckimi techniką rezerwy woskowej oraz poznać ciekawostki dotyczące symboliki wzorów. Te materiały do pracy należy przynieść: jajka ugotowane na twardo lub wydmuszki Oferta odbywa się w pomieszczeniach zamkniętych i jest skierowana do dzieci w wieku przedszkolnym do klasy 7. Terminy: 4 tygodnie przed Wielkanocą po wcześniejszym uzgodnieniu Zapisy:</p>
