{"id":498,"date":"2014-11-12T12:05:04","date_gmt":"2014-11-12T11:05:04","guid":{"rendered":"http:\/\/lausitzer-museenland.de\/?page_id=498"},"modified":"2018-08-16T09:29:11","modified_gmt":"2018-08-16T08:29:11","slug":"weihnachtssterne-und-herzen-aus-gebranntem-ton","status":"publish","type":"page","link":"https:\/\/www.lausitzer-museenland.de\/pl\/serwis\/kobi\/christmas-stars-and-hearts-made-of-burnt-clay\/","title":{"rendered":"Poinsecje i serca z wypalanej gliny w Muzeum Historii Lokalnej Dissen"},"content":{"rendered":"<p>Ci, kt\u00f3rzy chc\u0105 wykona\u0107 w\u0142asne, ca\u0142kowicie trwa\u0142e poinsecje lub serca, mog\u0105 odcisn\u0105\u0107 w\u0142asne wzory w wilgotnej glinie w ramach osobnego wydarzenia. S\u0105 one p\u00f3\u017aniej wypalane i po tygodniu ka\u017cde dziecko otrzymuje swoje w\u0142asne pi\u0119kne gwiazdki lub serduszka na choink\u0119.<\/p>\n<p>Oferta odbywa si\u0119 w pomieszczeniach zamkni\u0119tych i jest skierowana do dzieci w wieku przedszkolnym do 12 klasy.<br \/>\nDaty: Od pa\u017adziernika do grudnia od poniedzia\u0142ku do pi\u0105tku po uzgodnieniu.<br \/>\nRejestracja wst\u0119pna: najp\u00f3\u017aniej 2 tygodnie przed<br \/>\nCzas trwania: ok. 1 godz.<br \/>\nWielko\u015b\u0107 grupy: od 6 do 30 os\u00f3b<\/p>\n<p>Po uzgodnieniu mo\u017cna po\u0142\u0105czy\u0107 ze sob\u0105 r\u00f3\u017cne oferty lokalnego muzeum historii.<\/p>\n<p><a title=\"Heimatmuseum Dissen \/ Domowniski muzej De\u0161no\" href=\"\/museen\/heimatmuseum-dissen\/\">Muzeum historii lokalnej Dissen<\/a><\/p>","protected":false},"excerpt":{"rendered":"<p>Ci, kt\u00f3rzy chc\u0105 wykona\u0107 swoje w\u0142asne, ca\u0142kowicie trwa\u0142e poinsecje lub serca, mog\u0105 odcisn\u0105\u0107 w\u0142asne wzory w wilgotnej glinie w ramach osobnego wydarzenia. S\u0105 one p\u00f3\u017aniej wypalane i ka\u017cde dziecko po tygodniu otrzymuje w\u0142asne pi\u0119kne gwiazdki lub serduszka na choink\u0119. Oferta odbywa si\u0119 w pomieszczeniach zamkni\u0119tych i jest skierowana do dzieci w wieku przedszkolnym do kl.<\/p>","protected":false},"author":13,"featured_media":0,"parent":380,"menu_order":0,"comment_status":"closed","ping_status":"closed","template":"","meta":[],"_links":{"self":[{"href":"https:\/\/www.lausitzer-museenland.de\/pl\/wp-json\/wp\/v2\/pages\/498"}],"collection":[{"href":"https:\/\/www.lausitzer-museenland.de\/pl\/wp-json\/wp\/v2\/pages"}],"about":[{"href":"https:\/\/www.lausitzer-museenland.de\/pl\/wp-json\/wp\/v2\/types\/page"}],"author":[{"embeddable":true,"href":"https:\/\/www.lausitzer-museenland.de\/pl\/wp-json\/wp\/v2\/users\/13"}],"replies":[{"embeddable":true,"href":"https:\/\/www.lausitzer-museenland.de\/pl\/wp-json\/wp\/v2\/comments?post=498"}],"version-history":[{"count":7,"href":"https:\/\/www.lausitzer-museenland.de\/pl\/wp-json\/wp\/v2\/pages\/498\/revisions"}],"predecessor-version":[{"id":25857,"href":"https:\/\/www.lausitzer-museenland.de\/pl\/wp-json\/wp\/v2\/pages\/498\/revisions\/25857"}],"up":[{"embeddable":true,"href":"https:\/\/www.lausitzer-museenland.de\/pl\/wp-json\/wp\/v2\/pages\/380"}],"wp:attachment":[{"href":"https:\/\/www.lausitzer-museenland.de\/pl\/wp-json\/wp\/v2\/media?parent=498"}],"curies":[{"name":"wp","href":"https:\/\/api.w.org\/{rel}","templated":true}]}}

<p>Ci, którzy chcą wykonać własne, całkowicie trwałe poinsecje lub serca, mogą odcisnąć własne wzory w wilgotnej glinie w ramach osobnego wydarzenia. Są one później wypalane i po tygodniu każde dziecko otrzymuje swoje własne piękne gwiazdki lub serduszka na choinkę.</p>
<p>Oferta odbywa się w pomieszczeniach zamkniętych i jest skierowana do dzieci w wieku przedszkolnym do 12 klasy.<br />
Daty: Od października do grudnia od poniedziałku do piątku po uzgodnieniu.<br />
Rejestracja wstępna: najpóźniej 2 tygodnie przed<br />
Czas trwania: ok. 1 godz.<br />
Wielkość grupy: od 6 do 30 osób</p>
<p>Po uzgodnieniu można połączyć ze sobą różne oferty lokalnego muzeum historii.</p>
<p><a title="Heimatmuseum Dissen / Domowniski muzej Dešno" href="/museen/heimatmuseum-dissen/">Muzeum historii lokalnej Dissen</a></p>

<p>Ci, którzy chcą wykonać swoje własne, całkowicie trwałe poinsecje lub serca, mogą odcisnąć własne wzory w wilgotnej glinie w ramach osobnego wydarzenia. Są one później wypalane i każde dziecko po tygodniu otrzymuje własne piękne gwiazdki lub serduszka na choinkę. Oferta odbywa się w pomieszczeniach zamkniętych i jest skierowana do dzieci w wieku przedszkolnym do kl.</p>
