{"id":509,"date":"2014-11-12T13:52:25","date_gmt":"2014-11-12T12:52:25","guid":{"rendered":"http:\/\/lausitzer-museenland.de\/?page_id=509"},"modified":"2018-08-16T09:34:19","modified_gmt":"2018-08-16T08:34:19","slug":"das-kirchenjahr-ler-projekt","status":"publish","type":"page","link":"https:\/\/www.lausitzer-museenland.de\/pl\/serwis\/kobi\/the-church-year-ler-project\/","title":{"rendered":"Rok ko\u015bcielny - projekt LER w ko\u015bciele w Dissen"},"content":{"rendered":"<p>W tym projekcie LER Bernd Pittkunings, jako wyszkolony katecheta, oprowadza uczni\u00f3w po pi\u0119knie udekorowanym ko\u015bciele w Dissen. Uczniowie dowiaduj\u0105 si\u0119 o wszystkich \u015bwi\u0119tach ko\u015bcielnych, ogl\u0105daj\u0105c malowane galerie, i mog\u0105 zadawa\u0107 pytania dotycz\u0105ce ko\u015bcio\u0142a i kultu.<\/p>\n<p>Oferta odbywa si\u0119 w pomieszczeniach zamkni\u0119tych i jest skierowana do dzieci w wieku przedszkolnym oraz uczni\u00f3w do klasy 7.<br \/>\nTerminy: po uzgodnieniu<br \/>\nRejestracja wst\u0119pna: z co najmniej 2-tygodniowym wyprzedzeniem<br \/>\nCzas trwania: 45 minut<br \/>\nWielko\u015b\u0107 grupy: od 6 do 30 os\u00f3b<\/p>\n<p>Po uzgodnieniu mo\u017cna skorzysta\u0107 z innych ofert muzeum historii lokalnej.<\/p>\n<p><a title=\"Heimatmuseum Dissen \/ Domowniski muzej De\u0161no\" href=\"\/museen\/heimatmuseum-dissen\/\">Muzeum historii lokalnej Dissen<\/a><\/p>","protected":false},"excerpt":{"rendered":"<p>W tym projekcie LER Bernd Pittkunings, jako wyszkolony katecheta, oprowadza uczni\u00f3w po pi\u0119knie udekorowanym ko\u015bciele w Dissen. Uczniowie poznaj\u0105 wszystkie \u015bwi\u0119ta ko\u015bcielne ogl\u0105daj\u0105c malowane galerie i mog\u0105 zadawa\u0107 swoje pytania dotycz\u0105ce ko\u015bcio\u0142a i kultu. Oferta odbywa si\u0119 w pomieszczeniach zamkni\u0119tych i jest skierowana do dzieci w wieku przedszkolnym oraz uczni\u00f3w do klasy 7. Terminy: po uzgodnieniu Wst\u0119pne zapisy:<\/p>","protected":false},"author":13,"featured_media":0,"parent":380,"menu_order":0,"comment_status":"closed","ping_status":"closed","template":"","meta":[],"_links":{"self":[{"href":"https:\/\/www.lausitzer-museenland.de\/pl\/wp-json\/wp\/v2\/pages\/509"}],"collection":[{"href":"https:\/\/www.lausitzer-museenland.de\/pl\/wp-json\/wp\/v2\/pages"}],"about":[{"href":"https:\/\/www.lausitzer-museenland.de\/pl\/wp-json\/wp\/v2\/types\/page"}],"author":[{"embeddable":true,"href":"https:\/\/www.lausitzer-museenland.de\/pl\/wp-json\/wp\/v2\/users\/13"}],"replies":[{"embeddable":true,"href":"https:\/\/www.lausitzer-museenland.de\/pl\/wp-json\/wp\/v2\/comments?post=509"}],"version-history":[{"count":7,"href":"https:\/\/www.lausitzer-museenland.de\/pl\/wp-json\/wp\/v2\/pages\/509\/revisions"}],"predecessor-version":[{"id":26358,"href":"https:\/\/www.lausitzer-museenland.de\/pl\/wp-json\/wp\/v2\/pages\/509\/revisions\/26358"}],"up":[{"embeddable":true,"href":"https:\/\/www.lausitzer-museenland.de\/pl\/wp-json\/wp\/v2\/pages\/380"}],"wp:attachment":[{"href":"https:\/\/www.lausitzer-museenland.de\/pl\/wp-json\/wp\/v2\/media?parent=509"}],"curies":[{"name":"wp","href":"https:\/\/api.w.org\/{rel}","templated":true}]}}

Rok kościelny - projekt LER w kościele w Dissen

<p>W tym projekcie LER Bernd Pittkunings, jako wyszkolony katecheta, oprowadza uczniów po pięknie udekorowanym kościele w Dissen. Uczniowie dowiadują się o wszystkich świętach kościelnych, oglądając malowane galerie, i mogą zadawać pytania dotyczące kościoła i kultu.</p>
<p>Oferta odbywa się w pomieszczeniach zamkniętych i jest skierowana do dzieci w wieku przedszkolnym oraz uczniów do klasy 7.<br />
Terminy: po uzgodnieniu<br />
Rejestracja wstępna: z co najmniej 2-tygodniowym wyprzedzeniem<br />
Czas trwania: 45 minut<br />
Wielkość grupy: od 6 do 30 osób</p>
<p>Po uzgodnieniu można skorzystać z innych ofert muzeum historii lokalnej.</p>
<p><a title="Heimatmuseum Dissen / Domowniski muzej Dešno" href="/museen/heimatmuseum-dissen/">Muzeum historii lokalnej Dissen</a></p>

<p>W tym projekcie LER Bernd Pittkunings, jako wyszkolony katecheta, oprowadza uczniów po pięknie udekorowanym kościele w Dissen. Uczniowie poznają wszystkie święta kościelne oglądając malowane galerie i mogą zadawać swoje pytania dotyczące kościoła i kultu. Oferta odbywa się w pomieszczeniach zamkniętych i jest skierowana do dzieci w wieku przedszkolnym oraz uczniów do klasy 7. Terminy: po uzgodnieniu Wstępne zapisy:</p>
