{"id":511,"date":"2014-11-12T13:53:20","date_gmt":"2014-11-12T12:53:20","guid":{"rendered":"http:\/\/lausitzer-museenland.de\/?page_id=511"},"modified":"2020-07-17T10:57:08","modified_gmt":"2020-07-17T08:57:08","slug":"storchensommer-oder-wo-sind-die-stoerche-im-winter","status":"publish","type":"page","link":"https:\/\/www.lausitzer-museenland.de\/pl\/serwis\/kobi\/bocianie-lato-lub-gdzie-jestesmy-bociany-w-zimie\/","title":{"rendered":"Bocianie lato czyli \"Gdzie s\u0105 bociany zim\u0105?\". - Wycieczka przyrodnicza w Dissen"},"content":{"rendered":"<p>Podczas wycieczki z przewodnikiem po bocianie uczniowie dowiaduj\u0105 si\u0119 wielu ciekawych fakt\u00f3w na temat tego rzadkiego gatunku. Kamera pokazuje muzealn\u0105 par\u0119 bocian\u00f3w wychowuj\u0105cych m\u0142ode. Uzupe\u0142nieniem wiedzy jest kr\u00f3tki film i wystawa bocian\u00f3w. W ma\u0142ym quizie uczniowie mog\u0105 sprawdzi\u0107 swoj\u0105 nowo nabyt\u0105 wiedz\u0119 o Mistrzu Adebarze.<br \/>\nZim\u0105 ten projekt przyrodniczy dostarcza informacji o hibernacji, ptakach w\u0119drownych i zimowym letargu. Pokazuje r\u00f3wnie\u017c inne sposoby, dzi\u0119ki kt\u00f3rym zwierz\u0119ta mog\u0105 przetrwa\u0107 srog\u0105 zim\u0119.<\/p>\n<p>Program odbywa si\u0119 w pomieszczeniach i na \u015bwie\u017cym powietrzu i jest skierowany do uczni\u00f3w klas 1-12.<br \/>\nTerminy: po uzgodnieniu od kwietnia do ko\u0144ca lipca lub przez ca\u0142y rok<br \/>\nRejestracja wst\u0119pna: tak<br \/>\nCzas trwania: od 45 do 90 minut<br \/>\nWielko\u015b\u0107 grupy: od 6 do 20 os\u00f3b<\/p>\n<p>Po uzgodnieniu mo\u017cna po\u0142\u0105czy\u0107 ze sob\u0105 r\u00f3\u017cne oferty lokalnego muzeum historii.<\/p>\n<p><a title=\"Heimatmuseum Dissen \/ Domowniski muzej De\u0161no\" href=\"\/museen\/heimatmuseum-dissen\/\">Muzeum historii lokalnej Dissen<\/a><\/p>","protected":false},"excerpt":{"rendered":"<p>Podczas wycieczki z przewodnikiem po bocianach uczniowie dowiaduj\u0105 si\u0119 wielu ciekawostek o tym rzadkim gatunku. Kamera pokazuje muzealn\u0105 par\u0119 bociani\u0105 wychowuj\u0105c\u0105 swoje m\u0142ode. Kr\u00f3tki film i wystawa bocian\u00f3w uzupe\u0142niaj\u0105 wiedz\u0119. W ma\u0142ym quizie uczniowie mog\u0105 sprawdzi\u0107 swoj\u0105 nowo nabyt\u0105 wiedz\u0119 o Mistrzu Adebarze. W zimie ten projekt przyrodniczy oferuje informacje o<\/p>","protected":false},"author":13,"featured_media":0,"parent":380,"menu_order":0,"comment_status":"closed","ping_status":"closed","template":"","meta":[],"_links":{"self":[{"href":"https:\/\/www.lausitzer-museenland.de\/pl\/wp-json\/wp\/v2\/pages\/511"}],"collection":[{"href":"https:\/\/www.lausitzer-museenland.de\/pl\/wp-json\/wp\/v2\/pages"}],"about":[{"href":"https:\/\/www.lausitzer-museenland.de\/pl\/wp-json\/wp\/v2\/types\/page"}],"author":[{"embeddable":true,"href":"https:\/\/www.lausitzer-museenland.de\/pl\/wp-json\/wp\/v2\/users\/13"}],"replies":[{"embeddable":true,"href":"https:\/\/www.lausitzer-museenland.de\/pl\/wp-json\/wp\/v2\/comments?post=511"}],"version-history":[{"count":8,"href":"https:\/\/www.lausitzer-museenland.de\/pl\/wp-json\/wp\/v2\/pages\/511\/revisions"}],"predecessor-version":[{"id":52954,"href":"https:\/\/www.lausitzer-museenland.de\/pl\/wp-json\/wp\/v2\/pages\/511\/revisions\/52954"}],"up":[{"embeddable":true,"href":"https:\/\/www.lausitzer-museenland.de\/pl\/wp-json\/wp\/v2\/pages\/380"}],"wp:attachment":[{"href":"https:\/\/www.lausitzer-museenland.de\/pl\/wp-json\/wp\/v2\/media?parent=511"}],"curies":[{"name":"wp","href":"https:\/\/api.w.org\/{rel}","templated":true}]}}

Bocianie lato czyli "Gdzie są bociany zimą?". - Wycieczka przyrodnicza w Dissen

<p>Podczas wycieczki z przewodnikiem po bocianie uczniowie dowiadują się wielu ciekawych faktów na temat tego rzadkiego gatunku. Kamera pokazuje muzealną parę bocianów wychowujących młode. Uzupełnieniem wiedzy jest krótki film i wystawa bocianów. W małym quizie uczniowie mogą sprawdzić swoją nowo nabytą wiedzę o Mistrzu Adebarze.<br />
Zimą ten projekt przyrodniczy dostarcza informacji o hibernacji, ptakach wędrownych i zimowym letargu. Pokazuje również inne sposoby, dzięki którym zwierzęta mogą przetrwać srogą zimę.</p>
<p>Program odbywa się w pomieszczeniach i na świeżym powietrzu i jest skierowany do uczniów klas 1-12.<br />
Terminy: po uzgodnieniu od kwietnia do końca lipca lub przez cały rok<br />
Rejestracja wstępna: tak<br />
Czas trwania: od 45 do 90 minut<br />
Wielkość grupy: od 6 do 20 osób</p>
<p>Po uzgodnieniu można połączyć ze sobą różne oferty lokalnego muzeum historii.</p>
<p><a title="Heimatmuseum Dissen / Domowniski muzej Dešno" href="/museen/heimatmuseum-dissen/">Muzeum historii lokalnej Dissen</a></p>

<p>Podczas wycieczki z przewodnikiem po bocianach uczniowie dowiadują się wielu ciekawostek o tym rzadkim gatunku. Kamera pokazuje muzealną parę bocianią wychowującą swoje młode. Krótki film i wystawa bocianów uzupełniają wiedzę. W małym quizie uczniowie mogą sprawdzić swoją nowo nabytą wiedzę o Mistrzu Adebarze. W zimie ten projekt przyrodniczy oferuje informacje o</p>
