{"id":546,"date":"2014-11-14T15:27:10","date_gmt":"2014-11-14T14:27:10","guid":{"rendered":"http:\/\/lausitzer-museenland.de\/?page_id=546"},"modified":"2014-12-17T16:33:16","modified_gmt":"2014-12-17T15:33:16","slug":"projekttag-im-stadt-und-industriemuseum-guben","status":"publish","type":"page","link":"https:\/\/www.lausitzer-museenland.de\/pl\/serwis\/kobi\/projekt-dzien-w-miejscu-muzeum-przemyslowego-guben\/","title":{"rendered":"Uroczysto\u015b\u0107 wr\u0119czenia certyfikat\u00f3w w Muzeum Miasta i Przemys\u0142u w Guben"},"content":{"rendered":"<p>Uczniowie s\u0105 witani przez pracownika muzeum i kr\u00f3tko przedstawiani. Nast\u0119pnie wychowawca klasy przejmuje klas\u0119 i wr\u0119cza \u015bwiadectwa. Nast\u0119pnie uczniowie mog\u0105 wypr\u00f3bowa\u0107 r\u00f3\u017cne kapelusze i nakrycia g\u0142owy w \"Stacji przymierzania prawdziwych kapeluszy\" (mo\u017cliwe jest robienie zdj\u0119\u0107 przez osoby towarzysz\u0105ce).<\/p>\n<p>Z innych\/uzupe\u0142niaj\u0105cych ofert mo\u017cna skorzysta\u0107 na \u017cyczenie.<\/p>\n<p>Oferta odbywa si\u0119 w pomieszczeniach zamkni\u0119tych i jest skierowana do dzieci w wieku szkolnym.<br \/>\nw klasach od 1 do 10.<br \/>\nTerminy: po uzgodnieniu w dniu wydania raportu<br \/>\nRejestracja wst\u0119pna: co najmniej 2 miesi\u0105ce wcze\u015bniej<br \/>\nCzas trwania: ok. 45 min.<br \/>\nWielko\u015b\u0107 grupy: do 30 os\u00f3b<br \/>\nWst\u0119p od osoby: 1,50 \u20ac (szko\u0142y w Guben maj\u0105 wst\u0119p wolny)<\/p>\n<p><a title=\"Muzeum Miejskie i Przemys\u0142owe w Guben \/ M\u011bs\u0107a\u0144ski a industrijowy muzej Gubin\" href=\"\/museen\/stadt-und-industriemuseum-guben\/\">Muzeum Miasta i Przemys\u0142u w Guben<\/a><\/p>","protected":false},"excerpt":{"rendered":"<p>Uczniowie s\u0105 witani przez pracownika muzeum i kr\u00f3tko przedstawiani. Nast\u0119pnie wychowawca klasy przejmuje klas\u0119 i wr\u0119cza certyfikaty. Nast\u0119pnie uczniowie mog\u0105 przymierzy\u0107 r\u00f3\u017cne kapelusze i nakrycia g\u0142owy na \"stanowisku przymierzania prawdziwych kapeluszy\" (mo\u017cliwe jest fotografowanie przez osoby towarzysz\u0105ce). Inne\/uzupe\u0142niaj\u0105ce zaj\u0119cia s\u0105 dost\u0119pne na \u017cyczenie. Oferta odbywa si\u0119 w pomieszczeniach<\/p>","protected":false},"author":13,"featured_media":0,"parent":380,"menu_order":0,"comment_status":"closed","ping_status":"closed","template":"","meta":[],"_links":{"self":[{"href":"https:\/\/www.lausitzer-museenland.de\/pl\/wp-json\/wp\/v2\/pages\/546"}],"collection":[{"href":"https:\/\/www.lausitzer-museenland.de\/pl\/wp-json\/wp\/v2\/pages"}],"about":[{"href":"https:\/\/www.lausitzer-museenland.de\/pl\/wp-json\/wp\/v2\/types\/page"}],"author":[{"embeddable":true,"href":"https:\/\/www.lausitzer-museenland.de\/pl\/wp-json\/wp\/v2\/users\/13"}],"replies":[{"embeddable":true,"href":"https:\/\/www.lausitzer-museenland.de\/pl\/wp-json\/wp\/v2\/comments?post=546"}],"version-history":[{"count":7,"href":"https:\/\/www.lausitzer-museenland.de\/pl\/wp-json\/wp\/v2\/pages\/546\/revisions"}],"predecessor-version":[{"id":3581,"href":"https:\/\/www.lausitzer-museenland.de\/pl\/wp-json\/wp\/v2\/pages\/546\/revisions\/3581"}],"up":[{"embeddable":true,"href":"https:\/\/www.lausitzer-museenland.de\/pl\/wp-json\/wp\/v2\/pages\/380"}],"wp:attachment":[{"href":"https:\/\/www.lausitzer-museenland.de\/pl\/wp-json\/wp\/v2\/media?parent=546"}],"curies":[{"name":"wp","href":"https:\/\/api.w.org\/{rel}","templated":true}]}}

Uroczystość wręczenia certyfikatów w Muzeum Miasta i Przemysłu w Guben

<p>Uczniowie są witani przez pracownika muzeum i krótko przedstawiani. Następnie wychowawca klasy przejmuje klasę i wręcza świadectwa. Następnie uczniowie mogą wypróbować różne kapelusze i nakrycia głowy w "Stacji przymierzania prawdziwych kapeluszy" (możliwe jest robienie zdjęć przez osoby towarzyszące).</p>
<p>Z innych/uzupełniających ofert można skorzystać na życzenie.</p>
<p>Oferta odbywa się w pomieszczeniach zamkniętych i jest skierowana do dzieci w wieku szkolnym.<br />
w klasach od 1 do 10.<br />
Terminy: po uzgodnieniu w dniu wydania raportu<br />
Rejestracja wstępna: co najmniej 2 miesiące wcześniej<br />
Czas trwania: ok. 45 min.<br />
Wielkość grupy: do 30 osób<br />
Wstęp od osoby: 1,50 € (szkoły w Guben mają wstęp wolny)</p>
<p><a title="Muzeum Miejskie i Przemysłowe w Guben / Měsćański a industrijowy muzej Gubin" href="/museen/stadt-und-industriemuseum-guben/">Muzeum Miasta i Przemysłu w Guben</a></p>

<p>Uczniowie są witani przez pracownika muzeum i krótko przedstawiani. Następnie wychowawca klasy przejmuje klasę i wręcza certyfikaty. Następnie uczniowie mogą przymierzyć różne kapelusze i nakrycia głowy na "stanowisku przymierzania prawdziwych kapeluszy" (możliwe jest fotografowanie przez osoby towarzyszące). Inne/uzupełniające zajęcia są dostępne na życzenie. Oferta odbywa się w pomieszczeniach</p>
