{"id":555,"date":"2014-11-14T16:05:34","date_gmt":"2014-11-14T15:05:34","guid":{"rendered":"http:\/\/lausitzer-museenland.de\/?page_id=555"},"modified":"2014-12-17T16:34:24","modified_gmt":"2014-12-17T15:34:24","slug":"das-leben-der-menschen-von-damals","status":"publish","type":"page","link":"https:\/\/www.lausitzer-museenland.de\/pl\/serwis\/kobi\/the-lives-of-people-of-then\/","title":{"rendered":"\u017bycie \u00f3wczesnych ludzi w \"Sprucker M\u00fchle\" Guben"},"content":{"rendered":"<p>W klasie historycznej i w \"starej kuchni\" Muzeum Historii Lokalnej \"Sprucker M\u00fchle\" uczniowie dowiaduj\u0105 si\u0119 i poznaj\u0105, jak i w jakich warunkach odbywa\u0142a si\u0119 nauka i \u017cycie w dawnych czasach. Jednocze\u015bnie nawi\u0105zuje si\u0119 do \"tu i teraz\".<\/p>\n<p>Program odbywa si\u0119 w pomieszczeniach zamkni\u0119tych i jest skierowany do dzieci w wieku przedszkolnym oraz uczni\u00f3w klas 1-6.<br \/>\nTerminy: po uzgodnieniu<br \/>\nRejestracja wst\u0119pna: z co najmniej 2-tygodniowym wyprzedzeniem<br \/>\nCzas trwania: ok. 45 min.<br \/>\nWielko\u015b\u0107 grupy: do 25 os\u00f3b<br \/>\nWst\u0119p od osoby: 1,00 do 2,00 euro (przedszkola i szko\u0142y w Guben maj\u0105 wst\u0119p wolny)<br \/>\nZa zwiedzanie z przewodnikiem pobierana jest op\u0142ata w wysoko\u015bci 20,00 EUR od grupy.<\/p>\n<p><a title=\"&quot;Sprucker M\u00fchle&quot; Guben \/ &quot;Sprukojski m\u0142yn&quot; Gubin\" href=\"\/museen\/sprucker-muehle-guben\/\">Muzeum Historii Lokalnej \"Sprucker M\u00fchle<\/a><\/p>","protected":false},"excerpt":{"rendered":"<p>W klasie historycznej i w \"starej kuchni\" muzeum historii lokalnej \"Sprucker M\u00fchle\" wyja\u015bnia si\u0119 i pokazuje uczniom, jak i w jakich warunkach odbywa\u0142a si\u0119 nauka i \u017cycie w dawnych czasach. Jednocze\u015bnie nawi\u0105zuje si\u0119 do \"tu i teraz\". Program odbywa si\u0119 w pomieszczeniach zamkni\u0119tych i jest skierowany do dzieci w wieku przedszkolnym oraz uczni\u00f3w klas 1-6.Terminy: po<\/p>","protected":false},"author":13,"featured_media":0,"parent":380,"menu_order":0,"comment_status":"closed","ping_status":"closed","template":"","meta":[],"_links":{"self":[{"href":"https:\/\/www.lausitzer-museenland.de\/pl\/wp-json\/wp\/v2\/pages\/555"}],"collection":[{"href":"https:\/\/www.lausitzer-museenland.de\/pl\/wp-json\/wp\/v2\/pages"}],"about":[{"href":"https:\/\/www.lausitzer-museenland.de\/pl\/wp-json\/wp\/v2\/types\/page"}],"author":[{"embeddable":true,"href":"https:\/\/www.lausitzer-museenland.de\/pl\/wp-json\/wp\/v2\/users\/13"}],"replies":[{"embeddable":true,"href":"https:\/\/www.lausitzer-museenland.de\/pl\/wp-json\/wp\/v2\/comments?post=555"}],"version-history":[{"count":3,"href":"https:\/\/www.lausitzer-museenland.de\/pl\/wp-json\/wp\/v2\/pages\/555\/revisions"}],"predecessor-version":[{"id":3583,"href":"https:\/\/www.lausitzer-museenland.de\/pl\/wp-json\/wp\/v2\/pages\/555\/revisions\/3583"}],"up":[{"embeddable":true,"href":"https:\/\/www.lausitzer-museenland.de\/pl\/wp-json\/wp\/v2\/pages\/380"}],"wp:attachment":[{"href":"https:\/\/www.lausitzer-museenland.de\/pl\/wp-json\/wp\/v2\/media?parent=555"}],"curies":[{"name":"wp","href":"https:\/\/api.w.org\/{rel}","templated":true}]}}

Życie ówczesnych ludzi w "Sprucker Mühle" Guben

<p>W klasie historycznej i w "starej kuchni" Muzeum Historii Lokalnej "Sprucker Mühle" uczniowie dowiadują się i poznają, jak i w jakich warunkach odbywała się nauka i życie w dawnych czasach. Jednocześnie nawiązuje się do "tu i teraz".</p>
<p>Program odbywa się w pomieszczeniach zamkniętych i jest skierowany do dzieci w wieku przedszkolnym oraz uczniów klas 1-6.<br />
Terminy: po uzgodnieniu<br />
Rejestracja wstępna: z co najmniej 2-tygodniowym wyprzedzeniem<br />
Czas trwania: ok. 45 min.<br />
Wielkość grupy: do 25 osób<br />
Wstęp od osoby: 1,00 do 2,00 euro (przedszkola i szkoły w Guben mają wstęp wolny)<br />
Za zwiedzanie z przewodnikiem pobierana jest opłata w wysokości 20,00 EUR od grupy.</p>
<p><a title="&quot;Sprucker Mühle&quot; Guben / &quot;Sprukojski młyn&quot; Gubin" href="/museen/sprucker-muehle-guben/">Muzeum Historii Lokalnej "Sprucker Mühle</a></p>

<p>W klasie historycznej i w "starej kuchni" muzeum historii lokalnej "Sprucker Mühle" wyjaśnia się i pokazuje uczniom, jak i w jakich warunkach odbywała się nauka i życie w dawnych czasach. Jednocześnie nawiązuje się do "tu i teraz". Program odbywa się w pomieszczeniach zamkniętych i jest skierowany do dzieci w wieku przedszkolnym oraz uczniów klas 1-6.Terminy: po</p>
