{"id":557,"date":"2014-11-14T16:30:23","date_gmt":"2014-11-14T15:30:23","guid":{"rendered":"http:\/\/lausitzer-museenland.de\/?page_id=557"},"modified":"2014-12-17T16:34:56","modified_gmt":"2014-12-17T15:34:56","slug":"vom-korn-zum-mehl","status":"publish","type":"page","link":"https:\/\/www.lausitzer-museenland.de\/pl\/serwis\/kobi\/od-ziarna-do-maki\/","title":{"rendered":"Od ziarna do m\u0105ki w \"Sprucker M\u00fchle\" Guben"},"content":{"rendered":"<p>W zabytkowym m\u0142ynie wodnym Muzeum Historii Lokalnej \"Sprucker M\u00fchle\" obja\u015bnia si\u0119 i demonstruje proces mielenia zbo\u017ca (kukurydzy) na m\u0105k\u0119. Po zwiedzaniu z przewodnikiem uczniowie maj\u0105 okazj\u0119 samodzielnie zmieli\u0107 ziarna na m\u0105k\u0119 w starym m\u0142ynie tarczowym w historycznym ubraniu (praca r\u0119czna).<\/p>\n<p>Program odbywa si\u0119 w pomieszczeniach zamkni\u0119tych i jest skierowany do dzieci w wieku przedszkolnym oraz uczni\u00f3w klas 1-5.<br \/>\nTerminy: po uzgodnieniu<br \/>\nRejestracja wst\u0119pna: z co najmniej 2-tygodniowym wyprzedzeniem<br \/>\nCzas trwania: ok. 45 min.<br \/>\nWielko\u015b\u0107 grupy: od 6 do 25 os\u00f3b<br \/>\nWst\u0119p od osoby: 1,00 do 2,00 euro (przedszkola i szko\u0142y w Guben maj\u0105 wst\u0119p wolny)<br \/>\nZa zwiedzanie z przewodnikiem pobierana jest op\u0142ata w wysoko\u015bci 20,00 EUR od grupy.<\/p>\n<p><a title=\"&quot;Sprucker M\u00fchle&quot; Guben \/ &quot;Sprukojski m\u0142yn&quot; Gubin\" href=\"\/museen\/sprucker-muehle-guben\/\">Muzeum Historii Lokalnej \"Sprucker M\u00fchle<\/a><\/p>","protected":false},"excerpt":{"rendered":"<p>W zabytkowym m\u0142ynie wodnym Muzeum Historii Lokalnej \"Sprucker M\u00fchle\" wyja\u015bniane i demonstrowane jest mielenie zbo\u017ca (kukurydzy) na m\u0105k\u0119. Po oprowadzeniu uczniowie maj\u0105 mo\u017cliwo\u015b\u0107 samodzielnego zmielenia ziaren na m\u0105czk\u0119 w historycznym stroju na starym m\u0142ynie kratowym (praca r\u0119czna). Oferta odbywa si\u0119 w pomieszczeniach zamkni\u0119tych i jest skierowana do dzieci w wieku przedszkolnym, jak r\u00f3wnie\u017c<\/p>","protected":false},"author":13,"featured_media":0,"parent":380,"menu_order":0,"comment_status":"closed","ping_status":"closed","template":"","meta":[],"_links":{"self":[{"href":"https:\/\/www.lausitzer-museenland.de\/pl\/wp-json\/wp\/v2\/pages\/557"}],"collection":[{"href":"https:\/\/www.lausitzer-museenland.de\/pl\/wp-json\/wp\/v2\/pages"}],"about":[{"href":"https:\/\/www.lausitzer-museenland.de\/pl\/wp-json\/wp\/v2\/types\/page"}],"author":[{"embeddable":true,"href":"https:\/\/www.lausitzer-museenland.de\/pl\/wp-json\/wp\/v2\/users\/13"}],"replies":[{"embeddable":true,"href":"https:\/\/www.lausitzer-museenland.de\/pl\/wp-json\/wp\/v2\/comments?post=557"}],"version-history":[{"count":3,"href":"https:\/\/www.lausitzer-museenland.de\/pl\/wp-json\/wp\/v2\/pages\/557\/revisions"}],"predecessor-version":[{"id":3584,"href":"https:\/\/www.lausitzer-museenland.de\/pl\/wp-json\/wp\/v2\/pages\/557\/revisions\/3584"}],"up":[{"embeddable":true,"href":"https:\/\/www.lausitzer-museenland.de\/pl\/wp-json\/wp\/v2\/pages\/380"}],"wp:attachment":[{"href":"https:\/\/www.lausitzer-museenland.de\/pl\/wp-json\/wp\/v2\/media?parent=557"}],"curies":[{"name":"wp","href":"https:\/\/api.w.org\/{rel}","templated":true}]}}

Od ziarna do mąki w "Sprucker Mühle" Guben

<p>W zabytkowym młynie wodnym Muzeum Historii Lokalnej "Sprucker Mühle" objaśnia się i demonstruje proces mielenia zboża (kukurydzy) na mąkę. Po zwiedzaniu z przewodnikiem uczniowie mają okazję samodzielnie zmielić ziarna na mąkę w starym młynie tarczowym w historycznym ubraniu (praca ręczna).</p>
<p>Program odbywa się w pomieszczeniach zamkniętych i jest skierowany do dzieci w wieku przedszkolnym oraz uczniów klas 1-5.<br />
Terminy: po uzgodnieniu<br />
Rejestracja wstępna: z co najmniej 2-tygodniowym wyprzedzeniem<br />
Czas trwania: ok. 45 min.<br />
Wielkość grupy: od 6 do 25 osób<br />
Wstęp od osoby: 1,00 do 2,00 euro (przedszkola i szkoły w Guben mają wstęp wolny)<br />
Za zwiedzanie z przewodnikiem pobierana jest opłata w wysokości 20,00 EUR od grupy.</p>
<p><a title="&quot;Sprucker Mühle&quot; Guben / &quot;Sprukojski młyn&quot; Gubin" href="/museen/sprucker-muehle-guben/">Muzeum Historii Lokalnej "Sprucker Mühle</a></p>

<p>W zabytkowym młynie wodnym Muzeum Historii Lokalnej "Sprucker Mühle" wyjaśniane i demonstrowane jest mielenie zboża (kukurydzy) na mąkę. Po oprowadzeniu uczniowie mają możliwość samodzielnego zmielenia ziaren na mączkę w historycznym stroju na starym młynie kratowym (praca ręczna). Oferta odbywa się w pomieszczeniach zamkniętych i jest skierowana do dzieci w wieku przedszkolnym, jak również</p>
