{"id":559,"date":"2014-11-14T16:32:05","date_gmt":"2014-11-14T15:32:05","guid":{"rendered":"http:\/\/lausitzer-museenland.de\/?page_id=559"},"modified":"2014-12-17T16:35:27","modified_gmt":"2014-12-17T15:35:27","slug":"osterbraeuche","status":"publish","type":"page","link":"https:\/\/www.lausitzer-museenland.de\/pl\/serwis\/kobi\/zwyczaje-wielkanocne\/","title":{"rendered":"Tradycje wielkanocne w \"Sprucker M\u00fchle\" Guben"},"content":{"rendered":"<p>Dzieci i uczniowie poznaj\u0105 zwyczaje wielkanocne z regionu (woda wielkanocna, chleb wielkanocny, ogniska wielkanocne itp.).<\/p>\n<p>Woppeln i Waleien s\u0105 wprowadzane i wykonywane razem.<\/p>\n<p>Te materia\u0142y robocze nale\u017cy przywie\u017a\u0107 ze sob\u0105:<br \/>\nna dziecko:<\/p>\n<ul>\n<li>pi\u0119\u0107 sztuk jednocent\u00f3wek<\/li>\n<li>dwa jajka wielkanocne ugotowane na twardo<\/li>\n<\/ul>\n<p>Program odbywa si\u0119 w pomieszczeniach i na \u015bwie\u017cym powietrzu i jest skierowany do dzieci w wieku przedszkolnym oraz uczni\u00f3w klas 1-6.<br \/>\nTerminy: po uzgodnieniu<br \/>\nRejestracja wst\u0119pna: z co najmniej 2-tygodniowym wyprzedzeniem<br \/>\nCzas trwania: ok. 45-90 minut (w zale\u017cno\u015bci od wieku i wielko\u015bci grupy)<br \/>\nWielko\u015b\u0107 grupy: od 6 do 25 os\u00f3b<br \/>\nWst\u0119p od osoby: 1,00 do 2,00 euro (przedszkola i szko\u0142y w Guben maj\u0105 wst\u0119p wolny)<\/p>\n<p><a title=\"&quot;Sprucker M\u00fchle&quot; Guben \/ &quot;Sprukojski m\u0142yn&quot; Gubin\" href=\"\/museen\/sprucker-muehle-guben\/\">Muzeum Historii Lokalnej \"Sprucker M\u00fchle<\/a><\/p>","protected":false},"excerpt":{"rendered":"<p>Dzieciom i uczniom wyja\u015bniane s\u0105 zwyczaje wielkanocne z regionu (woda wielkanocna, chleb wielkanocny, ogie\u0144 wielkanocny i tym podobne). Woppeln i Waleien s\u0105 wprowadzane i przeprowadzane razem. Nale\u017cy przynie\u015b\u0107 nast\u0119puj\u0105ce materia\u0142y: na dziecko: pi\u0119\u0107 pojedynczych sztuk groszy dwie ugotowane na twardo pisanki Zaj\u0119cia odbywaj\u0105 si\u0119 w pomieszczeniach i na zewn\u0105trz i s\u0105 skierowane do dzieci w wieku przedszkolnym oraz uczni\u00f3w klas 1 i 2.<\/p>","protected":false},"author":13,"featured_media":0,"parent":380,"menu_order":0,"comment_status":"closed","ping_status":"closed","template":"","meta":[],"_links":{"self":[{"href":"https:\/\/www.lausitzer-museenland.de\/pl\/wp-json\/wp\/v2\/pages\/559"}],"collection":[{"href":"https:\/\/www.lausitzer-museenland.de\/pl\/wp-json\/wp\/v2\/pages"}],"about":[{"href":"https:\/\/www.lausitzer-museenland.de\/pl\/wp-json\/wp\/v2\/types\/page"}],"author":[{"embeddable":true,"href":"https:\/\/www.lausitzer-museenland.de\/pl\/wp-json\/wp\/v2\/users\/13"}],"replies":[{"embeddable":true,"href":"https:\/\/www.lausitzer-museenland.de\/pl\/wp-json\/wp\/v2\/comments?post=559"}],"version-history":[{"count":3,"href":"https:\/\/www.lausitzer-museenland.de\/pl\/wp-json\/wp\/v2\/pages\/559\/revisions"}],"predecessor-version":[{"id":3585,"href":"https:\/\/www.lausitzer-museenland.de\/pl\/wp-json\/wp\/v2\/pages\/559\/revisions\/3585"}],"up":[{"embeddable":true,"href":"https:\/\/www.lausitzer-museenland.de\/pl\/wp-json\/wp\/v2\/pages\/380"}],"wp:attachment":[{"href":"https:\/\/www.lausitzer-museenland.de\/pl\/wp-json\/wp\/v2\/media?parent=559"}],"curies":[{"name":"wp","href":"https:\/\/api.w.org\/{rel}","templated":true}]}}

Tradycje wielkanocne w "Sprucker Mühle" Guben

<p>Dzieci i uczniowie poznają zwyczaje wielkanocne z regionu (woda wielkanocna, chleb wielkanocny, ogniska wielkanocne itp.).</p>
<p>Woppeln i Waleien są wprowadzane i wykonywane razem.</p>
<p>Te materiały robocze należy przywieźć ze sobą:<br />
na dziecko:</p>
<ul>
<li>pięć sztuk jednocentówek</li>
<li>dwa jajka wielkanocne ugotowane na twardo</li>
</ul>
<p>Program odbywa się w pomieszczeniach i na świeżym powietrzu i jest skierowany do dzieci w wieku przedszkolnym oraz uczniów klas 1-6.<br />
Terminy: po uzgodnieniu<br />
Rejestracja wstępna: z co najmniej 2-tygodniowym wyprzedzeniem<br />
Czas trwania: ok. 45-90 minut (w zależności od wieku i wielkości grupy)<br />
Wielkość grupy: od 6 do 25 osób<br />
Wstęp od osoby: 1,00 do 2,00 euro (przedszkola i szkoły w Guben mają wstęp wolny)</p>
<p><a title="&quot;Sprucker Mühle&quot; Guben / &quot;Sprukojski młyn&quot; Gubin" href="/museen/sprucker-muehle-guben/">Muzeum Historii Lokalnej "Sprucker Mühle</a></p>

<p>Dzieciom i uczniom wyjaśniane są zwyczaje wielkanocne z regionu (woda wielkanocna, chleb wielkanocny, ogień wielkanocny i tym podobne). Woppeln i Waleien są wprowadzane i przeprowadzane razem. Należy przynieść następujące materiały: na dziecko: pięć pojedynczych sztuk groszy dwie ugotowane na twardo pisanki Zajęcia odbywają się w pomieszczeniach i na zewnątrz i są skierowane do dzieci w wieku przedszkolnym oraz uczniów klas 1 i 2.</p>
