{"id":579,"date":"2014-11-14T16:50:54","date_gmt":"2014-11-14T15:50:54","guid":{"rendered":"http:\/\/lausitzer-museenland.de\/?page_id=579"},"modified":"2014-12-17T17:07:47","modified_gmt":"2014-12-17T16:07:47","slug":"basteln-in-der-vorweihnachtszeit","status":"publish","type":"page","link":"https:\/\/www.lausitzer-museenland.de\/pl\/serwis\/kobi\/rekodzielo-w-sezonie-przedswiatecznym\/","title":{"rendered":"R\u0119kodzie\u0142o w okresie przed\u015bwi\u0105tecznym w serbo\u0142u\u017cyckiej tkalni Drebkau"},"content":{"rendered":"<p>Oczekiwanie, najpi\u0119kniejsza rado\u015b\u0107, rado\u015b\u0107 w Adwencie... Co roku w okresie Adwentu Tkalnia Serbo\u0142u\u017cycka w Drebkau oferuje r\u00f3\u017cnorodne r\u0119kodzie\u0142a bo\u017conarodzeniowe dla r\u00f3\u017cnych grup wiekowych. Bardzo osobisty prezent - w\u0142asnor\u0119cznie wykonane ozdoby adwentowe. W ramach projektu odb\u0119dzie si\u0119 zwiedzanie muzeum z przewodnikiem.<\/p>\n<p>Oferta skierowana jest do uczni\u00f3w klas od 1 do 6.<br \/>\nTerminy: po uzgodnieniu<br \/>\nRejestracja wst\u0119pna: z co najmniej 2-tygodniowym wyprzedzeniem<br \/>\nWielko\u015b\u0107 grupy: od 8 do 10 os\u00f3b<br \/>\nUdzia\u0142 w kosztach na osob\u0119: 2,50 \u20ac<\/p>\n<p><a title=\"Sorbische Webstube Drebkau \/ Serbska tkajarska \u0161pa Drjowk\" href=\"\/museen\/sorbische-webstube-drebkau\/\">Tkalnia serbo\u0142u\u017cycka Drebkau<\/a><\/p>","protected":false},"excerpt":{"rendered":"<p>Oczekiwanie, najpi\u0119kniejsza rado\u015b\u0107, rado\u015b\u0107 w Adwencie...Co roku w okresie Adwentu serbo\u0142u\u017cycka tkalnia Drebkau oferuje r\u00f3\u017cne \u015bwi\u0105teczne r\u0119kodzie\u0142a dla r\u00f3\u017cnych grup wiekowych. Bardzo osobisty prezent - samodzielnie wykonane dekoracje adwentowe. Cz\u0119\u015bci\u0105 projektu jest zwiedzanie muzeum z przewodnikiem. Oferta skierowana jest do uczni\u00f3w klas 1-6 Terminy: po uzgodnieniu Zapisy: co najmniej 2 tygodnie wcze\u015bniej Liczebno\u015b\u0107 grupy: 8<\/p>","protected":false},"author":13,"featured_media":0,"parent":380,"menu_order":0,"comment_status":"closed","ping_status":"closed","template":"","meta":[],"_links":{"self":[{"href":"https:\/\/www.lausitzer-museenland.de\/pl\/wp-json\/wp\/v2\/pages\/579"}],"collection":[{"href":"https:\/\/www.lausitzer-museenland.de\/pl\/wp-json\/wp\/v2\/pages"}],"about":[{"href":"https:\/\/www.lausitzer-museenland.de\/pl\/wp-json\/wp\/v2\/types\/page"}],"author":[{"embeddable":true,"href":"https:\/\/www.lausitzer-museenland.de\/pl\/wp-json\/wp\/v2\/users\/13"}],"replies":[{"embeddable":true,"href":"https:\/\/www.lausitzer-museenland.de\/pl\/wp-json\/wp\/v2\/comments?post=579"}],"version-history":[{"count":4,"href":"https:\/\/www.lausitzer-museenland.de\/pl\/wp-json\/wp\/v2\/pages\/579\/revisions"}],"predecessor-version":[{"id":3597,"href":"https:\/\/www.lausitzer-museenland.de\/pl\/wp-json\/wp\/v2\/pages\/579\/revisions\/3597"}],"up":[{"embeddable":true,"href":"https:\/\/www.lausitzer-museenland.de\/pl\/wp-json\/wp\/v2\/pages\/380"}],"wp:attachment":[{"href":"https:\/\/www.lausitzer-museenland.de\/pl\/wp-json\/wp\/v2\/media?parent=579"}],"curies":[{"name":"wp","href":"https:\/\/api.w.org\/{rel}","templated":true}]}}

Rękodzieło w okresie przedświątecznym w serbołużyckiej tkalni Drebkau

<p>Oczekiwanie, najpiękniejsza radość, radość w Adwencie... Co roku w okresie Adwentu Tkalnia Serbołużycka w Drebkau oferuje różnorodne rękodzieła bożonarodzeniowe dla różnych grup wiekowych. Bardzo osobisty prezent - własnoręcznie wykonane ozdoby adwentowe. W ramach projektu odbędzie się zwiedzanie muzeum z przewodnikiem.</p>
<p>Oferta skierowana jest do uczniów klas od 1 do 6.<br />
Terminy: po uzgodnieniu<br />
Rejestracja wstępna: z co najmniej 2-tygodniowym wyprzedzeniem<br />
Wielkość grupy: od 8 do 10 osób<br />
Udział w kosztach na osobę: 2,50 €</p>
<p><a title="Sorbische Webstube Drebkau / Serbska tkajarska špa Drjowk" href="/museen/sorbische-webstube-drebkau/">Tkalnia serbołużycka Drebkau</a></p>

<p>Oczekiwanie, najpiękniejsza radość, radość w Adwencie...Co roku w okresie Adwentu serbołużycka tkalnia Drebkau oferuje różne świąteczne rękodzieła dla różnych grup wiekowych. Bardzo osobisty prezent - samodzielnie wykonane dekoracje adwentowe. Częścią projektu jest zwiedzanie muzeum z przewodnikiem. Oferta skierowana jest do uczniów klas 1-6 Terminy: po uzgodnieniu Zapisy: co najmniej 2 tygodnie wcześniej Liczebność grupy: 8</p>
