{"id":587,"date":"2014-11-14T17:01:39","date_gmt":"2014-11-14T16:01:39","guid":{"rendered":"http:\/\/lausitzer-museenland.de\/?page_id=587"},"modified":"2014-12-17T17:10:05","modified_gmt":"2014-12-17T16:10:05","slug":"echten-hutprobierstation","status":"publish","type":"page","link":"https:\/\/www.lausitzer-museenland.de\/pl\/serwis\/kobi\/stacja-degustacji-prawdziwych-kapeluszy\/","title":{"rendered":"Akcja zdj\u0119ciowa na \"Stacji degustacyjnej prawdziwych kapeluszy\" w Muzeum Miasta i Przemys\u0142u w Guben"},"content":{"rendered":"<p>Po kr\u00f3tkim instrukta\u017cu uczniowie wybieraj\u0105 kapelusze i nakrycia g\u0142owy z szerokiej oferty stanowiska do przymierzania kapeluszy i pozuj\u0105 \"fotografowi amatorowi\". Zdj\u0119cia mo\u017cna zapisywa\u0107 na przyniesionym ze sob\u0105 pendrive'ie, a p\u00f3\u017aniej samodzielnie wywo\u0142ywa\u0107 lub wysy\u0142a\u0107 poczt\u0105 elektroniczn\u0105.<\/p>\n<p>Oferta odbywa si\u0119 w pomieszczeniach zamkni\u0119tych i jest skierowana do dzieci w wieku szkolnym.<br \/>\nw klasach od 1 do 10.<br \/>\nTerminy: po uzgodnieniu<br \/>\nRejestracja wst\u0119pna: co najmniej 2 dni wcze\u015bniej<br \/>\nCzas trwania: od 1 do 1,5 godziny<br \/>\nWielko\u015b\u0107 grupy: do 30 os\u00f3b<br \/>\nWst\u0119p od osoby: 1,50 \u20ac (szko\u0142y w Guben maj\u0105 wst\u0119p wolny)<\/p>\n<p><a title=\"Muzeum Miejskie i Przemys\u0142owe w Guben \/ M\u011bs\u0107a\u0144ski a industrijowy muzej Gubin\" href=\"\/museen\/stadt-und-industriemuseum-guben\/\">Muzeum Miasta i Przemys\u0142u w Guben<\/a><\/p>","protected":false},"excerpt":{"rendered":"<p>Po kr\u00f3tkim instrukta\u017cu uczniowie wybieraj\u0105 kapelusze i nakrycia g\u0142owy z bogatej oferty na stanowisku do przymierzania kapeluszy i pozuj\u0105 \"fotografowi-amatorowi\". Zdj\u0119cia mo\u017cna zapisa\u0107 na przyniesionym przez siebie pendrive'ie, kt\u00f3ry p\u00f3\u017aniej mo\u017cna samodzielnie wywo\u0142a\u0107 lub wys\u0142a\u0107 e-mailem. Oferta odbywa si\u0119 w pomieszczeniach zamkni\u0119tych i jest skierowana do uczni\u00f3w nast\u0119puj\u0105cych klas<\/p>","protected":false},"author":13,"featured_media":0,"parent":380,"menu_order":0,"comment_status":"closed","ping_status":"closed","template":"","meta":[],"_links":{"self":[{"href":"https:\/\/www.lausitzer-museenland.de\/pl\/wp-json\/wp\/v2\/pages\/587"}],"collection":[{"href":"https:\/\/www.lausitzer-museenland.de\/pl\/wp-json\/wp\/v2\/pages"}],"about":[{"href":"https:\/\/www.lausitzer-museenland.de\/pl\/wp-json\/wp\/v2\/types\/page"}],"author":[{"embeddable":true,"href":"https:\/\/www.lausitzer-museenland.de\/pl\/wp-json\/wp\/v2\/users\/13"}],"replies":[{"embeddable":true,"href":"https:\/\/www.lausitzer-museenland.de\/pl\/wp-json\/wp\/v2\/comments?post=587"}],"version-history":[{"count":3,"href":"https:\/\/www.lausitzer-museenland.de\/pl\/wp-json\/wp\/v2\/pages\/587\/revisions"}],"predecessor-version":[{"id":3601,"href":"https:\/\/www.lausitzer-museenland.de\/pl\/wp-json\/wp\/v2\/pages\/587\/revisions\/3601"}],"up":[{"embeddable":true,"href":"https:\/\/www.lausitzer-museenland.de\/pl\/wp-json\/wp\/v2\/pages\/380"}],"wp:attachment":[{"href":"https:\/\/www.lausitzer-museenland.de\/pl\/wp-json\/wp\/v2\/media?parent=587"}],"curies":[{"name":"wp","href":"https:\/\/api.w.org\/{rel}","templated":true}]}}

Akcja zdjęciowa na "Stacji degustacyjnej prawdziwych kapeluszy" w Muzeum Miasta i Przemysłu w Guben

<p>Po krótkim instruktażu uczniowie wybierają kapelusze i nakrycia głowy z szerokiej oferty stanowiska do przymierzania kapeluszy i pozują "fotografowi amatorowi". Zdjęcia można zapisywać na przyniesionym ze sobą pendrive'ie, a później samodzielnie wywoływać lub wysyłać pocztą elektroniczną.</p>
<p>Oferta odbywa się w pomieszczeniach zamkniętych i jest skierowana do dzieci w wieku szkolnym.<br />
w klasach od 1 do 10.<br />
Terminy: po uzgodnieniu<br />
Rejestracja wstępna: co najmniej 2 dni wcześniej<br />
Czas trwania: od 1 do 1,5 godziny<br />
Wielkość grupy: do 30 osób<br />
Wstęp od osoby: 1,50 € (szkoły w Guben mają wstęp wolny)</p>
<p><a title="Muzeum Miejskie i Przemysłowe w Guben / Měsćański a industrijowy muzej Gubin" href="/museen/stadt-und-industriemuseum-guben/">Muzeum Miasta i Przemysłu w Guben</a></p>

<p>Po krótkim instruktażu uczniowie wybierają kapelusze i nakrycia głowy z bogatej oferty na stanowisku do przymierzania kapeluszy i pozują "fotografowi-amatorowi". Zdjęcia można zapisać na przyniesionym przez siebie pendrive'ie, który później można samodzielnie wywołać lub wysłać e-mailem. Oferta odbywa się w pomieszczeniach zamkniętych i jest skierowana do uczniów następujących klas</p>
