{"id":652,"date":"2014-11-14T17:47:01","date_gmt":"2014-11-14T16:47:01","guid":{"rendered":"http:\/\/lausitzer-museenland.de\/?page_id=652"},"modified":"2017-04-05T13:01:58","modified_gmt":"2017-04-05T12:01:58","slug":"filzen-mit-schafwolle","status":"publish","type":"page","link":"https:\/\/www.lausitzer-museenland.de\/pl\/serwis\/kobi\/filcowanie-welna-owcza\/","title":{"rendered":"Filcowanie z we\u0142ny owczej w Brandenburskim Muzeum W\u0142\u00f3kiennictwa w Forst"},"content":{"rendered":"<p>Podczas zwiedzania warsztatu sukienniczego uczniowie dowiaduj\u0105 si\u0119, jak przetwarzana jest owcza we\u0142na. Uczniowie mog\u0105 wypr\u00f3bowa\u0107 filcowanie na mokro i na sucho oraz wykona\u0107 w\u0142asne akcesoria do domu.<\/p>\n<p>Oferta odbywa si\u0119 w pomieszczeniach zamkni\u0119tych i jest skierowana do dzieci w wieku szkolnym.<br \/>\nz klas 3-6.<br \/>\nTerminy: po uzgodnieniu<br \/>\nRejestracja wst\u0119pna: co najmniej 1 tydzie\u0144 wcze\u015bniej<br \/>\nCzas trwania: ok. 2 godz.<br \/>\nWielko\u015b\u0107 grupy: od 5 do 30 os\u00f3b<br \/>\nWst\u0119p dla jednej osoby: 3,50 \u20ac<\/p>\n<p><a title=\"Brandenburskie Muzeum W\u0142\u00f3kiennictwa Forst (\u0141u\u017cyce) \/ Bramborski tekstilny muzej Bar\u0161\u0107 (\u0141u\u017eyca)\" href=\"\/museen\/brandenburgisches-textilmuseum-forst\/\">Brandenburskie Muzeum W\u0142\u00f3kiennictwa Forst<\/a><\/p>","protected":false},"excerpt":{"rendered":"<p>Podczas zwiedzania warsztatu sukienniczego uczniowie dowiaduj\u0105 si\u0119, jak przetwarzana jest we\u0142na owcza. Uczniowie mog\u0105 spr\u00f3bowa\u0107 swoich si\u0142 w filcowaniu na mokro lub sucho i wykona\u0107 w\u0142asne akcesoria do domu. Oferta odbywa si\u0119 w pomieszczeniach zamkni\u0119tych i jest skierowana do uczni\u00f3w klas od 3 do 6. Terminy: po uzgodnieniu Zapisy wst\u0119pne: z co najmniej 1 tygodniowym wyprzedzeniem Czas trwania: ok.<\/p>","protected":false},"author":13,"featured_media":0,"parent":380,"menu_order":0,"comment_status":"closed","ping_status":"closed","template":"","meta":[],"_links":{"self":[{"href":"https:\/\/www.lausitzer-museenland.de\/pl\/wp-json\/wp\/v2\/pages\/652"}],"collection":[{"href":"https:\/\/www.lausitzer-museenland.de\/pl\/wp-json\/wp\/v2\/pages"}],"about":[{"href":"https:\/\/www.lausitzer-museenland.de\/pl\/wp-json\/wp\/v2\/types\/page"}],"author":[{"embeddable":true,"href":"https:\/\/www.lausitzer-museenland.de\/pl\/wp-json\/wp\/v2\/users\/13"}],"replies":[{"embeddable":true,"href":"https:\/\/www.lausitzer-museenland.de\/pl\/wp-json\/wp\/v2\/comments?post=652"}],"version-history":[{"count":4,"href":"https:\/\/www.lausitzer-museenland.de\/pl\/wp-json\/wp\/v2\/pages\/652\/revisions"}],"predecessor-version":[{"id":10182,"href":"https:\/\/www.lausitzer-museenland.de\/pl\/wp-json\/wp\/v2\/pages\/652\/revisions\/10182"}],"up":[{"embeddable":true,"href":"https:\/\/www.lausitzer-museenland.de\/pl\/wp-json\/wp\/v2\/pages\/380"}],"wp:attachment":[{"href":"https:\/\/www.lausitzer-museenland.de\/pl\/wp-json\/wp\/v2\/media?parent=652"}],"curies":[{"name":"wp","href":"https:\/\/api.w.org\/{rel}","templated":true}]}}

Filcowanie z wełny owczej w Brandenburskim Muzeum Włókiennictwa w Forst

<p>Podczas zwiedzania warsztatu sukienniczego uczniowie dowiadują się, jak przetwarzana jest owcza wełna. Uczniowie mogą wypróbować filcowanie na mokro i na sucho oraz wykonać własne akcesoria do domu.</p>
<p>Oferta odbywa się w pomieszczeniach zamkniętych i jest skierowana do dzieci w wieku szkolnym.<br />
z klas 3-6.<br />
Terminy: po uzgodnieniu<br />
Rejestracja wstępna: co najmniej 1 tydzień wcześniej<br />
Czas trwania: ok. 2 godz.<br />
Wielkość grupy: od 5 do 30 osób<br />
Wstęp dla jednej osoby: 3,50 €</p>
<p><a title="Brandenburskie Muzeum Włókiennictwa Forst (Łużyce) / Bramborski tekstilny muzej Baršć (Łužyca)" href="/museen/brandenburgisches-textilmuseum-forst/">Brandenburskie Muzeum Włókiennictwa Forst</a></p>

<p>Podczas zwiedzania warsztatu sukienniczego uczniowie dowiadują się, jak przetwarzana jest wełna owcza. Uczniowie mogą spróbować swoich sił w filcowaniu na mokro lub sucho i wykonać własne akcesoria do domu. Oferta odbywa się w pomieszczeniach zamkniętych i jest skierowana do uczniów klas od 3 do 6. Terminy: po uzgodnieniu Zapisy wstępne: z co najmniej 1 tygodniowym wyprzedzeniem Czas trwania: ok.</p>
