{"id":660,"date":"2014-11-14T17:50:25","date_gmt":"2014-11-14T16:50:25","guid":{"rendered":"http:\/\/lausitzer-museenland.de\/?page_id=660"},"modified":"2017-04-05T13:04:43","modified_gmt":"2017-04-05T12:04:43","slug":"industrialisierung","status":"publish","type":"page","link":"https:\/\/www.lausitzer-museenland.de\/pl\/serwis\/kobi\/industrializacja\/","title":{"rendered":"Industrializacja w brandenburskim Muzeum W\u0142\u00f3kiennictwa Forst"},"content":{"rendered":"<p>Wiele pustych fabryk i tory kolejowe \"Czarnego Julesa\" opowiadaj\u0105 o t\u0119tni\u0105cym \u017cyciem niegdy\u015b \"niemieckim Manchesterze\". Istniej\u0105 doniesienia o osobach, kt\u00f3re przyczyni\u0142y si\u0119 do rozwoju przemys\u0142owego i presti\u017cu Forst. Jakie warunki by\u0142y niezb\u0119dne do dzia\u0142ania maszyn mechanicznych? Jaki jest zwi\u0105zek mi\u0119dzy rozwojem przemys\u0142u w Forst a warunkami \u017cycia pracownik\u00f3w i pracodawc\u00f3w? Jak dzi\u015b wytwarza si\u0119 prz\u0119dz\u0119 i tkaniny? Wsp\u00f3lnie zg\u0142\u0119bimy wiele pyta\u0144 i znajdziemy odpowiedzi.<\/p>\n<p>Dzia\u0142anie: Praca z filmami wideo, starymi ksi\u0105\u017ckami adresowymi i kronikami, zapisywanie danych technicznych maszyn w warsztacie pokazowym sukiennika i zwiedzanie miasta<\/p>\n<p>Oferta odbywa si\u0119 w pomieszczeniach i na zewn\u0105trz i jest skierowana do dzieci w wieku szkolnym.<br \/>\nz klas 8-10.<br \/>\nTerminy: po uzgodnieniu<br \/>\nRejestracja wst\u0119pna: co najmniej 1 tydzie\u0144 wcze\u015bniej<br \/>\nCzas trwania: ok. 3 godz.<br \/>\nWielko\u015b\u0107 grupy: od 5 do 30 os\u00f3b<br \/>\nWst\u0119p dla jednej osoby: 3,50 \u20ac<\/p>\n<p><a title=\"Brandenburskie Muzeum W\u0142\u00f3kiennictwa Forst (\u0141u\u017cyce) \/ Bramborski tekstilny muzej Bar\u0161\u0107 (\u0141u\u017eyca)\" href=\"\/museen\/brandenburgisches-textilmuseum-forst\/\">Brandenburskie Muzeum W\u0142\u00f3kiennictwa Forst<\/a><\/p>","protected":false},"excerpt":{"rendered":"<p>Wiele pustych fabryk i tory kolejowe \"Black Jules\" opowiadaj\u0105 o t\u0119tni\u0105cym niegdy\u015b \u017cyciem \"niemieckim Manchesterze\". Istniej\u0105 relacje o osobisto\u015bciach, kt\u00f3re pomog\u0142y Forstowi w przemys\u0142owym rozwoju i presti\u017cu. Jakie warunki by\u0142y niezb\u0119dne do dzia\u0142ania maszyn mechanicznych? Jaki jest zwi\u0105zek mi\u0119dzy rozwojem przemys\u0142u w Forst a warunkami \u017cycia robotnik\u00f3w?<\/p>","protected":false},"author":13,"featured_media":0,"parent":380,"menu_order":0,"comment_status":"closed","ping_status":"closed","template":"","meta":[],"_links":{"self":[{"href":"https:\/\/www.lausitzer-museenland.de\/pl\/wp-json\/wp\/v2\/pages\/660"}],"collection":[{"href":"https:\/\/www.lausitzer-museenland.de\/pl\/wp-json\/wp\/v2\/pages"}],"about":[{"href":"https:\/\/www.lausitzer-museenland.de\/pl\/wp-json\/wp\/v2\/types\/page"}],"author":[{"embeddable":true,"href":"https:\/\/www.lausitzer-museenland.de\/pl\/wp-json\/wp\/v2\/users\/13"}],"replies":[{"embeddable":true,"href":"https:\/\/www.lausitzer-museenland.de\/pl\/wp-json\/wp\/v2\/comments?post=660"}],"version-history":[{"count":4,"href":"https:\/\/www.lausitzer-museenland.de\/pl\/wp-json\/wp\/v2\/pages\/660\/revisions"}],"predecessor-version":[{"id":10512,"href":"https:\/\/www.lausitzer-museenland.de\/pl\/wp-json\/wp\/v2\/pages\/660\/revisions\/10512"}],"up":[{"embeddable":true,"href":"https:\/\/www.lausitzer-museenland.de\/pl\/wp-json\/wp\/v2\/pages\/380"}],"wp:attachment":[{"href":"https:\/\/www.lausitzer-museenland.de\/pl\/wp-json\/wp\/v2\/media?parent=660"}],"curies":[{"name":"wp","href":"https:\/\/api.w.org\/{rel}","templated":true}]}}

Industrializacja w brandenburskim Muzeum Włókiennictwa Forst

<p>Wiele pustych fabryk i tory kolejowe "Czarnego Julesa" opowiadają o tętniącym życiem niegdyś "niemieckim Manchesterze". Istnieją doniesienia o osobach, które przyczyniły się do rozwoju przemysłowego i prestiżu Forst. Jakie warunki były niezbędne do działania maszyn mechanicznych? Jaki jest związek między rozwojem przemysłu w Forst a warunkami życia pracowników i pracodawców? Jak dziś wytwarza się przędzę i tkaniny? Wspólnie zgłębimy wiele pytań i znajdziemy odpowiedzi.</p>
<p>Działanie: Praca z filmami wideo, starymi książkami adresowymi i kronikami, zapisywanie danych technicznych maszyn w warsztacie pokazowym sukiennika i zwiedzanie miasta</p>
<p>Oferta odbywa się w pomieszczeniach i na zewnątrz i jest skierowana do dzieci w wieku szkolnym.<br />
z klas 8-10.<br />
Terminy: po uzgodnieniu<br />
Rejestracja wstępna: co najmniej 1 tydzień wcześniej<br />
Czas trwania: ok. 3 godz.<br />
Wielkość grupy: od 5 do 30 osób<br />
Wstęp dla jednej osoby: 3,50 €</p>
<p><a title="Brandenburskie Muzeum Włókiennictwa Forst (Łużyce) / Bramborski tekstilny muzej Baršć (Łužyca)" href="/museen/brandenburgisches-textilmuseum-forst/">Brandenburskie Muzeum Włókiennictwa Forst</a></p>

<p>Wiele pustych fabryk i tory kolejowe "Black Jules" opowiadają o tętniącym niegdyś życiem "niemieckim Manchesterze". Istnieją relacje o osobistościach, które pomogły Forstowi w przemysłowym rozwoju i prestiżu. Jakie warunki były niezbędne do działania maszyn mechanicznych? Jaki jest związek między rozwojem przemysłu w Forst a warunkami życia robotników?</p>
