{"id":663,"date":"2014-11-14T17:51:43","date_gmt":"2014-11-14T16:51:43","guid":{"rendered":"http:\/\/lausitzer-museenland.de\/?page_id=663"},"modified":"2017-04-05T13:05:23","modified_gmt":"2017-04-05T12:05:23","slug":"raubritter-nickel-von-rothe","status":"publish","type":"page","link":"https:\/\/www.lausitzer-museenland.de\/pl\/serwis\/kobi\/robber-knight-nickel-von-rothe\/","title":{"rendered":"Zb\u00f3jnik baron Nickel von Rothe - w Brandenburskim Muzeum W\u0142\u00f3kiennictwa w Forst"},"content":{"rendered":"<p>Nickel von Rothe, rycerz dla biednych ch\u0142op\u00f3w? Czy mo\u017ce baron rozb\u00f3jniczy, kt\u00f3ry by\u0142 prze\u015bladowany i wypad\u0142 z interesu? Pod koniec \u015bredniowiecza w M\u00fcckenhain ko\u0142o Forst mieszka\u0142 legendarny Nickel von Rothe, kt\u00f3ry sia\u0142 spustoszenie w okolicy. Zainteresowani zwiedzaj\u0105cy mog\u0105 zobaczy\u0107 i us\u0142ysze\u0107 t\u0119 histori\u0119 w muzeum.<\/p>\n<p>Zaj\u0119cia: Pokaz slajd\u00f3w z sag\u0105 historyczn\u0105, rycerze wykonuj\u0105cy skoki na skakance<\/p>\n<p>Oferta odbywa si\u0119 w pomieszczeniach zamkni\u0119tych i jest skierowana do dzieci w wieku szkolnym.<br \/>\nz klas 1-3.<br \/>\nTerminy: po uzgodnieniu<br \/>\nRejestracja wst\u0119pna: co najmniej 1 tydzie\u0144 wcze\u015bniej<br \/>\nCzas trwania: ok. 1,5 godz.<br \/>\nWielko\u015b\u0107 grupy: od 5 do 30 os\u00f3b<br \/>\nWst\u0119p dla jednej osoby: 3,50 \u20ac<\/p>\n<p><a title=\"Brandenburskie Muzeum W\u0142\u00f3kiennictwa Forst (\u0141u\u017cyce) \/ Bramborski tekstilny muzej Bar\u0161\u0107 (\u0141u\u017eyca)\" href=\"\/museen\/brandenburgisches-textilmuseum-forst\/\">Brandenburskie Muzeum W\u0142\u00f3kiennictwa Forst<\/a><\/p>","protected":false},"excerpt":{"rendered":"<p>Nickel von Rothe - rycerz dla biednych ch\u0142op\u00f3w? Albo baron rozb\u00f3jniczy, kt\u00f3ry by\u0142 prze\u015bladowany i wyrzucony z interesu? Legendarny Nickel von Rothe mieszka\u0142 pod koniec \u015bredniowiecza w M\u00fcckenhain ko\u0142o Forst i sia\u0142 spustoszenie w okolicy. Zainteresowani zwiedzaj\u0105cy mog\u0105 zobaczy\u0107 i us\u0142ysze\u0107 t\u0119 histori\u0119 w muzeum. \u0106wiczenie: Prezentacja slajd\u00f3w o tematyce historycznej<\/p>","protected":false},"author":13,"featured_media":0,"parent":380,"menu_order":0,"comment_status":"closed","ping_status":"closed","template":"","meta":[],"_links":{"self":[{"href":"https:\/\/www.lausitzer-museenland.de\/pl\/wp-json\/wp\/v2\/pages\/663"}],"collection":[{"href":"https:\/\/www.lausitzer-museenland.de\/pl\/wp-json\/wp\/v2\/pages"}],"about":[{"href":"https:\/\/www.lausitzer-museenland.de\/pl\/wp-json\/wp\/v2\/types\/page"}],"author":[{"embeddable":true,"href":"https:\/\/www.lausitzer-museenland.de\/pl\/wp-json\/wp\/v2\/users\/13"}],"replies":[{"embeddable":true,"href":"https:\/\/www.lausitzer-museenland.de\/pl\/wp-json\/wp\/v2\/comments?post=663"}],"version-history":[{"count":4,"href":"https:\/\/www.lausitzer-museenland.de\/pl\/wp-json\/wp\/v2\/pages\/663\/revisions"}],"predecessor-version":[{"id":10677,"href":"https:\/\/www.lausitzer-museenland.de\/pl\/wp-json\/wp\/v2\/pages\/663\/revisions\/10677"}],"up":[{"embeddable":true,"href":"https:\/\/www.lausitzer-museenland.de\/pl\/wp-json\/wp\/v2\/pages\/380"}],"wp:attachment":[{"href":"https:\/\/www.lausitzer-museenland.de\/pl\/wp-json\/wp\/v2\/media?parent=663"}],"curies":[{"name":"wp","href":"https:\/\/api.w.org\/{rel}","templated":true}]}}

Zbójnik baron Nickel von Rothe - w Brandenburskim Muzeum Włókiennictwa w Forst

<p>Nickel von Rothe, rycerz dla biednych chłopów? Czy może baron rozbójniczy, który był prześladowany i wypadł z interesu? Pod koniec średniowiecza w Mückenhain koło Forst mieszkał legendarny Nickel von Rothe, który siał spustoszenie w okolicy. Zainteresowani zwiedzający mogą zobaczyć i usłyszeć tę historię w muzeum.</p>
<p>Zajęcia: Pokaz slajdów z sagą historyczną, rycerze wykonujący skoki na skakance</p>
<p>Oferta odbywa się w pomieszczeniach zamkniętych i jest skierowana do dzieci w wieku szkolnym.<br />
z klas 1-3.<br />
Terminy: po uzgodnieniu<br />
Rejestracja wstępna: co najmniej 1 tydzień wcześniej<br />
Czas trwania: ok. 1,5 godz.<br />
Wielkość grupy: od 5 do 30 osób<br />
Wstęp dla jednej osoby: 3,50 €</p>
<p><a title="Brandenburskie Muzeum Włókiennictwa Forst (Łużyce) / Bramborski tekstilny muzej Baršć (Łužyca)" href="/museen/brandenburgisches-textilmuseum-forst/">Brandenburskie Muzeum Włókiennictwa Forst</a></p>

<p>Nickel von Rothe - rycerz dla biednych chłopów? Albo baron rozbójniczy, który był prześladowany i wyrzucony z interesu? Legendarny Nickel von Rothe mieszkał pod koniec średniowiecza w Mückenhain koło Forst i siał spustoszenie w okolicy. Zainteresowani zwiedzający mogą zobaczyć i usłyszeć tę historię w muzeum. Ćwiczenie: Prezentacja slajdów o tematyce historycznej</p>
