{"id":682,"date":"2014-11-14T18:00:39","date_gmt":"2014-11-14T17:00:39","guid":{"rendered":"http:\/\/lausitzer-museenland.de\/?page_id=682"},"modified":"2014-12-17T17:55:25","modified_gmt":"2014-12-17T16:55:25","slug":"spaziergang-durch-mittelalter","status":"publish","type":"page","link":"https:\/\/www.lausitzer-museenland.de\/pl\/serwis\/kobi\/walk-through-the-middle-ages\/","title":{"rendered":"Spacer przez \u015bredniowiecze w Centrum Archeologicznym w Welzow"},"content":{"rendered":"<p>Zwiedzaj\u0105cy poznaj\u0105 Centrum Archeotechniczne z jego ekspozycj\u0105 i ogrodem epok. Po zapoznaniu si\u0119 z archeologi\u0105 \u015bredniowiecza z walizk\u0105 Centrum pe\u0142n\u0105 narz\u0119dzi i sprz\u0119t\u00f3w z epoki \u015bredniowiecza, wystawa Cz\u0142owiek - drewno - archeologia pod\u0105\u017ca \u015bladami \u015bredniowiecznego osadnictwa na Dolnych \u0141u\u017cycach. W ogrodzie epokowym wypr\u00f3bowuje si\u0119 \u015bredniowieczne techniki rzemie\u015blnicze i rozpala ogniska za pomoc\u0105 krzemienia i d\u0142uta. Po zwiedzeniu prawdziwych \u015bredniowiecznych znalezisk w instalacji plenerowej Klein G\u00f6rigk dzie\u0144 projektu ko\u0144czy si\u0119 zabawami i obfitym posi\u0142kiem ze \u015bredniowiecznego garnka oraz domowym chlebem upieczonym w glinianym piecu.<\/p>\n<p>Oferta odbywa si\u0119 na \u015bwie\u017cym powietrzu i jest skierowana do uczni\u00f3w szk\u00f3\u0142<br \/>\nKlasy od 1 do 10.<br \/>\nTerminy: po uzgodnieniu<br \/>\nRejestracja wst\u0119pna: z co najmniej 2-tygodniowym wyprzedzeniem, rejestracja wst\u0119pna jest absolutnie konieczna!<br \/>\nCzas trwania: co najmniej 4 godziny (i d\u0142u\u017cej)<br \/>\nWielko\u015b\u0107 grupy: od 10 do 25 os\u00f3b<br \/>\nWst\u0119p dla jednej osoby: 10,00 EUR<\/p>\n<p>Do dokumentacji mo\u017cna przynie\u015b\u0107 aparaty fotograficzne lub telefony kom\u00f3rkowe.<\/p>\n<p><a title=\"Centrum Archeotechniczne w Welzow\" href=\"\/museen\/archaeotechnisches-zentrum-welzow\/\">Centrum Archeotechniczne w Welzow<\/a><\/p>","protected":false},"excerpt":{"rendered":"<p>Zwiedzaj\u0105cy poznaj\u0105 Centrum Archeotechniczne z jego ekspozycj\u0105 i ogrodem epokowym. Po wprowadzeniu do archeologii \u015bredniowiecza z walizk\u0105 o\u015brodka pe\u0142n\u0105 narz\u0119dzi i sprz\u0119t\u00f3w z okresu \u015bredniowiecza, zwiedzanie kontynuowane jest przez wystaw\u0119 Cz\u0142owiek - Drewno - Archeologia na \u015bladach \u015bredniowiecznego osadnictwa Dolnych \u0141u\u017cyc. W epoce ogrodu techniki rzemie\u015blnicze \u015bredniowiecza to.<\/p>","protected":false},"author":13,"featured_media":0,"parent":380,"menu_order":0,"comment_status":"closed","ping_status":"closed","template":"","meta":[],"_links":{"self":[{"href":"https:\/\/www.lausitzer-museenland.de\/pl\/wp-json\/wp\/v2\/pages\/682"}],"collection":[{"href":"https:\/\/www.lausitzer-museenland.de\/pl\/wp-json\/wp\/v2\/pages"}],"about":[{"href":"https:\/\/www.lausitzer-museenland.de\/pl\/wp-json\/wp\/v2\/types\/page"}],"author":[{"embeddable":true,"href":"https:\/\/www.lausitzer-museenland.de\/pl\/wp-json\/wp\/v2\/users\/13"}],"replies":[{"embeddable":true,"href":"https:\/\/www.lausitzer-museenland.de\/pl\/wp-json\/wp\/v2\/comments?post=682"}],"version-history":[{"count":5,"href":"https:\/\/www.lausitzer-museenland.de\/pl\/wp-json\/wp\/v2\/pages\/682\/revisions"}],"predecessor-version":[{"id":3662,"href":"https:\/\/www.lausitzer-museenland.de\/pl\/wp-json\/wp\/v2\/pages\/682\/revisions\/3662"}],"up":[{"embeddable":true,"href":"https:\/\/www.lausitzer-museenland.de\/pl\/wp-json\/wp\/v2\/pages\/380"}],"wp:attachment":[{"href":"https:\/\/www.lausitzer-museenland.de\/pl\/wp-json\/wp\/v2\/media?parent=682"}],"curies":[{"name":"wp","href":"https:\/\/api.w.org\/{rel}","templated":true}]}}

Spacer przez średniowiecze w Centrum Archeologicznym w Welzow

<p>Zwiedzający poznają Centrum Archeotechniczne z jego ekspozycją i ogrodem epok. Po zapoznaniu się z archeologią średniowiecza z walizką Centrum pełną narzędzi i sprzętów z epoki średniowiecza, wystawa Człowiek - drewno - archeologia podąża śladami średniowiecznego osadnictwa na Dolnych Łużycach. W ogrodzie epokowym wypróbowuje się średniowieczne techniki rzemieślnicze i rozpala ogniska za pomocą krzemienia i dłuta. Po zwiedzeniu prawdziwych średniowiecznych znalezisk w instalacji plenerowej Klein Görigk dzień projektu kończy się zabawami i obfitym posiłkiem ze średniowiecznego garnka oraz domowym chlebem upieczonym w glinianym piecu.</p>
<p>Oferta odbywa się na świeżym powietrzu i jest skierowana do uczniów szkół<br />
Klasy od 1 do 10.<br />
Terminy: po uzgodnieniu<br />
Rejestracja wstępna: z co najmniej 2-tygodniowym wyprzedzeniem, rejestracja wstępna jest absolutnie konieczna!<br />
Czas trwania: co najmniej 4 godziny (i dłużej)<br />
Wielkość grupy: od 10 do 25 osób<br />
Wstęp dla jednej osoby: 10,00 EUR</p>
<p>Do dokumentacji można przynieść aparaty fotograficzne lub telefony komórkowe.</p>
<p><a title="Centrum Archeotechniczne w Welzow" href="/museen/archaeotechnisches-zentrum-welzow/">Centrum Archeotechniczne w Welzow</a></p>

<p>Zwiedzający poznają Centrum Archeotechniczne z jego ekspozycją i ogrodem epokowym. Po wprowadzeniu do archeologii średniowiecza z walizką ośrodka pełną narzędzi i sprzętów z okresu średniowiecza, zwiedzanie kontynuowane jest przez wystawę Człowiek - Drewno - Archeologia na śladach średniowiecznego osadnictwa Dolnych Łużyc. W epoce ogrodu techniki rzemieślnicze średniowiecza to.</p>
